{"id":35514,"date":"2022-10-24T16:29:23","date_gmt":"2022-10-24T20:29:23","guid":{"rendered":"https:\/\/nouveau.maisonmallet.com\/?post_type=event&#038;p=35514"},"modified":"2022-10-25T16:33:28","modified_gmt":"2022-10-25T20:33:28","slug":"pilot-sylvie","status":"publish","type":"event","link":"https:\/\/nouveau.maisonmallet.com\/back05_01\/?event=pilot-sylvie","title":{"rendered":"PILOT, Sylvie"},"content":{"rendered":"<p>1962 &#8211; 2022<\/p>\n<p>PILOT, Sylvie<\/p>\n<p>&nbsp;<\/p>\n<p>\u00c0 Sept-\u00celes (maison \u00c9lyme des Sables), le 23 octobre 2022, est d\u00e9c\u00e9d\u00e9e \u00e0 l\u2019\u00e2ge de 60 ans madame Sylvie Pilot fille de monsieur Vincent Pilot et de feu Anne-Marie Fontaine domicili\u00e9e \u00e0 Sept-\u00celes.<\/p>\n<p>Les fun\u00e9railles de madame Sylvie Pilot auront lieu le samedi 29 octobre 2022 \u00e0 10 h en l\u2019\u00e9glise Kateri Tekakwitha, situ\u00e9e au 1035, rue Dequen \u00e0 Uashat et de l\u00e0 au Cimeti\u00e8re de Uashat.<\/p>\n<p>La famille re\u00e7oit parents et amis le jeudi 27 octobre 2022 de 19 h \u00e0 22 h. Le vendredi 28 octobre 2022 de 13 h \u00e0 16 h et de 19 h \u00e0 22 h. Le samedi 29 octobre 2022 jour des fun\u00e9railles \u00e0 compter de 8 h 30 au Complexe Thanatologique Mallet &amp; fils du 585, boul. Laure \u00e0 Sept-\u00celes.<\/p>\n<p>Elle laisse dans le deuil sa fille Corinne, ses petits-enfants\u00a0: Joshua, Ana\u00eblle, Yacob, Audrina, Gr\u00e9goire, Isaac et La\u00efa, son p\u00e8re monsieur Vincent Pilot (feu Anne-Marie Fontaine), ses fr\u00e8res\u00a0: Steeve (Line Picard) et Jean-Yves (Karine R\u00e9gis), sa s\u0153ur Fran\u00e7oise ainsi que ses neveux, ses ni\u00e8ces, ses oncles, ses tantes, ses cousins, ses cousines et de nombreux ami(e)s.<\/p>\n<p>La famille a confi\u00e9 la direction des fun\u00e9railles aux services professionnels de la Maison Mallet &amp; fils du 585, boul. Laure \u00e0 Sept-\u00celes, maintenant reconnue Distinction et membre de la Corporation des Thanatologues du Qu\u00e9bec.<\/p>\n<p>Vous pouvez consulter cet avis de d\u00e9c\u00e8s, sur le <a href=\"https:\/\/nouveau.maisonmallet.com\/back05_01\">www.maisonmallet.com<\/a><\/p>\n<p>Ceux et celles qui le d\u00e9sirent, peuvent y envoyer des messages de sympathie.<\/p>\n<p>&nbsp;<\/p>\n<hr \/>\n<p>Envoyer vos condol\u00e9ances<\/p>\n<p>[contact-form to=\u00a0\u00bbcpilot@outlook.fr\u00a0\u00bb subject=\u00a0\u00bbCondol\u00e9ances Sylvie Pilot\u00a0\u00bb][contact-field label=\u00a0\u00bbVotre nom\u00a0\u00bb type=\u00a0\u00bbname\u00a0\u00bb required=\u00a0\u00bb1&Prime;][contact-field label=\u00a0\u00bbVotre courriel\u00a0\u00bb type=\u00a0\u00bbemail\u00a0\u00bb required=\u00a0\u00bb1&Prime;][contact-field label=\u00a0\u00bbCondol\u00e9ances\u00a0\u00bb type=\u00a0\u00bbtextarea\u00a0\u00bb][\/contact-form]<\/p>\n","protected":false},"featured_media":35522,"template":"","event_cat":[6],"class_list":["post-35514","event","type-event","status-publish","has-post-thumbnail","hentry","event_cat-maison-mallet-et-fils-inc"],"_links":{"self":[{"href":"https:\/\/nouveau.maisonmallet.com\/back05_01\/index.php?rest_route=\/wp\/v2\/event\/35514","targetHints":{"allow":["GET"]}}],"collection":[{"href":"https:\/\/nouveau.maisonmallet.com\/back05_01\/index.php?rest_route=\/wp\/v2\/event"}],"about":[{"href":"https:\/\/nouveau.maisonmallet.com\/back05_01\/index.php?rest_route=\/wp\/v2\/types\/event"}],"wp:featuredmedia":[{"embeddable":true,"href":"https:\/\/nouveau.maisonmallet.com\/back05_01\/index.php?rest_route=\/wp\/v2\/media\/35522"}],"wp:attachment":[{"href":"https:\/\/nouveau.maisonmallet.com\/back05_01\/index.php?rest_route=%2Fwp%2Fv2%2Fmedia&parent=35514"}],"wp:term":[{"taxonomy":"event_cat","embeddable":true,"href":"https:\/\/nouveau.maisonmallet.com\/back05_01\/index.php?rest_route=%2Fwp%2Fv2%2Fevent_cat&post=35514"}],"curies":[{"name":"wp","href":"https:\/\/api.w.org\/{rel}","templated":true}]}}

<p>1962 &#8211; 2022</p>
<p>PILOT, Sylvie</p>
<p>&nbsp;</p>
<p>À Sept-Îles (maison Élyme des Sables), le 23 octobre 2022, est décédée à l’âge de 60 ans madame Sylvie Pilot fille de monsieur Vincent Pilot et de feu Anne-Marie Fontaine domiciliée à Sept-Îles.</p>
<p>Les funérailles de madame Sylvie Pilot auront lieu le samedi 29 octobre 2022 à 10 h en l’église Kateri Tekakwitha, située au 1035, rue Dequen à Uashat et de là au Cimetière de Uashat.</p>
<p>La famille reçoit parents et amis le jeudi 27 octobre 2022 de 19 h à 22 h. Le vendredi 28 octobre 2022 de 13 h à 16 h et de 19 h à 22 h. Le samedi 29 octobre 2022 jour des funérailles à compter de 8 h 30 au Complexe Thanatologique Mallet &amp; fils du 585, boul. Laure à Sept-Îles.</p>
<p>Elle laisse dans le deuil sa fille Corinne, ses petits-enfants : Joshua, Anaëlle, Yacob, Audrina, Grégoire, Isaac et Laïa, son père monsieur Vincent Pilot (feu Anne-Marie Fontaine), ses frères : Steeve (Line Picard) et Jean-Yves (Karine Régis), sa sœur Françoise ainsi que ses neveux, ses nièces, ses oncles, ses tantes, ses cousins, ses cousines et de nombreux ami(e)s.</p>
<p>La famille a confié la direction des funérailles aux services professionnels de la Maison Mallet &amp; fils du 585, boul. Laure à Sept-Îles, maintenant reconnue Distinction et membre de la Corporation des Thanatologues du Québec.</p>
<p>Vous pouvez consulter cet avis de décès, sur le <a href="https://nouveau.maisonmallet.com/back05_01">www.maisonmallet.com</a></p>
<p>Ceux et celles qui le désirent, peuvent y envoyer des messages de sympathie.</p>
<p>&nbsp;</p>
<hr />
<p>Envoyer vos condoléances</p>
<p>[contact-form to= »cpilot@outlook.fr » subject= »Condoléances Sylvie Pilot »][contact-field label= »Votre nom » type= »name » required= »1&Prime;][contact-field label= »Votre courriel » type= »email » required= »1&Prime;][contact-field label= »Condoléances » type= »textarea »][/contact-form]</p>
