{"id":35535,"date":"2022-10-26T17:31:09","date_gmt":"2022-10-26T21:31:09","guid":{"rendered":"https:\/\/nouveau.maisonmallet.com\/?post_type=event&#038;p=35535"},"modified":"2022-10-26T17:31:09","modified_gmt":"2022-10-26T21:31:09","slug":"commemoration-des-fideles-defunts","status":"publish","type":"event","link":"https:\/\/nouveau.maisonmallet.com\/back05_01\/?event=commemoration-des-fideles-defunts","title":{"rendered":"COMM\u00c9MORATION DES FID\u00c8LES D\u00c9FUNTS"},"content":{"rendered":"<p><strong>COMM\u00c9MORATION DE TOUS LES FID\u00c8LES D\u00c9FUNTS<\/strong><\/p>\n<p><strong>\u00a0 \u00a0 \u00a0 \u00a0 \u00a0 \u00a0 \u00a0 \u00a0 \u00a0 \u00a0 \u00a0 \u00a0 \u00a0 \u00a0 \u00a0 \u00a0 \u00a0 \u00a0 \u00a0 \u00a0 \u00a0 \u00a0(PAROISSE L\u2019ANGE-GARDIEN)<\/strong><\/p>\n<p><strong>\u00a0<\/strong><\/p>\n<p>Le Complexe Thanatologique Mallet &amp; fils vous invite \u00e0 la c\u00e9l\u00e9bration en m\u00e9moire des membres de votre famille ou de vos amis d\u00e9c\u00e9d\u00e9s dans l&rsquo;ann\u00e9e 2021 \/ 2022.<\/p>\n<p><em>\u00a0<\/em>Le mercredi 2 novembre 2022, \u00e0 19 h \u00e0 l\u2019\u00e9glise St-Joseph situ\u00e9e au 535, ave. Brochu \u00e0 Sept-\u00celes.<\/p>\n<p><strong><em>\u00a0<\/em><\/strong>Les familles qui ont perdu un \u00eatre cher dans les communaut\u00e9s chr\u00e9tiennes sont invit\u00e9es \u00e0 partager ce temps de pri\u00e8re.<\/p>\n<p>Bienvenue \u00e0 tous<\/p>\n<p>&nbsp;<\/p>\n<hr \/>\n<p>Envoyer vos condol\u00e9ances<\/p>\n<p>[contact-form to=\u00a0\u00bbmarc@maisonmallet.com\u00a0\u00bb subject=\u00a0\u00bbCondol\u00e9ances\u00a0\u00bb][contact-field label=\u00a0\u00bbVotre nom\u00a0\u00bb type=\u00a0\u00bbname\u00a0\u00bb required=\u00a0\u00bb1&Prime;][contact-field label=\u00a0\u00bbVotre courriel\u00a0\u00bb type=\u00a0\u00bbemail\u00a0\u00bb required=\u00a0\u00bb1&Prime;][contact-field label=\u00a0\u00bbCondol\u00e9ances\u00a0\u00bb type=\u00a0\u00bbtextarea\u00a0\u00bb][\/contact-form]<\/p>\n","protected":false},"featured_media":35559,"template":"","event_cat":[6],"class_list":["post-35535","event","type-event","status-publish","has-post-thumbnail","hentry","event_cat-maison-mallet-et-fils-inc"],"_links":{"self":[{"href":"https:\/\/nouveau.maisonmallet.com\/back05_01\/index.php?rest_route=\/wp\/v2\/event\/35535","targetHints":{"allow":["GET"]}}],"collection":[{"href":"https:\/\/nouveau.maisonmallet.com\/back05_01\/index.php?rest_route=\/wp\/v2\/event"}],"about":[{"href":"https:\/\/nouveau.maisonmallet.com\/back05_01\/index.php?rest_route=\/wp\/v2\/types\/event"}],"wp:featuredmedia":[{"embeddable":true,"href":"https:\/\/nouveau.maisonmallet.com\/back05_01\/index.php?rest_route=\/wp\/v2\/media\/35559"}],"wp:attachment":[{"href":"https:\/\/nouveau.maisonmallet.com\/back05_01\/index.php?rest_route=%2Fwp%2Fv2%2Fmedia&parent=35535"}],"wp:term":[{"taxonomy":"event_cat","embeddable":true,"href":"https:\/\/nouveau.maisonmallet.com\/back05_01\/index.php?rest_route=%2Fwp%2Fv2%2Fevent_cat&post=35535"}],"curies":[{"name":"wp","href":"https:\/\/api.w.org\/{rel}","templated":true}]}}

COMMÉMORATION DES FIDÈLES DÉFUNTS

<p><strong>COMMÉMORATION DE TOUS LES FIDÈLES DÉFUNTS</strong></p>
<p><strong>                                           (PAROISSE L’ANGE-GARDIEN)</strong></p>
<p><strong> </strong></p>
<p>Le Complexe Thanatologique Mallet &amp; fils vous invite à la célébration en mémoire des membres de votre famille ou de vos amis décédés dans l&rsquo;année 2021 / 2022.</p>
<p><em> </em>Le mercredi 2 novembre 2022, à 19 h à l’église St-Joseph située au 535, ave. Brochu à Sept-Îles.</p>
<p><strong><em> </em></strong>Les familles qui ont perdu un être cher dans les communautés chrétiennes sont invitées à partager ce temps de prière.</p>
<p>Bienvenue à tous</p>
<p>&nbsp;</p>
<hr />
<p>Envoyer vos condoléances</p>
<p>[contact-form to= »marc@maisonmallet.com » subject= »Condoléances »][contact-field label= »Votre nom » type= »name » required= »1&Prime;][contact-field label= »Votre courriel » type= »email » required= »1&Prime;][contact-field label= »Condoléances » type= »textarea »][/contact-form]</p>
