{"id":35651,"date":"2022-11-08T08:29:50","date_gmt":"2022-11-08T13:29:50","guid":{"rendered":"https:\/\/nouveau.maisonmallet.com\/?post_type=event&#038;p=35651"},"modified":"2022-11-09T08:34:59","modified_gmt":"2022-11-09T13:34:59","slug":"poulin-anne-marie","status":"publish","type":"event","link":"https:\/\/nouveau.maisonmallet.com\/back05_01\/?event=poulin-anne-marie","title":{"rendered":"POULIN, Anne-Marie"},"content":{"rendered":"<p>La Maison L.J.G. Mallet a le regret de vous annoncer le d\u00e9c\u00e8s de<\/p>\n<p>Anne-Marie Poulin<\/p>\n<p>1937 &#8211; 2022<\/p>\n<p>&nbsp;<\/p>\n<p>\u00c0 Sept-\u00celes (maison \u00c9lyme des Sables), le 30 octobre 2022, est d\u00e9c\u00e9d\u00e9e \u00e0 l\u2019\u00e2ge de 85 ans, madame Anne-Marie Poulin \u00e9pouse en premi\u00e8res noces de feu Armand Dresdell en secondes noces de feu Julien Duguay domicili\u00e9e \u00e0 Sept-\u00celes autrefois de Port-Menier.<\/p>\n<p>Les fun\u00e9railles de madame Anne-Marie Poulin auront lieu \u00e0 une date ult\u00e9rieure en l\u2019\u00c9glise Notre-Dame de l\u2019Assomption situ\u00e9e \u00e0 Port-Menier et de l\u00e0 au cimeti\u00e8re de Port-Menier.<\/p>\n<p>Selon ses volont\u00e9s, elle a \u00e9t\u00e9 confi\u00e9e au cr\u00e9matorium de la Maison L.J.G. Mallet pour cr\u00e9mation.<\/p>\n<p>Elle laisse dans le deuil ses fils : Andr\u00e9, G\u00e9rard (Francine Gervais), Mario (Anna L\u00e9gar\u00e9) et Paul, ses filles : H\u00e9l\u00e8ne (Gerard Leblanc), Eva (Pierre Cyr) et Solange (Rodrigue Jones), ses onze petits-enfants, ses seize arri\u00e8re-petits-enfants ainsi que ses s\u0153urs, ses fr\u00e8res, ses beaux-fr\u00e8res, ses belles-s\u0153urs, ses neveux, ses ni\u00e8ces, ses cousins, ses cousines et de nombreux ami(e)s.<\/p>\n<p>La famille a confi\u00e9 les arrangements fun\u00e9raires aux services professionnels de la Maison L.J.G. Mallet du 1429, rue du Canot Havre Saint-Pierre, maintenant reconnue Distinction et membre de la Corporation des Thanatologues du Qu\u00e9bec.<\/p>\n<p>Vous pouvez consulter cet avis de d\u00e9c\u00e8s sur le <a href=\"https:\/\/nouveau.maisonmallet.com\/back05_01\">www.maisonmallet.com<\/a><\/p>\n<p>Ceux et celles qui le d\u00e9sirent, peuvent y envoyer des messages de sympathie.<\/p>\n<p>&nbsp;<\/p>\n<hr \/>\n<p>Envoyer vos condol\u00e9ances<\/p>\n<p>[contact-form to=\u00a0\u00bbsolangedresdell@hotmail.com\u00a0\u00bb subject=\u00a0\u00bbCondol\u00e9ances Anne-Marie Poulin\u00a0\u00bb][contact-field label=\u00a0\u00bbVotre nom\u00a0\u00bb type=\u00a0\u00bbname\u00a0\u00bb required=\u00a0\u00bb1&Prime;][contact-field label=\u00a0\u00bbVotre courriel\u00a0\u00bb type=\u00a0\u00bbemail\u00a0\u00bb required=\u00a0\u00bb1&Prime;][contact-field label=\u00a0\u00bbCondol\u00e9ances\u00a0\u00bb type=\u00a0\u00bbtextarea\u00a0\u00bb][\/contact-form]<\/p>\n","protected":false},"featured_media":35667,"template":"","event_cat":[7],"class_list":["post-35651","event","type-event","status-publish","has-post-thumbnail","hentry","event_cat-maison-l-j-g-mallet-inc"],"_links":{"self":[{"href":"https:\/\/nouveau.maisonmallet.com\/back05_01\/index.php?rest_route=\/wp\/v2\/event\/35651","targetHints":{"allow":["GET"]}}],"collection":[{"href":"https:\/\/nouveau.maisonmallet.com\/back05_01\/index.php?rest_route=\/wp\/v2\/event"}],"about":[{"href":"https:\/\/nouveau.maisonmallet.com\/back05_01\/index.php?rest_route=\/wp\/v2\/types\/event"}],"wp:featuredmedia":[{"embeddable":true,"href":"https:\/\/nouveau.maisonmallet.com\/back05_01\/index.php?rest_route=\/wp\/v2\/media\/35667"}],"wp:attachment":[{"href":"https:\/\/nouveau.maisonmallet.com\/back05_01\/index.php?rest_route=%2Fwp%2Fv2%2Fmedia&parent=35651"}],"wp:term":[{"taxonomy":"event_cat","embeddable":true,"href":"https:\/\/nouveau.maisonmallet.com\/back05_01\/index.php?rest_route=%2Fwp%2Fv2%2Fevent_cat&post=35651"}],"curies":[{"name":"wp","href":"https:\/\/api.w.org\/{rel}","templated":true}]}}

<p>La Maison L.J.G. Mallet a le regret de vous annoncer le décès de</p>
<p>Anne-Marie Poulin</p>
<p>1937 &#8211; 2022</p>
<p>&nbsp;</p>
<p>À Sept-Îles (maison Élyme des Sables), le 30 octobre 2022, est décédée à l’âge de 85 ans, madame Anne-Marie Poulin épouse en premières noces de feu Armand Dresdell en secondes noces de feu Julien Duguay domiciliée à Sept-Îles autrefois de Port-Menier.</p>
<p>Les funérailles de madame Anne-Marie Poulin auront lieu à une date ultérieure en l’Église Notre-Dame de l’Assomption située à Port-Menier et de là au cimetière de Port-Menier.</p>
<p>Selon ses volontés, elle a été confiée au crématorium de la Maison L.J.G. Mallet pour crémation.</p>
<p>Elle laisse dans le deuil ses fils : André, Gérard (Francine Gervais), Mario (Anna Légaré) et Paul, ses filles : Hélène (Gerard Leblanc), Eva (Pierre Cyr) et Solange (Rodrigue Jones), ses onze petits-enfants, ses seize arrière-petits-enfants ainsi que ses sœurs, ses frères, ses beaux-frères, ses belles-sœurs, ses neveux, ses nièces, ses cousins, ses cousines et de nombreux ami(e)s.</p>
<p>La famille a confié les arrangements funéraires aux services professionnels de la Maison L.J.G. Mallet du 1429, rue du Canot Havre Saint-Pierre, maintenant reconnue Distinction et membre de la Corporation des Thanatologues du Québec.</p>
<p>Vous pouvez consulter cet avis de décès sur le <a href="https://nouveau.maisonmallet.com/back05_01">www.maisonmallet.com</a></p>
<p>Ceux et celles qui le désirent, peuvent y envoyer des messages de sympathie.</p>
<p>&nbsp;</p>
<hr />
<p>Envoyer vos condoléances</p>
<p>[contact-form to= »solangedresdell@hotmail.com » subject= »Condoléances Anne-Marie Poulin »][contact-field label= »Votre nom » type= »name » required= »1&Prime;][contact-field label= »Votre courriel » type= »email » required= »1&Prime;][contact-field label= »Condoléances » type= »textarea »][/contact-form]</p>
