{"id":35665,"date":"2022-11-13T16:41:01","date_gmt":"2022-11-13T21:41:01","guid":{"rendered":"https:\/\/nouveau.maisonmallet.com\/?post_type=event&#038;p=35665"},"modified":"2022-11-14T16:46:58","modified_gmt":"2022-11-14T21:46:58","slug":"hamilton-nancy","status":"publish","type":"event","link":"https:\/\/nouveau.maisonmallet.com\/back05_01\/?event=hamilton-nancy","title":{"rendered":"HAMILTON, Nancy"},"content":{"rendered":"<p>Le Complexe Thanatologique Mallet &amp; fils a le regret de vous annoncer le d\u00e9c\u00e8s de<\/p>\n<p>&nbsp;<\/p>\n<p>Nancy Hamilton<\/p>\n<p>1949 \u2013 2022<\/p>\n<p>&nbsp;<\/p>\n<p>\u00c0 Sept-\u00celes (maison \u00c9lyme des Sables), le 10 novembre 2022, est d\u00e9c\u00e9d\u00e9e \u00e0 l\u2019\u00e2ge de 73 ans, madame Nancy Hamilton \u00e9pouse de feu Anthyme Langevin et domicili\u00e9e \u00e0 Sept-\u00celes.<\/p>\n<p>Les fun\u00e9railles de madame Nancy Hamilton auront lieu le vendredi 18 novembre 2022 \u00e0 10 h 30 en l\u2019\u00e9glise Marie-Immacul\u00e9e situ\u00e9e au 180, rue Papineau \u00e0 Sept-\u00celes.<\/p>\n<p>La famille re\u00e7oit parents et amis le jeudi 17 novembre 2022 de 13 h \u00e0 16 h et de 19 h \u00e0 22 h. Le vendredi 18 novembre 2022 jour des fun\u00e9railles \u00e0 compter de 9 h au Complexe Thanatologique Mallet &amp; fils du 585 Boul. Laure \u00e0 Sept-\u00celes.<\/p>\n<p>Elle laisse dans le deuil ses filles\u00a0: Sonia (Remen Henley) et Kathy (Georges Thernish), sa petite-fille M\u00e9lissa Langevin Thernish, sa fille de c\u0153ur Myriam (La Puce) ainsi que ses fr\u00e8res\u00a0: Raymond (Andr\u00e9e Paquet) et G\u00e9rard (Line Rodgers), sa s\u0153ur Suzie (\u00c9loi Fournier), ses beaux-fr\u00e8res, ses belles-s\u0153urs, ses neveux, ses ni\u00e8ces, ses cousins, ses cousines et de nombreux ami(e)s.<\/p>\n<p>Elle \u00e9tait la m\u00e8re de feu b\u00e9b\u00e9 Murielle.<\/p>\n<p>Un merci sinc\u00e8re aux personnels de l&rsquo;\u00c9lyme des Sables, pour les bons soins prodigu\u00e9s \u00e0 notre maman. Une pens\u00e9e particuli\u00e8re \u00e0 Marie-Pier, Patricia et Suzanne pour leurs d\u00e9vouements dans les moments plus difficiles. Sans oublier Dre Popescu, son m\u00e9decin traitant des 25 derni\u00e8res ann\u00e9es. Merci \u00e0 vous!<\/p>\n<p>Vos marques de sympathie peuvent se traduire par un don \u00e0 l\u2019\u00c9lyme des Sables <a href=\"http:\/\/www.elymedessables.com\">www.elymedessables.com<\/a><\/p>\n<p>La famille a confi\u00e9 la direction des fun\u00e9railles aux services professionnels de la Maison Mallet &amp; fils du 585 Boul. Laure \u00e0 Sept-\u00celes, maintenant reconnue Distinction et membre de la Corporation des Thanatologues du Qu\u00e9bec.<\/p>\n<p>Vous pouvez consulter cet avis de d\u00e9c\u00e8s, sur le <a href=\"https:\/\/nouveau.maisonmallet.com\/back05_01\">www.maisonmallet.com<\/a><\/p>\n<p>Ceux et celles qui le d\u00e9sirent, peuvent y envoyer des messages de sympathie.<\/p>\n<p>&nbsp;<\/p>\n<hr \/>\n<p>Envoyer vos condol\u00e9ances<\/p>\n<p>[contact-form to=\u00a0\u00bbklangevin72@hotmail.com\u00a0\u00bb subject=\u00a0\u00bbCondol\u00e9ances Nancy Hamilton\u00a0\u00bb][contact-field label=\u00a0\u00bbVotre nom\u00a0\u00bb type=\u00a0\u00bbname\u00a0\u00bb required=\u00a0\u00bb1&Prime;][contact-field label=\u00a0\u00bbVotre courriel\u00a0\u00bb type=\u00a0\u00bbemail\u00a0\u00bb required=\u00a0\u00bb1&Prime;][contact-field label=\u00a0\u00bbCondol\u00e9ances\u00a0\u00bb type=\u00a0\u00bbtextarea\u00a0\u00bb][\/contact-form]<\/p>\n","protected":false},"featured_media":35708,"template":"","event_cat":[6],"class_list":["post-35665","event","type-event","status-publish","has-post-thumbnail","hentry","event_cat-maison-mallet-et-fils-inc"],"_links":{"self":[{"href":"https:\/\/nouveau.maisonmallet.com\/back05_01\/index.php?rest_route=\/wp\/v2\/event\/35665","targetHints":{"allow":["GET"]}}],"collection":[{"href":"https:\/\/nouveau.maisonmallet.com\/back05_01\/index.php?rest_route=\/wp\/v2\/event"}],"about":[{"href":"https:\/\/nouveau.maisonmallet.com\/back05_01\/index.php?rest_route=\/wp\/v2\/types\/event"}],"wp:featuredmedia":[{"embeddable":true,"href":"https:\/\/nouveau.maisonmallet.com\/back05_01\/index.php?rest_route=\/wp\/v2\/media\/35708"}],"wp:attachment":[{"href":"https:\/\/nouveau.maisonmallet.com\/back05_01\/index.php?rest_route=%2Fwp%2Fv2%2Fmedia&parent=35665"}],"wp:term":[{"taxonomy":"event_cat","embeddable":true,"href":"https:\/\/nouveau.maisonmallet.com\/back05_01\/index.php?rest_route=%2Fwp%2Fv2%2Fevent_cat&post=35665"}],"curies":[{"name":"wp","href":"https:\/\/api.w.org\/{rel}","templated":true}]}}

<p>Le Complexe Thanatologique Mallet &amp; fils a le regret de vous annoncer le décès de</p>
<p>&nbsp;</p>
<p>Nancy Hamilton</p>
<p>1949 – 2022</p>
<p>&nbsp;</p>
<p>À Sept-Îles (maison Élyme des Sables), le 10 novembre 2022, est décédée à l’âge de 73 ans, madame Nancy Hamilton épouse de feu Anthyme Langevin et domiciliée à Sept-Îles.</p>
<p>Les funérailles de madame Nancy Hamilton auront lieu le vendredi 18 novembre 2022 à 10 h 30 en l’église Marie-Immaculée située au 180, rue Papineau à Sept-Îles.</p>
<p>La famille reçoit parents et amis le jeudi 17 novembre 2022 de 13 h à 16 h et de 19 h à 22 h. Le vendredi 18 novembre 2022 jour des funérailles à compter de 9 h au Complexe Thanatologique Mallet &amp; fils du 585 Boul. Laure à Sept-Îles.</p>
<p>Elle laisse dans le deuil ses filles : Sonia (Remen Henley) et Kathy (Georges Thernish), sa petite-fille Mélissa Langevin Thernish, sa fille de cœur Myriam (La Puce) ainsi que ses frères : Raymond (Andrée Paquet) et Gérard (Line Rodgers), sa sœur Suzie (Éloi Fournier), ses beaux-frères, ses belles-sœurs, ses neveux, ses nièces, ses cousins, ses cousines et de nombreux ami(e)s.</p>
<p>Elle était la mère de feu bébé Murielle.</p>
<p>Un merci sincère aux personnels de l&rsquo;Élyme des Sables, pour les bons soins prodigués à notre maman. Une pensée particulière à Marie-Pier, Patricia et Suzanne pour leurs dévouements dans les moments plus difficiles. Sans oublier Dre Popescu, son médecin traitant des 25 dernières années. Merci à vous!</p>
<p>Vos marques de sympathie peuvent se traduire par un don à l’Élyme des Sables <a href="http://www.elymedessables.com">www.elymedessables.com</a></p>
<p>La famille a confié la direction des funérailles aux services professionnels de la Maison Mallet &amp; fils du 585 Boul. Laure à Sept-Îles, maintenant reconnue Distinction et membre de la Corporation des Thanatologues du Québec.</p>
<p>Vous pouvez consulter cet avis de décès, sur le <a href="https://nouveau.maisonmallet.com/back05_01">www.maisonmallet.com</a></p>
<p>Ceux et celles qui le désirent, peuvent y envoyer des messages de sympathie.</p>
<p>&nbsp;</p>
<hr />
<p>Envoyer vos condoléances</p>
<p>[contact-form to= »klangevin72@hotmail.com » subject= »Condoléances Nancy Hamilton »][contact-field label= »Votre nom » type= »name » required= »1&Prime;][contact-field label= »Votre courriel » type= »email » required= »1&Prime;][contact-field label= »Condoléances » type= »textarea »][/contact-form]</p>
