{"id":35716,"date":"2022-11-17T16:24:45","date_gmt":"2022-11-17T21:24:45","guid":{"rendered":"https:\/\/nouveau.maisonmallet.com\/?post_type=event&#038;p=35716"},"modified":"2022-11-18T16:28:52","modified_gmt":"2022-11-18T21:28:52","slug":"maloney-porlier-rolande","status":"publish","type":"event","link":"https:\/\/nouveau.maisonmallet.com\/back05_01\/?event=maloney-porlier-rolande","title":{"rendered":"MALONEY PORLIER, Rolande"},"content":{"rendered":"<p>Le Complexe Thanatologique Mallet &amp; fils a le regret de vous annoncer le d\u00e9c\u00e8s de<\/p>\n<p>Rolande Maloney Porlier<\/p>\n<p>1930 \u2013 2022<\/p>\n<p>&nbsp;<\/p>\n<p>\u00c0 Sept-\u00celes (maison \u00c9lyme des Sables), le 15 novembre 2022, est d\u00e9c\u00e9d\u00e9e \u00e0 l\u2019\u00e2ge de 92 ans, madame Rolande Maloney Porlier \u00e9pouse de feu Charles-Eug\u00e8ne Porlier et domicili\u00e9e \u00e0 Sept-\u00celes.<\/p>\n<p>Les fun\u00e9railles de madame Rolande Maloney Porlier auront lieu le vendredi 6 janvier 2023 \u00e0 10 h 30 en l\u2019\u00e9glise St-Joseph situ\u00e9e au 535, ave. Brochu \u00e0 Sept-\u00celes.<\/p>\n<p>La famille re\u00e7oit parents et amis le jeudi 5 janvier 2023 de 13 h \u00e0 16 h et de 19 h \u00e0 22 h, le vendredi 6 janvier 2023 jour des fun\u00e9railles \u00e0 compter de 9 h au Complexe Thanatologique Mallet &amp; fils du 585 Boul. Laure \u00e0 Sept-\u00celes.<\/p>\n<p>Elle laisse dans le deuil son fils Marcel (Evelyn Chalifoux), ses petites-filles\u00a0: Anne-Li (Patrick Lamontagne) et Ma\u00ef-Anh (Maxime Pelletier), ses arri\u00e8re-petits-enfants\u00a0: Sophie, Charlotte et Charles ainsi que son fr\u00e8re Hector, sa s\u0153ur Ghislaine, ses neveux, ses ni\u00e8ces, cousins, ses cousines et de nombreux ami(e)s.<\/p>\n<p>Elle \u00e9tait la s\u0153ur de feu Lauraine et feu Blandine Maloney.<\/p>\n<p>La famille tient \u00e0 remercier le Dr. Gilles Ross, la Dre. Annie Lebel ainsi que le personnel de l`\u00c9lyme Sables.<\/p>\n<p>Vos marques de sympathie peuvent se traduire par un don \u00e0 l\u2019\u00c9lyme des Sables <a href=\"http:\/\/www.elymedessables.com\">www.elymedessables.com<\/a><\/p>\n<p>La famille a confi\u00e9 la direction des fun\u00e9railles aux services professionnels de la Maison Mallet &amp; fils du 585 boul. Laure \u00e0 Sept-\u00celes, maintenant reconnue Distinction et membre de la Corporation des Thanatologues du Qu\u00e9bec.<\/p>\n<p>Vous pouvez consulter cet avis de d\u00e9c\u00e8s sur le <a href=\"https:\/\/nouveau.maisonmallet.com\/back05_01\">www.maisonmallet.com<\/a><\/p>\n<p>Ceux et celles qui le d\u00e9sirent peuvent y envoyer des messages de sympathie.<\/p>\n<p>&nbsp;<\/p>\n<hr \/>\n<p>Envoyer vos condol\u00e9ances<\/p>\n<p>[contact-form to=\u00a0\u00bbmporlier@placp.ca\u00a0\u00bb subject=\u00a0\u00bbCondol\u00e9ances Rolande Maloney\u00a0\u00bb][contact-field label=\u00a0\u00bbVotre nom\u00a0\u00bb type=\u00a0\u00bbname\u00a0\u00bb required=\u00a0\u00bb1&Prime;][contact-field label=\u00a0\u00bbVotre courriel\u00a0\u00bb type=\u00a0\u00bbemail\u00a0\u00bb required=\u00a0\u00bb1&Prime;][contact-field label=\u00a0\u00bbCondol\u00e9ances\u00a0\u00bb type=\u00a0\u00bbtextarea\u00a0\u00bb][\/contact-form]<\/p>\n","protected":false},"featured_media":35744,"template":"","event_cat":[6],"class_list":["post-35716","event","type-event","status-publish","has-post-thumbnail","hentry","event_cat-maison-mallet-et-fils-inc"],"_links":{"self":[{"href":"https:\/\/nouveau.maisonmallet.com\/back05_01\/index.php?rest_route=\/wp\/v2\/event\/35716","targetHints":{"allow":["GET"]}}],"collection":[{"href":"https:\/\/nouveau.maisonmallet.com\/back05_01\/index.php?rest_route=\/wp\/v2\/event"}],"about":[{"href":"https:\/\/nouveau.maisonmallet.com\/back05_01\/index.php?rest_route=\/wp\/v2\/types\/event"}],"wp:featuredmedia":[{"embeddable":true,"href":"https:\/\/nouveau.maisonmallet.com\/back05_01\/index.php?rest_route=\/wp\/v2\/media\/35744"}],"wp:attachment":[{"href":"https:\/\/nouveau.maisonmallet.com\/back05_01\/index.php?rest_route=%2Fwp%2Fv2%2Fmedia&parent=35716"}],"wp:term":[{"taxonomy":"event_cat","embeddable":true,"href":"https:\/\/nouveau.maisonmallet.com\/back05_01\/index.php?rest_route=%2Fwp%2Fv2%2Fevent_cat&post=35716"}],"curies":[{"name":"wp","href":"https:\/\/api.w.org\/{rel}","templated":true}]}}

<p>Le Complexe Thanatologique Mallet &amp; fils a le regret de vous annoncer le décès de</p>
<p>Rolande Maloney Porlier</p>
<p>1930 – 2022</p>
<p>&nbsp;</p>
<p>À Sept-Îles (maison Élyme des Sables), le 15 novembre 2022, est décédée à l’âge de 92 ans, madame Rolande Maloney Porlier épouse de feu Charles-Eugène Porlier et domiciliée à Sept-Îles.</p>
<p>Les funérailles de madame Rolande Maloney Porlier auront lieu le vendredi 6 janvier 2023 à 10 h 30 en l’église St-Joseph située au 535, ave. Brochu à Sept-Îles.</p>
<p>La famille reçoit parents et amis le jeudi 5 janvier 2023 de 13 h à 16 h et de 19 h à 22 h, le vendredi 6 janvier 2023 jour des funérailles à compter de 9 h au Complexe Thanatologique Mallet &amp; fils du 585 Boul. Laure à Sept-Îles.</p>
<p>Elle laisse dans le deuil son fils Marcel (Evelyn Chalifoux), ses petites-filles : Anne-Li (Patrick Lamontagne) et Maï-Anh (Maxime Pelletier), ses arrière-petits-enfants : Sophie, Charlotte et Charles ainsi que son frère Hector, sa sœur Ghislaine, ses neveux, ses nièces, cousins, ses cousines et de nombreux ami(e)s.</p>
<p>Elle était la sœur de feu Lauraine et feu Blandine Maloney.</p>
<p>La famille tient à remercier le Dr. Gilles Ross, la Dre. Annie Lebel ainsi que le personnel de l`Élyme Sables.</p>
<p>Vos marques de sympathie peuvent se traduire par un don à l’Élyme des Sables <a href="http://www.elymedessables.com">www.elymedessables.com</a></p>
<p>La famille a confié la direction des funérailles aux services professionnels de la Maison Mallet &amp; fils du 585 boul. Laure à Sept-Îles, maintenant reconnue Distinction et membre de la Corporation des Thanatologues du Québec.</p>
<p>Vous pouvez consulter cet avis de décès sur le <a href="https://nouveau.maisonmallet.com/back05_01">www.maisonmallet.com</a></p>
<p>Ceux et celles qui le désirent peuvent y envoyer des messages de sympathie.</p>
<p>&nbsp;</p>
<hr />
<p>Envoyer vos condoléances</p>
<p>[contact-form to= »mporlier@placp.ca » subject= »Condoléances Rolande Maloney »][contact-field label= »Votre nom » type= »name » required= »1&Prime;][contact-field label= »Votre courriel » type= »email » required= »1&Prime;][contact-field label= »Condoléances » type= »textarea »][/contact-form]</p>
