{"id":3572,"date":"2019-07-02T10:37:40","date_gmt":"2019-07-02T14:37:40","guid":{"rendered":"https:\/\/nouveau.maisonmallet.com\/?post_type=event&#038;p=3572"},"modified":"2019-07-04T22:28:00","modified_gmt":"2019-07-05T02:28:00","slug":"riverin-germain09031940","status":"publish","type":"event","link":"https:\/\/nouveau.maisonmallet.com\/back05_01\/?event=riverin-germain09031940","title":{"rendered":"RIVERIN, Germain"},"content":{"rendered":"<p>1940-2019<\/p>\n<p>RIVERIN, Germain<\/p>\n<p>&nbsp;<\/p>\n<p>&nbsp;<\/p>\n<p>\u00c0 Sept-\u00celes, le 2 juillet 2019, est d\u00e9c\u00e9d\u00e9 \u00e0 l\u2019\u00e2ge de 79 ans, monsieur Germain Riverin \u00e9poux de feue Marcelle Chiasson et domicili\u00e9 \u00a0\u00e0 Sept-\u00celes.<\/p>\n<p>Les fun\u00e9railles de monsieur Germain Riverin auront lieu le lundi 8 juillet 2019 \u00e0 10 h 30 en l\u2019\u00e9glise St-Joseph situ\u00e9e au 535, avenue Brochu \u00e0 Sept-\u00celes et de l\u00e0 au cr\u00e9matorium de la maison Mallet &amp; fils pour cr\u00e9mation.<\/p>\n<p>La famille re\u00e7oit parents et amis le dimanche 7 juillet 2019 de 19 h \u00e0 22 h. Le lundi 8 juillet 2019 jour des fun\u00e9railles \u00e0 compter de 9 h au Complexe Thanatologique Mallet &amp; fils du 585, boul. Laure \u00e0 Sept-\u00celes.<\/p>\n<p>Il laisse dans le deuil sa fille Manon (Christian Lebreux), ses petits-enfants\u00a0: Mickael Gonthier et Myriam Gonthier (Michel Turgeon), son arri\u00e8re-petit fils Mathys Gonthier, ses fr\u00e8res\u00a0: Ga\u00e9tan (Claudette) et Gilles (Mireille), ses s\u0153urs\u00a0: Odette, Micheline (Jules), Nicole et Denise (Gilles) ainsi que son filleul Patrick Allard, ses neveux, ses ni\u00e8ces, ses cousins, ses cousines et de nombreux ami(e)s.<\/p>\n<p>Vos marques de sympathie peuvent se traduire par un don \u00e0 l\u2019\u00c9lyme des sables <a href=\"http:\/\/www.elymedessables.com\/\">www.elymedessables.com<\/a><\/p>\n<p>La famille a confi\u00e9 la direction des fun\u00e9railles aux services professionnels de la Maison Mallet &amp; fils du 585, boul. Laure \u00e0 Sept-\u00celes, maintenant reconnue Distinction et membre de la Corporation des Thanatologues du Qu\u00e9bec.<\/p>\n<p>Vous pouvez consulter cet avis de d\u00e9c\u00e8s, sur le <a href=\"https:\/\/nouveau.maisonmallet.com\/back05_01\/\">www.maisonmallet.com<\/a><\/p>\n<p>Ceux et celles qui le d\u00e9sirent, peuvent y envoyer des t\u00e9moignages de sympathie.<\/p>\n<p>&nbsp;<\/p>\n<hr \/>\n<p>Envoyer vos condol\u00e9ances<\/p>\n<p>[contact-form to=\u00a0\u00bbmanon.tupperware@hotmail.fr\u00a0\u00bb subject=\u00a0\u00bbCondol\u00e9ancesGermain Riverin\u00a0\u00bb][contact-field label=\u00a0\u00bbVotre nom\u00a0\u00bb type=\u00a0\u00bbname\u00a0\u00bb required=\u00a0\u00bb1&Prime;][contact-field label=\u00a0\u00bbVotre courriel\u00a0\u00bb type=\u00a0\u00bbemail\u00a0\u00bb required=\u00a0\u00bb1&Prime;][contact-field label=\u00a0\u00bbCondol\u00e9ances\u00a0\u00bb type=\u00a0\u00bbtextarea\u00a0\u00bb][\/contact-form]<\/p>\n","protected":false},"featured_media":3582,"template":"","event_cat":[6],"class_list":["post-3572","event","type-event","status-publish","has-post-thumbnail","hentry","event_cat-maison-mallet-et-fils-inc"],"_links":{"self":[{"href":"https:\/\/nouveau.maisonmallet.com\/back05_01\/index.php?rest_route=\/wp\/v2\/event\/3572","targetHints":{"allow":["GET"]}}],"collection":[{"href":"https:\/\/nouveau.maisonmallet.com\/back05_01\/index.php?rest_route=\/wp\/v2\/event"}],"about":[{"href":"https:\/\/nouveau.maisonmallet.com\/back05_01\/index.php?rest_route=\/wp\/v2\/types\/event"}],"wp:featuredmedia":[{"embeddable":true,"href":"https:\/\/nouveau.maisonmallet.com\/back05_01\/index.php?rest_route=\/wp\/v2\/media\/3582"}],"wp:attachment":[{"href":"https:\/\/nouveau.maisonmallet.com\/back05_01\/index.php?rest_route=%2Fwp%2Fv2%2Fmedia&parent=3572"}],"wp:term":[{"taxonomy":"event_cat","embeddable":true,"href":"https:\/\/nouveau.maisonmallet.com\/back05_01\/index.php?rest_route=%2Fwp%2Fv2%2Fevent_cat&post=3572"}],"curies":[{"name":"wp","href":"https:\/\/api.w.org\/{rel}","templated":true}]}}

<p>1940-2019</p>
<p>RIVERIN, Germain</p>
<p>&nbsp;</p>
<p>&nbsp;</p>
<p>À Sept-Îles, le 2 juillet 2019, est décédé à l’âge de 79 ans, monsieur Germain Riverin époux de feue Marcelle Chiasson et domicilié  à Sept-Îles.</p>
<p>Les funérailles de monsieur Germain Riverin auront lieu le lundi 8 juillet 2019 à 10 h 30 en l’église St-Joseph située au 535, avenue Brochu à Sept-Îles et de là au crématorium de la maison Mallet &amp; fils pour crémation.</p>
<p>La famille reçoit parents et amis le dimanche 7 juillet 2019 de 19 h à 22 h. Le lundi 8 juillet 2019 jour des funérailles à compter de 9 h au Complexe Thanatologique Mallet &amp; fils du 585, boul. Laure à Sept-Îles.</p>
<p>Il laisse dans le deuil sa fille Manon (Christian Lebreux), ses petits-enfants : Mickael Gonthier et Myriam Gonthier (Michel Turgeon), son arrière-petit fils Mathys Gonthier, ses frères : Gaétan (Claudette) et Gilles (Mireille), ses sœurs : Odette, Micheline (Jules), Nicole et Denise (Gilles) ainsi que son filleul Patrick Allard, ses neveux, ses nièces, ses cousins, ses cousines et de nombreux ami(e)s.</p>
<p>Vos marques de sympathie peuvent se traduire par un don à l’Élyme des sables <a href="http://www.elymedessables.com/">www.elymedessables.com</a></p>
<p>La famille a confié la direction des funérailles aux services professionnels de la Maison Mallet &amp; fils du 585, boul. Laure à Sept-Îles, maintenant reconnue Distinction et membre de la Corporation des Thanatologues du Québec.</p>
<p>Vous pouvez consulter cet avis de décès, sur le <a href="https://nouveau.maisonmallet.com/back05_01/">www.maisonmallet.com</a></p>
<p>Ceux et celles qui le désirent, peuvent y envoyer des témoignages de sympathie.</p>
<p>&nbsp;</p>
<hr />
<p>Envoyer vos condoléances</p>
<p>[contact-form to= »manon.tupperware@hotmail.fr » subject= »CondoléancesGermain Riverin »][contact-field label= »Votre nom » type= »name » required= »1&Prime;][contact-field label= »Votre courriel » type= »email » required= »1&Prime;][contact-field label= »Condoléances » type= »textarea »][/contact-form]</p>
