{"id":36274,"date":"2022-12-04T09:19:57","date_gmt":"2022-12-04T14:19:57","guid":{"rendered":"https:\/\/nouveau.maisonmallet.com\/?post_type=event&#038;p=36274"},"modified":"2022-12-05T09:26:54","modified_gmt":"2022-12-05T14:26:54","slug":"boudreault-therese-tremblay","status":"publish","type":"event","link":"https:\/\/nouveau.maisonmallet.com\/back05_01\/?event=boudreault-therese-tremblay","title":{"rendered":"BOUDREAULT, Th\u00e9r\u00e8se (Tremblay)"},"content":{"rendered":"<p>Le Complexe Thanatologique Mallet &amp; fils a le regret de vous annoncer le d\u00e9c\u00e8s de<\/p>\n<p>Th\u00e9r\u00e8se Boudreault (Tremblay)<\/p>\n<p>1933 \u2013 2022<\/p>\n<p>&nbsp;<\/p>\n<p>&nbsp;<\/p>\n<p>\u00c0 Sept-\u00celes, le 3 novembre 2022, est d\u00e9c\u00e9d\u00e9e \u00e0 l\u2019\u00e2ge de 89 ans, madame Th\u00e9r\u00e8se Boudreault \u00e9pouse de feu Lauraine Tremblay et domicili\u00e9e \u00e0 Sept-\u00celes.<\/p>\n<p>Les fun\u00e9railles de madame Th\u00e9r\u00e8se Boudreault tremblay auront lieu le samedi 1<sup>er<\/sup> juillet 2023 \u00e0 10 h 30 en l\u2019\u00e9glise Marie-Immacul\u00e9e situ\u00e9e au 180, rue Papineau \u00e0 Sept-\u00celes.<\/p>\n<p>Selon ses volont\u00e9s, elle a \u00e9t\u00e9 confi\u00e9e au cr\u00e9matorium de la Maison Mallet &amp; fils pour cr\u00e9mation.<\/p>\n<p>La famille re\u00e7oit parents et amis le samedi 1<sup>er<\/sup> juillet 2023 jour des fun\u00e9railles \u00e0 compter de 8 h 30 h au Complexe Thanatologique Mallet &amp; fils du 585 Boul. Laure \u00e0 Sept-\u00celes.<\/p>\n<p>Elle laisse dans le deuil ses enfants\u00a0: Nicole (L\u00e9vis Houde), Sonia (Mario Mercier), Dan (Odette Longue \u00c9p\u00e9e) et St\u00e9phane, ses petits-enfants, ses arri\u00e8re-petits-enfants, sa s\u0153ur ainsi que ses beaux-fr\u00e8res, ses belles-s\u0153urs, ses neveux, ses ni\u00e8ces, ses cousins, ses cousines et de nombreux ami(e)s.<\/p>\n<p>La famille a confi\u00e9 la direction des fun\u00e9railles aux services professionnels de la Maison Mallet &amp; fils du 585, boul. Laure \u00e0 Sept-\u00celes, maintenant reconnue Distinction et membre de la Corporation des Thanatologues du Qu\u00e9bec.<\/p>\n<p>Vous pouvez consulter cet avis de d\u00e9c\u00e8s sur le <a href=\"https:\/\/nouveau.maisonmallet.com\">www.maisonmallet.com<\/a><\/p>\n<p>Ceux et celles qui le d\u00e9sirent peuvent y envoyer des messages de sympathie.<\/p>\n<p>&nbsp;<\/p>\n<hr \/>\n<p>Envoyer vos condol\u00e9ances<\/p>\n<p>[contact-form to=\u00a0\u00bbdantremblay57@outlook.com\u00a0\u00bb subject=\u00a0\u00bbCondol\u00e9ances Th\u00e9r\u00e8se Boudreault\u00a0\u00bb][contact-field label=\u00a0\u00bbVotre nom\u00a0\u00bb type=\u00a0\u00bbname\u00a0\u00bb required=\u00a0\u00bb1&Prime;][contact-field label=\u00a0\u00bbVotre courriel\u00a0\u00bb type=\u00a0\u00bbemail\u00a0\u00bb required=\u00a0\u00bb1&Prime;][contact-field label=\u00a0\u00bbCondol\u00e9ances\u00a0\u00bb type=\u00a0\u00bbtextarea\u00a0\u00bb][\/contact-form]<\/p>\n","protected":false},"featured_media":36346,"template":"","event_cat":[6],"class_list":["post-36274","event","type-event","status-publish","has-post-thumbnail","hentry","event_cat-maison-mallet-et-fils-inc"],"_links":{"self":[{"href":"https:\/\/nouveau.maisonmallet.com\/back05_01\/index.php?rest_route=\/wp\/v2\/event\/36274","targetHints":{"allow":["GET"]}}],"collection":[{"href":"https:\/\/nouveau.maisonmallet.com\/back05_01\/index.php?rest_route=\/wp\/v2\/event"}],"about":[{"href":"https:\/\/nouveau.maisonmallet.com\/back05_01\/index.php?rest_route=\/wp\/v2\/types\/event"}],"wp:featuredmedia":[{"embeddable":true,"href":"https:\/\/nouveau.maisonmallet.com\/back05_01\/index.php?rest_route=\/wp\/v2\/media\/36346"}],"wp:attachment":[{"href":"https:\/\/nouveau.maisonmallet.com\/back05_01\/index.php?rest_route=%2Fwp%2Fv2%2Fmedia&parent=36274"}],"wp:term":[{"taxonomy":"event_cat","embeddable":true,"href":"https:\/\/nouveau.maisonmallet.com\/back05_01\/index.php?rest_route=%2Fwp%2Fv2%2Fevent_cat&post=36274"}],"curies":[{"name":"wp","href":"https:\/\/api.w.org\/{rel}","templated":true}]}}

BOUDREAULT, Thérèse (Tremblay)

<p>Le Complexe Thanatologique Mallet &amp; fils a le regret de vous annoncer le décès de</p>
<p>Thérèse Boudreault (Tremblay)</p>
<p>1933 – 2022</p>
<p>&nbsp;</p>
<p>&nbsp;</p>
<p>À Sept-Îles, le 3 novembre 2022, est décédée à l’âge de 89 ans, madame Thérèse Boudreault épouse de feu Lauraine Tremblay et domiciliée à Sept-Îles.</p>
<p>Les funérailles de madame Thérèse Boudreault tremblay auront lieu le samedi 1<sup>er</sup> juillet 2023 à 10 h 30 en l’église Marie-Immaculée située au 180, rue Papineau à Sept-Îles.</p>
<p>Selon ses volontés, elle a été confiée au crématorium de la Maison Mallet &amp; fils pour crémation.</p>
<p>La famille reçoit parents et amis le samedi 1<sup>er</sup> juillet 2023 jour des funérailles à compter de 8 h 30 h au Complexe Thanatologique Mallet &amp; fils du 585 Boul. Laure à Sept-Îles.</p>
<p>Elle laisse dans le deuil ses enfants : Nicole (Lévis Houde), Sonia (Mario Mercier), Dan (Odette Longue Épée) et Stéphane, ses petits-enfants, ses arrière-petits-enfants, sa sœur ainsi que ses beaux-frères, ses belles-sœurs, ses neveux, ses nièces, ses cousins, ses cousines et de nombreux ami(e)s.</p>
<p>La famille a confié la direction des funérailles aux services professionnels de la Maison Mallet &amp; fils du 585, boul. Laure à Sept-Îles, maintenant reconnue Distinction et membre de la Corporation des Thanatologues du Québec.</p>
<p>Vous pouvez consulter cet avis de décès sur le <a href="https://nouveau.maisonmallet.com">www.maisonmallet.com</a></p>
<p>Ceux et celles qui le désirent peuvent y envoyer des messages de sympathie.</p>
<p>&nbsp;</p>
<hr />
<p>Envoyer vos condoléances</p>
<p>[contact-form to= »dantremblay57@outlook.com » subject= »Condoléances Thérèse Boudreault »][contact-field label= »Votre nom » type= »name » required= »1&Prime;][contact-field label= »Votre courriel » type= »email » required= »1&Prime;][contact-field label= »Condoléances » type= »textarea »][/contact-form]</p>
