{"id":3641,"date":"2019-07-07T17:25:50","date_gmt":"2019-07-07T21:25:50","guid":{"rendered":"https:\/\/nouveau.maisonmallet.com\/?post_type=event&#038;p=3641"},"modified":"2019-07-12T17:28:42","modified_gmt":"2019-07-12T21:28:42","slug":"masse-michel10041943","status":"publish","type":"event","link":"https:\/\/nouveau.maisonmallet.com\/back05_01\/?event=masse-michel10041943","title":{"rendered":"MASS\u00c9, Michel"},"content":{"rendered":"<p>&nbsp;<\/p>\n<p>1943 \u2013 2019<\/p>\n<p>MASS\u00c9, Michel<\/p>\n<p>&nbsp;<\/p>\n<p>\u00c0 Sept-\u00celes (maison \u00c9lyme des sables), le 7 juillet 2019, est d\u00e9c\u00e9d\u00e9 \u00e0 l\u2019\u00e2ge de 76 ans, monsieur Michel Mass\u00e9 \u00e9poux de madame Louise C\u00f4t\u00e9 et domicili\u00e9 \u00e0 Sept-\u00celes.<\/p>\n<p>Selon ses volont\u00e9s, il a \u00e9t\u00e9 confi\u00e9 au cr\u00e9matorium de la Maison Mallet &amp; fils pour cr\u00e9mation.<\/p>\n<p>Il laisse dans le deuil outre son \u00e9pouse madame Louise C\u00f4t\u00e9 Mass\u00e9, son fils\u00a0Steeve (Nancy Ross), ses petits-fils\u00a0: William et Keven, ses s\u0153urs\u00a0: Marcelle, Nicole (Andr\u00e9 William), Denise (Gilles Sirois), Lise (Yvon Girard) et Diane, ses beaux-fr\u00e8res\u00a0: Jacques C\u00f4t\u00e9 (Gabrielle Brassard), Gilles Gagnon et Laurent B\u00e9dard, ainsi que ses belles-s\u0153urs\u00a0: Johanne (Daniel Aubin), \u00c9velyne Chatigny et Diane C\u00f4t\u00e9 , ses neveux, ses ni\u00e8ces, ses cousins, ses cousines et de nombreux ami(e)s.<\/p>\n<p>Il \u00e9tait le fr\u00e8re de\u00a0: Laurent, Richard, Jacinthe et C\u00e9line.<\/p>\n<p>Vos marques de sympathie peuvent se traduire par un don \u00e0 l\u2019\u00c9lyme des sables <a href=\"http:\/\/www.elymedessables.com\/\">www.elymedessables.com<\/a><\/p>\n<p>La famille a confi\u00e9 les arrangements aux services professionnels de la Maison Mallet &amp; fils du 585 Boul. Laure \u00e0 Sept-\u00celes, maintenant reconnue Distinction et membre de la Corporation des Thanatologues du Qu\u00e9bec.<\/p>\n<p>Vous pouvez consulter cet avis de d\u00e9c\u00e8s sur le\u00a0: <a href=\"https:\/\/nouveau.maisonmallet.com\/back05_01\/\">www.maisonmallet.com<\/a><\/p>\n<p>Ceux et celles qui le d\u00e9sirent, peuvent y envoyer des messages de sympathie.<\/p>\n<p>&nbsp;<\/p>\n<p>&nbsp;<\/p>\n<hr \/>\n<p>Envoyer vos condol\u00e9ances<\/p>\n<p>[contact-form to=\u00a0\u00bbrossmasse@hotmail.com\u00a0\u00bb subject=\u00a0\u00bbCondol\u00e9ances Michel Mass\u00e9\u00a0\u00bb][contact-field label=\u00a0\u00bbVotre nom\u00a0\u00bb type=\u00a0\u00bbname\u00a0\u00bb required=\u00a0\u00bb1&Prime;][contact-field label=\u00a0\u00bbVotre courriel\u00a0\u00bb type=\u00a0\u00bbemail\u00a0\u00bb required=\u00a0\u00bb1&Prime;][contact-field label=\u00a0\u00bbCondol\u00e9ances\u00a0\u00bb type=\u00a0\u00bbtextarea\u00a0\u00bb][\/contact-form]<\/p>\n","protected":false},"featured_media":3647,"template":"","event_cat":[6],"class_list":["post-3641","event","type-event","status-publish","has-post-thumbnail","hentry","event_cat-maison-mallet-et-fils-inc"],"_links":{"self":[{"href":"https:\/\/nouveau.maisonmallet.com\/back05_01\/index.php?rest_route=\/wp\/v2\/event\/3641","targetHints":{"allow":["GET"]}}],"collection":[{"href":"https:\/\/nouveau.maisonmallet.com\/back05_01\/index.php?rest_route=\/wp\/v2\/event"}],"about":[{"href":"https:\/\/nouveau.maisonmallet.com\/back05_01\/index.php?rest_route=\/wp\/v2\/types\/event"}],"wp:featuredmedia":[{"embeddable":true,"href":"https:\/\/nouveau.maisonmallet.com\/back05_01\/index.php?rest_route=\/wp\/v2\/media\/3647"}],"wp:attachment":[{"href":"https:\/\/nouveau.maisonmallet.com\/back05_01\/index.php?rest_route=%2Fwp%2Fv2%2Fmedia&parent=3641"}],"wp:term":[{"taxonomy":"event_cat","embeddable":true,"href":"https:\/\/nouveau.maisonmallet.com\/back05_01\/index.php?rest_route=%2Fwp%2Fv2%2Fevent_cat&post=3641"}],"curies":[{"name":"wp","href":"https:\/\/api.w.org\/{rel}","templated":true}]}}

MASSÉ, Michel

<p>&nbsp;</p>
<p>1943 – 2019</p>
<p>MASSÉ, Michel</p>
<p>&nbsp;</p>
<p>À Sept-Îles (maison Élyme des sables), le 7 juillet 2019, est décédé à l’âge de 76 ans, monsieur Michel Massé époux de madame Louise Côté et domicilié à Sept-Îles.</p>
<p>Selon ses volontés, il a été confié au crématorium de la Maison Mallet &amp; fils pour crémation.</p>
<p>Il laisse dans le deuil outre son épouse madame Louise Côté Massé, son fils Steeve (Nancy Ross), ses petits-fils : William et Keven, ses sœurs : Marcelle, Nicole (André William), Denise (Gilles Sirois), Lise (Yvon Girard) et Diane, ses beaux-frères : Jacques Côté (Gabrielle Brassard), Gilles Gagnon et Laurent Bédard, ainsi que ses belles-sœurs : Johanne (Daniel Aubin), Évelyne Chatigny et Diane Côté , ses neveux, ses nièces, ses cousins, ses cousines et de nombreux ami(e)s.</p>
<p>Il était le frère de : Laurent, Richard, Jacinthe et Céline.</p>
<p>Vos marques de sympathie peuvent se traduire par un don à l’Élyme des sables <a href="http://www.elymedessables.com/">www.elymedessables.com</a></p>
<p>La famille a confié les arrangements aux services professionnels de la Maison Mallet &amp; fils du 585 Boul. Laure à Sept-Îles, maintenant reconnue Distinction et membre de la Corporation des Thanatologues du Québec.</p>
<p>Vous pouvez consulter cet avis de décès sur le : <a href="https://nouveau.maisonmallet.com/back05_01/">www.maisonmallet.com</a></p>
<p>Ceux et celles qui le désirent, peuvent y envoyer des messages de sympathie.</p>
<p>&nbsp;</p>
<p>&nbsp;</p>
<hr />
<p>Envoyer vos condoléances</p>
<p>[contact-form to= »rossmasse@hotmail.com » subject= »Condoléances Michel Massé »][contact-field label= »Votre nom » type= »name » required= »1&Prime;][contact-field label= »Votre courriel » type= »email » required= »1&Prime;][contact-field label= »Condoléances » type= »textarea »][/contact-form]</p>
