{"id":36429,"date":"2022-12-07T17:17:07","date_gmt":"2022-12-07T22:17:07","guid":{"rendered":"https:\/\/nouveau.maisonmallet.com\/?post_type=event&#038;p=36429"},"modified":"2022-12-08T17:22:06","modified_gmt":"2022-12-08T22:22:06","slug":"malec-fontaine-maxence","status":"publish","type":"event","link":"https:\/\/nouveau.maisonmallet.com\/back05_01\/?event=malec-fontaine-maxence","title":{"rendered":"MALEC-FONTAINE, Maxence"},"content":{"rendered":"<p>La Maison L.J.G. Mallet a le regret de vous annoncer le d\u00e9c\u00e8s de<\/p>\n<p>Maxence Malec-Fontaine<\/p>\n<p>2022<\/p>\n<p>\u00c0 Sept-\u00celes, le 2 d\u00e9cembre 2022 est d\u00e9c\u00e9d\u00e9 l\u2019\u00e2ge de 29 jours, Maxence Malec-Fontaine fils de Val\u00e8re Fontaine et de Mirka Malec domicili\u00e9 \u00e0 Pointe-Parent.<\/p>\n<p>Les fun\u00e9railles de Maxence Malec-Fontaine auront lieu le samedi 10 d\u00e9cembre 2022 \u00e0 13 h en l\u2019\u00e9glise Notre-Dame-des-Indiens de Pointe-Parent et de l\u00e0 au cimeti\u00e8re de l\u2019endroit.<\/p>\n<p>La famille re\u00e7oit parents et amis le samedi 10 d\u00e9cembre 2022 jour des fun\u00e9railles \u00e0 compter de 10 h \u00e0 l\u2019\u00e9glise Notre-Dame-des-Indiens de Pointe-Parent.<\/p>\n<p>Il laisse dans le deuil ses parents\u00a0: Val\u00e8re Fontaine et Mirka Malec, son fr\u00e8re Anthony, ses grands-p\u00e8res\u00a0: monsieur Mathieu Fontaine et monsieur Tony Malec, ses grand-m\u00e8res\u00a0: madame Karine Wapistan et madame Linda Ishpatao ainsi que ses oncles, ses tantes, ses cousins, ses cousines.<\/p>\n<p>La famille a confi\u00e9 la direction des fun\u00e9railles aux services professionnels de la Maison L.J.G. Mallet du 1429, rue du Canot \u00e0 Havre-Saint-Pierre, maintenant reconnue Distinction et membre de la Corporation des Thanatologues du Qu\u00e9bec.<\/p>\n<p>Vous pouvez consulter cet avis de d\u00e9c\u00e8s, sur le <a href=\"https:\/\/nouveau.maisonmallet.com\">www.maisonmallet.com<\/a><\/p>\n<p>Ceux et celles qui le d\u00e9sirent, peuvent y envoyer des messages de sympathie.<\/p>\n<hr \/>\n<p>Envoyer vos condol\u00e9ances<\/p>\n<p>[contact-form to=\u00a0\u00bbvalerefontaine0@gmail.com\u00a0\u00bb subject=\u00a0\u00bbCondol\u00e9ances Maxence Malec-Fontaine\u00a0\u00bb][contact-field label=\u00a0\u00bbVotre nom\u00a0\u00bb type=\u00a0\u00bbname\u00a0\u00bb required=\u00a0\u00bb1&Prime;][contact-field label=\u00a0\u00bbVotre courriel\u00a0\u00bb type=\u00a0\u00bbemail\u00a0\u00bb required=\u00a0\u00bb1&Prime;][contact-field label=\u00a0\u00bbCondol\u00e9ances\u00a0\u00bb type=\u00a0\u00bbtextarea\u00a0\u00bb][\/contact-form]<\/p>\n","protected":false},"featured_media":36458,"template":"","event_cat":[7],"class_list":["post-36429","event","type-event","status-publish","has-post-thumbnail","hentry","event_cat-maison-l-j-g-mallet-inc"],"_links":{"self":[{"href":"https:\/\/nouveau.maisonmallet.com\/back05_01\/index.php?rest_route=\/wp\/v2\/event\/36429","targetHints":{"allow":["GET"]}}],"collection":[{"href":"https:\/\/nouveau.maisonmallet.com\/back05_01\/index.php?rest_route=\/wp\/v2\/event"}],"about":[{"href":"https:\/\/nouveau.maisonmallet.com\/back05_01\/index.php?rest_route=\/wp\/v2\/types\/event"}],"wp:featuredmedia":[{"embeddable":true,"href":"https:\/\/nouveau.maisonmallet.com\/back05_01\/index.php?rest_route=\/wp\/v2\/media\/36458"}],"wp:attachment":[{"href":"https:\/\/nouveau.maisonmallet.com\/back05_01\/index.php?rest_route=%2Fwp%2Fv2%2Fmedia&parent=36429"}],"wp:term":[{"taxonomy":"event_cat","embeddable":true,"href":"https:\/\/nouveau.maisonmallet.com\/back05_01\/index.php?rest_route=%2Fwp%2Fv2%2Fevent_cat&post=36429"}],"curies":[{"name":"wp","href":"https:\/\/api.w.org\/{rel}","templated":true}]}}

<p>La Maison L.J.G. Mallet a le regret de vous annoncer le décès de</p>
<p>Maxence Malec-Fontaine</p>
<p>2022</p>
<p>À Sept-Îles, le 2 décembre 2022 est décédé l’âge de 29 jours, Maxence Malec-Fontaine fils de Valère Fontaine et de Mirka Malec domicilié à Pointe-Parent.</p>
<p>Les funérailles de Maxence Malec-Fontaine auront lieu le samedi 10 décembre 2022 à 13 h en l’église Notre-Dame-des-Indiens de Pointe-Parent et de là au cimetière de l’endroit.</p>
<p>La famille reçoit parents et amis le samedi 10 décembre 2022 jour des funérailles à compter de 10 h à l’église Notre-Dame-des-Indiens de Pointe-Parent.</p>
<p>Il laisse dans le deuil ses parents : Valère Fontaine et Mirka Malec, son frère Anthony, ses grands-pères : monsieur Mathieu Fontaine et monsieur Tony Malec, ses grand-mères : madame Karine Wapistan et madame Linda Ishpatao ainsi que ses oncles, ses tantes, ses cousins, ses cousines.</p>
<p>La famille a confié la direction des funérailles aux services professionnels de la Maison L.J.G. Mallet du 1429, rue du Canot à Havre-Saint-Pierre, maintenant reconnue Distinction et membre de la Corporation des Thanatologues du Québec.</p>
<p>Vous pouvez consulter cet avis de décès, sur le <a href="https://nouveau.maisonmallet.com">www.maisonmallet.com</a></p>
<p>Ceux et celles qui le désirent, peuvent y envoyer des messages de sympathie.</p>
<hr />
<p>Envoyer vos condoléances</p>
<p>[contact-form to= »valerefontaine0@gmail.com » subject= »Condoléances Maxence Malec-Fontaine »][contact-field label= »Votre nom » type= »name » required= »1&Prime;][contact-field label= »Votre courriel » type= »email » required= »1&Prime;][contact-field label= »Condoléances » type= »textarea »][/contact-form]</p>
