{"id":36505,"date":"2022-12-11T12:02:05","date_gmt":"2022-12-11T17:02:05","guid":{"rendered":"https:\/\/nouveau.maisonmallet.com\/?post_type=event&#038;p=36505"},"modified":"2022-12-12T12:06:18","modified_gmt":"2022-12-12T17:06:18","slug":"cormier-julie","status":"publish","type":"event","link":"https:\/\/nouveau.maisonmallet.com\/back05_01\/?event=cormier-julie","title":{"rendered":"CORMIER, Julie"},"content":{"rendered":"<p>La Maison L.J.G. Mallet a le regret de vous annoncer le d\u00e9c\u00e8s de<\/p>\n<p>&nbsp;<\/p>\n<p>Julie Cormier<\/p>\n<p>1954 \u2013 2022<\/p>\n<p>\u00c0 Havre-Saint-Pierre, le 9 d\u00e9cembre 2022, est d\u00e9c\u00e9d\u00e9e \u00e0 l\u2019\u00e2ge de 68 ans madame Julie Cormier \u00e9pouse de monsieur Vincent Vigneault et domicili\u00e9e \u00e0 Havre-Saint-Pierre.<\/p>\n<p>Les fun\u00e9railles de madame Julie Cormier auront lieu le vendredi 16 d\u00e9cembre 2022 \u00e0 14 h en l\u2019\u00e9glise Saint-Pierre de Havre-Saint-Pierre.<\/p>\n<p>Selon ses volont\u00e9s, elle a \u00e9t\u00e9 confi\u00e9e au cr\u00e9matorium de la Maison L.J.G. Mallet pour cr\u00e9mation.<\/p>\n<p>La famille re\u00e7oit parents et amis le jeudi 15 d\u00e9cembre 2022 de 19 h \u00e0 22 h. Le vendredi 16 d\u00e9cembre 2022 jour de fun\u00e9railles \u00e0 compter de 13 h au salon de la Maison L.J.G. Mallet du 1429, rue du Canot \u00e0 Havre-Saint-Pierre.<\/p>\n<p>Elle laisse dans le deuil outre son \u00e9poux monsieur Vincent Vigneault, ses filles\u00a0: Caroline (Jean Arseneault) et Marie-Luce (St\u00e9phane Vigneault), ses petits-fils\u00a0: F\u00e9lix, \u00c9mile et \u00c9loi, sa petite-fille Julianne, son beau-p\u00e8re monsieur Lucien Vigneault ainsi que ses fr\u00e8res\u00a0: Marius (Bernadette Scherre), Adrien (Marie Jomphe) et Richard (Denise Lebrun), sa s\u0153ur Agn\u00e8s (Ren\u00e9 Nadeau), ses beaux-fr\u00e8res, ses belles-s\u0153urs, ses neveux, ses ni\u00e8ces, ses cousins, ses cousines et de nombreux ami(e)s.<\/p>\n<p>La famille a confi\u00e9 la direction des fun\u00e9railles aux services professionnels de la Maison L.J.G. Mallet du 1429, rue du Canot \u00e0 Havre-Saint-Pierre, maintenant reconnue Distinction et membre de la Corporation des Thanatologues du Qu\u00e9bec.<\/p>\n<p>Vous pouvez consulter cet avis de d\u00e9c\u00e8s sur le <a href=\"https:\/\/nouveau.maisonmallet.com\">www.maisonmallet.com<\/a><\/p>\n<p>Ceux et celles qui le d\u00e9sirent, peuvent y envoyer des messages de sympathie.<\/p>\n<p>&nbsp;<\/p>\n<hr \/>\n<p>Envoyer vos condol\u00e9ances<\/p>\n<p>[contact-form to=\u00a0\u00bbvigneaultv@telus.net\u00a0\u00bb subject=\u00a0\u00bbCondol\u00e9ances Julie Cormier\u00a0\u00bb][contact-field label=\u00a0\u00bbVotre nom\u00a0\u00bb type=\u00a0\u00bbname\u00a0\u00bb required=\u00a0\u00bb1&Prime;][contact-field label=\u00a0\u00bbVotre courriel\u00a0\u00bb type=\u00a0\u00bbemail\u00a0\u00bb required=\u00a0\u00bb1&Prime;][contact-field label=\u00a0\u00bbCondol\u00e9ances\u00a0\u00bb type=\u00a0\u00bbtextarea\u00a0\u00bb][\/contact-form]<\/p>\n","protected":false},"featured_media":36550,"template":"","event_cat":[7],"class_list":["post-36505","event","type-event","status-publish","has-post-thumbnail","hentry","event_cat-maison-l-j-g-mallet-inc"],"_links":{"self":[{"href":"https:\/\/nouveau.maisonmallet.com\/back05_01\/index.php?rest_route=\/wp\/v2\/event\/36505","targetHints":{"allow":["GET"]}}],"collection":[{"href":"https:\/\/nouveau.maisonmallet.com\/back05_01\/index.php?rest_route=\/wp\/v2\/event"}],"about":[{"href":"https:\/\/nouveau.maisonmallet.com\/back05_01\/index.php?rest_route=\/wp\/v2\/types\/event"}],"wp:featuredmedia":[{"embeddable":true,"href":"https:\/\/nouveau.maisonmallet.com\/back05_01\/index.php?rest_route=\/wp\/v2\/media\/36550"}],"wp:attachment":[{"href":"https:\/\/nouveau.maisonmallet.com\/back05_01\/index.php?rest_route=%2Fwp%2Fv2%2Fmedia&parent=36505"}],"wp:term":[{"taxonomy":"event_cat","embeddable":true,"href":"https:\/\/nouveau.maisonmallet.com\/back05_01\/index.php?rest_route=%2Fwp%2Fv2%2Fevent_cat&post=36505"}],"curies":[{"name":"wp","href":"https:\/\/api.w.org\/{rel}","templated":true}]}}

<p>La Maison L.J.G. Mallet a le regret de vous annoncer le décès de</p>
<p>&nbsp;</p>
<p>Julie Cormier</p>
<p>1954 – 2022</p>
<p>À Havre-Saint-Pierre, le 9 décembre 2022, est décédée à l’âge de 68 ans madame Julie Cormier épouse de monsieur Vincent Vigneault et domiciliée à Havre-Saint-Pierre.</p>
<p>Les funérailles de madame Julie Cormier auront lieu le vendredi 16 décembre 2022 à 14 h en l’église Saint-Pierre de Havre-Saint-Pierre.</p>
<p>Selon ses volontés, elle a été confiée au crématorium de la Maison L.J.G. Mallet pour crémation.</p>
<p>La famille reçoit parents et amis le jeudi 15 décembre 2022 de 19 h à 22 h. Le vendredi 16 décembre 2022 jour de funérailles à compter de 13 h au salon de la Maison L.J.G. Mallet du 1429, rue du Canot à Havre-Saint-Pierre.</p>
<p>Elle laisse dans le deuil outre son époux monsieur Vincent Vigneault, ses filles : Caroline (Jean Arseneault) et Marie-Luce (Stéphane Vigneault), ses petits-fils : Félix, Émile et Éloi, sa petite-fille Julianne, son beau-père monsieur Lucien Vigneault ainsi que ses frères : Marius (Bernadette Scherre), Adrien (Marie Jomphe) et Richard (Denise Lebrun), sa sœur Agnès (René Nadeau), ses beaux-frères, ses belles-sœurs, ses neveux, ses nièces, ses cousins, ses cousines et de nombreux ami(e)s.</p>
<p>La famille a confié la direction des funérailles aux services professionnels de la Maison L.J.G. Mallet du 1429, rue du Canot à Havre-Saint-Pierre, maintenant reconnue Distinction et membre de la Corporation des Thanatologues du Québec.</p>
<p>Vous pouvez consulter cet avis de décès sur le <a href="https://nouveau.maisonmallet.com">www.maisonmallet.com</a></p>
<p>Ceux et celles qui le désirent, peuvent y envoyer des messages de sympathie.</p>
<p>&nbsp;</p>
<hr />
<p>Envoyer vos condoléances</p>
<p>[contact-form to= »vigneaultv@telus.net » subject= »Condoléances Julie Cormier »][contact-field label= »Votre nom » type= »name » required= »1&Prime;][contact-field label= »Votre courriel » type= »email » required= »1&Prime;][contact-field label= »Condoléances » type= »textarea »][/contact-form]</p>
