{"id":36581,"date":"2022-12-11T17:25:14","date_gmt":"2022-12-11T22:25:14","guid":{"rendered":"https:\/\/nouveau.maisonmallet.com\/?post_type=event&#038;p=36581"},"modified":"2022-12-12T17:33:27","modified_gmt":"2022-12-12T22:33:27","slug":"bussieres-charles","status":"publish","type":"event","link":"https:\/\/nouveau.maisonmallet.com\/back05_01\/?event=bussieres-charles","title":{"rendered":"BUSSI\u00c8RES, Charles"},"content":{"rendered":"<p>Le Complexe Thanatologique Mallet &amp; fils a le regret de vous annoncer le d\u00e9c\u00e8s de<\/p>\n<p>Charles Bussi\u00e8res<\/p>\n<p>1955 &#8211; 2022<\/p>\n<p>&nbsp;<\/p>\n<p>&nbsp;<\/p>\n<p>\u00c0 Sept-\u00celes (maison \u00c9lyme des Sables), le 11 d\u00e9cembre 2022, est d\u00e9c\u00e9d\u00e9 \u00e0 l\u2019\u00e2ge de 67 ans, monsieur Charles Bussi\u00e8res conjoint de madame Francine Cyr et domicili\u00e9 \u00e0 Clarke City.<\/p>\n<p>Les fun\u00e9railles de monsieur Charles Bussi\u00e8res auront lieu le jeudi 15 d\u00e9cembre 2022 \u00e0 10 h 30 en l\u2019\u00e9glise St-Joseph situ\u00e9e au 535, ave. Brochu \u00e0 Sept-\u00celes.<\/p>\n<p>La famille re\u00e7oit parents et amis le mercredi 14 d\u00e9cembre 2022 de 19 h \u00e0 22 h, le jeudi 15 d\u00e9cembre 2022, jour des fun\u00e9railles, \u00e0 compter de 9 h au Complexe Thanatologique Mallet &amp; fils du 585 Boul. Laure \u00e0 Sept-\u00celes.<\/p>\n<p>Il laisse dans le deuil outre sa conjointe madame Francine Cyr, sa s\u0153ur Rita (Michel Martel), son fr\u00e8re Maurice (Anne-Marie B\u00e9langer), ses neveux : Luc et Maurice Jr. (Laura), ses ni\u00e8ces : Johanne et Nadia (Martin), sa belle-s\u0153ur Micheline Cyr (Pierre), son beau-fr\u00e8re Jean-Louis Cyr ainsi que ses cousins, ses cousines et de nombreux ami(e)s.<\/p>\n<p>Vos marques de sympathie peuvent se traduire par un don \u00e0 l\u2019\u00c9lyme des Sables <a href=\"http:\/\/www.elymedessables.com\">www.elymedessables.com<\/a><\/p>\n<p>La famille a confi\u00e9 la direction des fun\u00e9railles aux services professionnels de la Maison Mallet &amp; fils du 585 boul. Laure \u00e0 Sept-\u00celes, maintenant reconnue Distinction et membre de la Corporation des Thanatologues du Qu\u00e9bec.<\/p>\n<p>Vous pouvez consulter cet avis de d\u00e9c\u00e8s sur le <a href=\"https:\/\/nouveau.maisonmallet.com\">www.maisonmallet.com<\/a><\/p>\n<p>Ceux et celles qui le d\u00e9sirent, peuvent y envoyer des messages de sympathies.<\/p>\n<p>&nbsp;<\/p>\n<hr \/>\n<p>Envoyer vos condol\u00e9ances<\/p>\n<p>[contact-form to=\u00a0\u00bbfrancine.cyr53@gmail.com\u00a0\u00bb subject=\u00a0\u00bbCondol\u00e9ances Charles Bussi\u00e8res\u00a0\u00bb][contact-field label=\u00a0\u00bbVotre nom\u00a0\u00bb type=\u00a0\u00bbname\u00a0\u00bb required=\u00a0\u00bb1&Prime;][contact-field label=\u00a0\u00bbVotre courriel\u00a0\u00bb type=\u00a0\u00bbemail\u00a0\u00bb required=\u00a0\u00bb1&Prime;][contact-field label=\u00a0\u00bbCondol\u00e9ances\u00a0\u00bb type=\u00a0\u00bbtextarea\u00a0\u00bb][\/contact-form]<\/p>\n","protected":false},"featured_media":36585,"template":"","event_cat":[6],"class_list":["post-36581","event","type-event","status-publish","has-post-thumbnail","hentry","event_cat-maison-mallet-et-fils-inc"],"_links":{"self":[{"href":"https:\/\/nouveau.maisonmallet.com\/back05_01\/index.php?rest_route=\/wp\/v2\/event\/36581","targetHints":{"allow":["GET"]}}],"collection":[{"href":"https:\/\/nouveau.maisonmallet.com\/back05_01\/index.php?rest_route=\/wp\/v2\/event"}],"about":[{"href":"https:\/\/nouveau.maisonmallet.com\/back05_01\/index.php?rest_route=\/wp\/v2\/types\/event"}],"wp:featuredmedia":[{"embeddable":true,"href":"https:\/\/nouveau.maisonmallet.com\/back05_01\/index.php?rest_route=\/wp\/v2\/media\/36585"}],"wp:attachment":[{"href":"https:\/\/nouveau.maisonmallet.com\/back05_01\/index.php?rest_route=%2Fwp%2Fv2%2Fmedia&parent=36581"}],"wp:term":[{"taxonomy":"event_cat","embeddable":true,"href":"https:\/\/nouveau.maisonmallet.com\/back05_01\/index.php?rest_route=%2Fwp%2Fv2%2Fevent_cat&post=36581"}],"curies":[{"name":"wp","href":"https:\/\/api.w.org\/{rel}","templated":true}]}}

BUSSIÈRES, Charles

<p>Le Complexe Thanatologique Mallet &amp; fils a le regret de vous annoncer le décès de</p>
<p>Charles Bussières</p>
<p>1955 &#8211; 2022</p>
<p>&nbsp;</p>
<p>&nbsp;</p>
<p>À Sept-Îles (maison Élyme des Sables), le 11 décembre 2022, est décédé à l’âge de 67 ans, monsieur Charles Bussières conjoint de madame Francine Cyr et domicilié à Clarke City.</p>
<p>Les funérailles de monsieur Charles Bussières auront lieu le jeudi 15 décembre 2022 à 10 h 30 en l’église St-Joseph située au 535, ave. Brochu à Sept-Îles.</p>
<p>La famille reçoit parents et amis le mercredi 14 décembre 2022 de 19 h à 22 h, le jeudi 15 décembre 2022, jour des funérailles, à compter de 9 h au Complexe Thanatologique Mallet &amp; fils du 585 Boul. Laure à Sept-Îles.</p>
<p>Il laisse dans le deuil outre sa conjointe madame Francine Cyr, sa sœur Rita (Michel Martel), son frère Maurice (Anne-Marie Bélanger), ses neveux : Luc et Maurice Jr. (Laura), ses nièces : Johanne et Nadia (Martin), sa belle-sœur Micheline Cyr (Pierre), son beau-frère Jean-Louis Cyr ainsi que ses cousins, ses cousines et de nombreux ami(e)s.</p>
<p>Vos marques de sympathie peuvent se traduire par un don à l’Élyme des Sables <a href="http://www.elymedessables.com">www.elymedessables.com</a></p>
<p>La famille a confié la direction des funérailles aux services professionnels de la Maison Mallet &amp; fils du 585 boul. Laure à Sept-Îles, maintenant reconnue Distinction et membre de la Corporation des Thanatologues du Québec.</p>
<p>Vous pouvez consulter cet avis de décès sur le <a href="https://nouveau.maisonmallet.com">www.maisonmallet.com</a></p>
<p>Ceux et celles qui le désirent, peuvent y envoyer des messages de sympathies.</p>
<p>&nbsp;</p>
<hr />
<p>Envoyer vos condoléances</p>
<p>[contact-form to= »francine.cyr53@gmail.com » subject= »Condoléances Charles Bussières »][contact-field label= »Votre nom » type= »name » required= »1&Prime;][contact-field label= »Votre courriel » type= »email » required= »1&Prime;][contact-field label= »Condoléances » type= »textarea »][/contact-form]</p>
