{"id":36631,"date":"2022-12-12T13:45:55","date_gmt":"2022-12-12T18:45:55","guid":{"rendered":"https:\/\/nouveau.maisonmallet.com\/?post_type=event&#038;p=36631"},"modified":"2022-12-13T13:57:01","modified_gmt":"2022-12-13T18:57:01","slug":"boudreau-jules","status":"publish","type":"event","link":"https:\/\/nouveau.maisonmallet.com\/back05_01\/?event=boudreau-jules","title":{"rendered":"BOUDREAU, Jules"},"content":{"rendered":"<p>La Maison L.J.G. Mallet a le regret de vous annoncer le d\u00e9c\u00e8s de<\/p>\n<p>&nbsp;<\/p>\n<p>Jules Boudreau<\/p>\n<p>1936 \u2013 2022<\/p>\n<p>\u00c0 Havre-Saint-Pierre, le 12 d\u00e9cembre 2022, est d\u00e9c\u00e9d\u00e9 \u00e0 l\u2019\u00e2ge de 86 ans, monsieur Jules Boudreau \u00e9poux de madame Gis\u00e8le Cormier et domicili\u00e9 \u00e0 Havre-Saint-Pierre.<\/p>\n<p>Les fun\u00e9railles de monsieur Jules Boudreau auront lieu le mardi 20 d\u00e9cembre 2022 \u00e0 11 h en l\u2019\u00e9glise Saint-Pierre de Havre-Saint-Pierre et de l\u00e0 au cr\u00e9matorium de la Maison L.J.G. Mallet pour cr\u00e9mation.<\/p>\n<p>La famille re\u00e7oit parents et amis le lundi 19 d\u00e9cembre 2022 de 19 h \u00e0 22 h. Le mardi 20 d\u00e9cembre 2022 jour des fun\u00e9railles \u00e0 compter de 10 h au salon de la maison L.J.G. Mallet situ\u00e9 au 1429, rue du Canot \u00e0 Havre-Saint-Pierre.<\/p>\n<p>Il laisse dans le deuil outre son \u00e9pouse madame Gis\u00e8le Cormier, ses filles\u00a0: Chantal (Jean Blais) et Christine, ses fils\u00a0: L\u00e9ger (Annie Girard) et Lionel (Maryse Gallant), ses petites-filles\u00a0: Annie, Isabelle (Yanick C\u00f4t\u00e9) et Cynthia (Justin Arseneault), ses petits-fils\u00a0: S\u00e9bastien (Marie Maurice), Jonathan (Sara Dionne) et Pier-Luc (Catherine Faust), ses huit arri\u00e8re-petits-enfants ainsi que sa s\u0153ur Marie-Marthe (Jean-Marie Vigneault), ses beaux-fr\u00e8res, ses belles-s\u0153urs, ses neveux, ses ni\u00e8ces, ses cousins, ses cousines et de nombreux ami(e)s.<\/p>\n<p>Il \u00e9tait le p\u00e8re de feu Robin.<\/p>\n<p>Vos marques de sympathie peuvent se traduire par un dons au Centre de sant\u00e9 de la Minganie.<\/p>\n<p>La famille a confi\u00e9 la direction des fun\u00e9railles aux services professionnels de la Maison L.J.G. Mallet du 1429, rue du Canot \u00e0 Havre-Saint-Pierre, maintenant reconnue Distinction et membre de la Corporation des Thanatologues du Qu\u00e9bec.<\/p>\n<p>Vous pouvez consulter cet avis de d\u00e9c\u00e8s sur le\u00a0<a href=\"https:\/\/nouveau.maisonmallet.com\/\">www.maisonmallet.com<\/a><\/p>\n<p>Ceux et celles qui le d\u00e9sirent, peuvent y envoyer des messages de sympathie.<\/p>\n<p>&nbsp;<\/p>\n<hr \/>\n<p>Envoyer vos condol\u00e9ances<\/p>\n<p>[contact-form to=\u00a0\u00bbcboudreau123@outlook.com\u00a0\u00bb subject=\u00a0\u00bbCondol\u00e9ances Jules Boudreau\u00a0\u00bb][contact-field label=\u00a0\u00bbVotre nom\u00a0\u00bb type=\u00a0\u00bbname\u00a0\u00bb required=\u00a0\u00bb1&Prime;][contact-field label=\u00a0\u00bbVotre courriel\u00a0\u00bb type=\u00a0\u00bbemail\u00a0\u00bb required=\u00a0\u00bb1&Prime;][contact-field label=\u00a0\u00bbCondol\u00e9ances\u00a0\u00bb type=\u00a0\u00bbtextarea\u00a0\u00bb][\/contact-form]<\/p>\n","protected":false},"featured_media":36661,"template":"","event_cat":[7],"class_list":["post-36631","event","type-event","status-publish","has-post-thumbnail","hentry","event_cat-maison-l-j-g-mallet-inc"],"_links":{"self":[{"href":"https:\/\/nouveau.maisonmallet.com\/back05_01\/index.php?rest_route=\/wp\/v2\/event\/36631","targetHints":{"allow":["GET"]}}],"collection":[{"href":"https:\/\/nouveau.maisonmallet.com\/back05_01\/index.php?rest_route=\/wp\/v2\/event"}],"about":[{"href":"https:\/\/nouveau.maisonmallet.com\/back05_01\/index.php?rest_route=\/wp\/v2\/types\/event"}],"wp:featuredmedia":[{"embeddable":true,"href":"https:\/\/nouveau.maisonmallet.com\/back05_01\/index.php?rest_route=\/wp\/v2\/media\/36661"}],"wp:attachment":[{"href":"https:\/\/nouveau.maisonmallet.com\/back05_01\/index.php?rest_route=%2Fwp%2Fv2%2Fmedia&parent=36631"}],"wp:term":[{"taxonomy":"event_cat","embeddable":true,"href":"https:\/\/nouveau.maisonmallet.com\/back05_01\/index.php?rest_route=%2Fwp%2Fv2%2Fevent_cat&post=36631"}],"curies":[{"name":"wp","href":"https:\/\/api.w.org\/{rel}","templated":true}]}}

<p>La Maison L.J.G. Mallet a le regret de vous annoncer le décès de</p>
<p>&nbsp;</p>
<p>Jules Boudreau</p>
<p>1936 – 2022</p>
<p>À Havre-Saint-Pierre, le 12 décembre 2022, est décédé à l’âge de 86 ans, monsieur Jules Boudreau époux de madame Gisèle Cormier et domicilié à Havre-Saint-Pierre.</p>
<p>Les funérailles de monsieur Jules Boudreau auront lieu le mardi 20 décembre 2022 à 11 h en l’église Saint-Pierre de Havre-Saint-Pierre et de là au crématorium de la Maison L.J.G. Mallet pour crémation.</p>
<p>La famille reçoit parents et amis le lundi 19 décembre 2022 de 19 h à 22 h. Le mardi 20 décembre 2022 jour des funérailles à compter de 10 h au salon de la maison L.J.G. Mallet situé au 1429, rue du Canot à Havre-Saint-Pierre.</p>
<p>Il laisse dans le deuil outre son épouse madame Gisèle Cormier, ses filles : Chantal (Jean Blais) et Christine, ses fils : Léger (Annie Girard) et Lionel (Maryse Gallant), ses petites-filles : Annie, Isabelle (Yanick Côté) et Cynthia (Justin Arseneault), ses petits-fils : Sébastien (Marie Maurice), Jonathan (Sara Dionne) et Pier-Luc (Catherine Faust), ses huit arrière-petits-enfants ainsi que sa sœur Marie-Marthe (Jean-Marie Vigneault), ses beaux-frères, ses belles-sœurs, ses neveux, ses nièces, ses cousins, ses cousines et de nombreux ami(e)s.</p>
<p>Il était le père de feu Robin.</p>
<p>Vos marques de sympathie peuvent se traduire par un dons au Centre de santé de la Minganie.</p>
<p>La famille a confié la direction des funérailles aux services professionnels de la Maison L.J.G. Mallet du 1429, rue du Canot à Havre-Saint-Pierre, maintenant reconnue Distinction et membre de la Corporation des Thanatologues du Québec.</p>
<p>Vous pouvez consulter cet avis de décès sur le <a href="https://nouveau.maisonmallet.com/">www.maisonmallet.com</a></p>
<p>Ceux et celles qui le désirent, peuvent y envoyer des messages de sympathie.</p>
<p>&nbsp;</p>
<hr />
<p>Envoyer vos condoléances</p>
<p>[contact-form to= »cboudreau123@outlook.com » subject= »Condoléances Jules Boudreau »][contact-field label= »Votre nom » type= »name » required= »1&Prime;][contact-field label= »Votre courriel » type= »email » required= »1&Prime;][contact-field label= »Condoléances » type= »textarea »][/contact-form]</p>
