{"id":36801,"date":"2022-12-16T08:38:26","date_gmt":"2022-12-16T13:38:26","guid":{"rendered":"https:\/\/nouveau.maisonmallet.com\/?post_type=event&#038;p=36801"},"modified":"2022-12-17T08:42:47","modified_gmt":"2022-12-17T13:42:47","slug":"vigneault-jean-marie","status":"publish","type":"event","link":"https:\/\/nouveau.maisonmallet.com\/back05_01\/?event=vigneault-jean-marie","title":{"rendered":"VIGNEAULT, Jean-Marie"},"content":{"rendered":"<p>La Maison L.J.G. Mallet a le regret de vous annoncer le d\u00e9c\u00e8s de<\/p>\n<p>Jean-Marie Vigneault<\/p>\n<p>1930 \u2013 2022<\/p>\n<p>&nbsp;<\/p>\n<p>&nbsp;<\/p>\n<p>\u00c0 Havre-Saint-Pierre, le 14 d\u00e9cembre 2022, est d\u00e9c\u00e9d\u00e9 \u00e0 l\u2019\u00e2ge de 92 ans et 10 mois, monsieur Jean-Marie Vigneault \u00e9poux de madame Marie-Marthe Boudreau et domicili\u00e9 \u00e0 Havre-St-Pierre.<\/p>\n<p>Les fun\u00e9railles de monsieur Jean-Marie Vigneault auront lieu le mercredi 21 d\u00e9cembre 2022 \u00e0 11 h en l\u2019\u00e9glise St-Pierre de Havre-St-Pierre.<\/p>\n<p>Selon ses volont\u00e9s, il a \u00e9t\u00e9 confi\u00e9 au cr\u00e9matorium de la maison L.J.G. Mallet pour cr\u00e9mation.<\/p>\n<p>La famille re\u00e7oit parents et amis le mercredi 21 d\u00e9cembre 2022 jour des fun\u00e9railles \u00e0 compter de 10 h \u00e0 l\u2019\u00e9glise St-Pierre de Havre-Saint-Pierre.<\/p>\n<p>Il laisse dans le deuil outre son \u00e9pouse Marie-Marthe Boudreau, ses enfants\u00a0: Edith, Caroll (Louise M\u00e9tivier), Anna (Gilles Barriault), Monique, Marie (Cl\u00e9ment Cormier), Jean-Noel, Th\u00e9r\u00e8se (Gilles Brunette), Laurette (feu Germain Boudreau), L\u00e9onard (Lyna Vigneault), Denis et Linda (Richard Arsenault), ses 16 petits-enfants, ses 15 arri\u00e8res petits-enfants ainsi que son fr\u00e8re Lucien (feu Marie-Paule Cormier), ses belles-s\u0153urs\u00a0: Trina Tanguay (feu Aur\u00e8le Vigneault) et Gis\u00e8le Cormier (feu Jules Boudreau), ses neveux, ses ni\u00e8ces et de nombreux ami(e)s.<\/p>\n<p>Vos marques de sympathie peuvent se traduire par un don \u00e0 la fondation du centre de sant\u00e9 de la Minganie.<\/p>\n<p>La famille a confi\u00e9 la direction des fun\u00e9railles aux services professionnels de la Maison L.J.G. Mallet du 1429, rue du Canot \u00e0 Havre-St-Pierre, membre de la Corporation des thanatologues du Qu\u00e9bec.<\/p>\n<p>Vous pouvez consulter cet avis de d\u00e9c\u00e8s, sur le <a href=\"https:\/\/nouveau.maisonmallet.com\">www.maisonmallet.com<\/a><\/p>\n<p>Ceux et celles qui le d\u00e9sirent, peuvent y envoyer des messages de sympathie.<\/p>\n<p>&nbsp;<\/p>\n<hr \/>\n<p>Envoyer vos condol\u00e9ances<\/p>\n<p>[contact-form to=\u00a0\u00bbcarolletlouise@hotmail.ca\u00a0\u00bb subject=\u00a0\u00bbCondol\u00e9ances Jean-Marie Vigneault\u00a0\u00bb][contact-field label=\u00a0\u00bbVotre nom\u00a0\u00bb type=\u00a0\u00bbname\u00a0\u00bb required=\u00a0\u00bb1&Prime;][contact-field label=\u00a0\u00bbVotre courriel\u00a0\u00bb type=\u00a0\u00bbemail\u00a0\u00bb required=\u00a0\u00bb1&Prime;][contact-field label=\u00a0\u00bbCondol\u00e9ances\u00a0\u00bb type=\u00a0\u00bbtextarea\u00a0\u00bb][\/contact-form]<\/p>\n","protected":false},"featured_media":36914,"template":"","event_cat":[7],"class_list":["post-36801","event","type-event","status-publish","has-post-thumbnail","hentry","event_cat-maison-l-j-g-mallet-inc"],"_links":{"self":[{"href":"https:\/\/nouveau.maisonmallet.com\/back05_01\/index.php?rest_route=\/wp\/v2\/event\/36801","targetHints":{"allow":["GET"]}}],"collection":[{"href":"https:\/\/nouveau.maisonmallet.com\/back05_01\/index.php?rest_route=\/wp\/v2\/event"}],"about":[{"href":"https:\/\/nouveau.maisonmallet.com\/back05_01\/index.php?rest_route=\/wp\/v2\/types\/event"}],"wp:featuredmedia":[{"embeddable":true,"href":"https:\/\/nouveau.maisonmallet.com\/back05_01\/index.php?rest_route=\/wp\/v2\/media\/36914"}],"wp:attachment":[{"href":"https:\/\/nouveau.maisonmallet.com\/back05_01\/index.php?rest_route=%2Fwp%2Fv2%2Fmedia&parent=36801"}],"wp:term":[{"taxonomy":"event_cat","embeddable":true,"href":"https:\/\/nouveau.maisonmallet.com\/back05_01\/index.php?rest_route=%2Fwp%2Fv2%2Fevent_cat&post=36801"}],"curies":[{"name":"wp","href":"https:\/\/api.w.org\/{rel}","templated":true}]}}

<p>La Maison L.J.G. Mallet a le regret de vous annoncer le décès de</p>
<p>Jean-Marie Vigneault</p>
<p>1930 – 2022</p>
<p>&nbsp;</p>
<p>&nbsp;</p>
<p>À Havre-Saint-Pierre, le 14 décembre 2022, est décédé à l’âge de 92 ans et 10 mois, monsieur Jean-Marie Vigneault époux de madame Marie-Marthe Boudreau et domicilié à Havre-St-Pierre.</p>
<p>Les funérailles de monsieur Jean-Marie Vigneault auront lieu le mercredi 21 décembre 2022 à 11 h en l’église St-Pierre de Havre-St-Pierre.</p>
<p>Selon ses volontés, il a été confié au crématorium de la maison L.J.G. Mallet pour crémation.</p>
<p>La famille reçoit parents et amis le mercredi 21 décembre 2022 jour des funérailles à compter de 10 h à l’église St-Pierre de Havre-Saint-Pierre.</p>
<p>Il laisse dans le deuil outre son épouse Marie-Marthe Boudreau, ses enfants : Edith, Caroll (Louise Métivier), Anna (Gilles Barriault), Monique, Marie (Clément Cormier), Jean-Noel, Thérèse (Gilles Brunette), Laurette (feu Germain Boudreau), Léonard (Lyna Vigneault), Denis et Linda (Richard Arsenault), ses 16 petits-enfants, ses 15 arrières petits-enfants ainsi que son frère Lucien (feu Marie-Paule Cormier), ses belles-sœurs : Trina Tanguay (feu Aurèle Vigneault) et Gisèle Cormier (feu Jules Boudreau), ses neveux, ses nièces et de nombreux ami(e)s.</p>
<p>Vos marques de sympathie peuvent se traduire par un don à la fondation du centre de santé de la Minganie.</p>
<p>La famille a confié la direction des funérailles aux services professionnels de la Maison L.J.G. Mallet du 1429, rue du Canot à Havre-St-Pierre, membre de la Corporation des thanatologues du Québec.</p>
<p>Vous pouvez consulter cet avis de décès, sur le <a href="https://nouveau.maisonmallet.com">www.maisonmallet.com</a></p>
<p>Ceux et celles qui le désirent, peuvent y envoyer des messages de sympathie.</p>
<p>&nbsp;</p>
<hr />
<p>Envoyer vos condoléances</p>
<p>[contact-form to= »carolletlouise@hotmail.ca » subject= »Condoléances Jean-Marie Vigneault »][contact-field label= »Votre nom » type= »name » required= »1&Prime;][contact-field label= »Votre courriel » type= »email » required= »1&Prime;][contact-field label= »Condoléances » type= »textarea »][/contact-form]</p>
