{"id":3691,"date":"2019-07-13T18:50:45","date_gmt":"2019-07-13T22:50:45","guid":{"rendered":"https:\/\/nouveau.maisonmallet.com\/?post_type=event&#038;p=3691"},"modified":"2019-07-16T12:05:34","modified_gmt":"2019-07-16T16:05:34","slug":"deraps-priscilla180123","status":"publish","type":"event","link":"https:\/\/nouveau.maisonmallet.com\/back05_01\/?event=deraps-priscilla180123","title":{"rendered":"D\u00c9RAPS, Priscilla (Gallant)"},"content":{"rendered":"<p>1923-2019<\/p>\n<p>\u00c0 Havre-Saint-Pierre, le 13 juillet 2019, est d\u00e9c\u00e9d\u00e9e \u00e0 l\u2019\u00e2ge de 96 ans et 7 mois, madame Priscilla D\u00e9raps Gallant \u00e9pouse de feu T\u00e9lesphore (B\u00e9B\u00e9) Gallant et domicili\u00e9e \u00e0 Havre-Saint-Pierre.<\/p>\n<p>Les fun\u00e9railles de madame Priscilla D\u00e9raps Gallant auront lieu le samedi 20 juillet 2019 \u00e0 13 h 30 en l\u2019\u00e9glise Marie-M\u00e8re-de-l\u2019\u00c9glise d\u2019Aguanish et l\u2019inhumation au cimeti\u00e8re de l\u2019endroit.<\/p>\n<p>La famille re\u00e7oit parents et amis le jeudi 18 juillet 2019 de 19 h 00 \u00e0 22 h 00 au salon de la maison L.J.G. Mallet de Havre-Saint-Pierre. Le vendredi 19 juillet 2019 de 19 h 00 \u00e0 22 h00. Le samedi 20 juillet 2019 jour des fun\u00e9railles \u00e0 compter de 10 h 00 \u00e0 l\u2019\u00c9glise Marie-M\u00e8re-de-l\u2019\u00c9glise d\u2019Aguanish.<\/p>\n<p>Elle laisse dans le deuil ses fils\u00a0: Ti-Jules (Audette Harvey), et Daniel Blais (Marl\u00e8ne Nadeau), ses filles\u00a0: Lisette (\u00c9lie-Paul No\u00ebl), Lucille (Daniel Carbonneau), Marielle (G\u00e9rard Mass\u00e9) et Bernadette (Jacques Lapierre), ses dix-sept petits-enfnats, ses vingt-deux arri\u00e8re-petits-enfants, ses deux arri\u00e8re arri\u00e8re petits-enfants, ses fr\u00e8res\u00a0: Gustave et Lionel, ses s\u0153urs\u00a0: Aurore, Aline et Th\u00e9r\u00e8se, ses neveux, ses ni\u00e8ces, et de nombreux ami(e)s.<\/p>\n<p>Vos marques de sympathie peuvent se traduire par un don \u00e0 la Soci\u00e9t\u00e9 Alzeihmer C\u00f4te-Nord.<\/p>\n<p>La famille a confi\u00e9 la direction des fun\u00e9railles aux services professionnels de la Maison L.J.G. Mallet du 1429, rue du Canot \u00e0 Havre-Saint-Pierre, maintenant reconnue Distinction et membre de la Corporation des Thanatologues du Qu\u00e9bec.<\/p>\n<p>Vous pouvez consulter cet avis de d\u00e9c\u00e8s sur le <a href=\"https:\/\/nouveau.maisonmallet.com\/back05_01\/\">www.maisonmallet.com<\/a><\/p>\n<p>Ceux et celles qui le d\u00e9sirent, peuvent y envoyer des messages de sympathie.<\/p>\n<p>.<\/p>\n<p>&nbsp;<\/p>\n<hr \/>\n<p>Envoyer vos condol\u00e9ances<\/p>\n<p>[contact-form to=\u00a0\u00bbmya2412@hotmail.ca\u00a0\u00bb subject=\u00a0\u00bbCondol\u00e9ances Priscilla D\u00e9raps\u00a0\u00bb][contact-field label=\u00a0\u00bbVotre nom\u00a0\u00bb type=\u00a0\u00bbname\u00a0\u00bb required=\u00a0\u00bb1&Prime;][contact-field label=\u00a0\u00bbVotre courriel\u00a0\u00bb type=\u00a0\u00bbemail\u00a0\u00bb required=\u00a0\u00bb1&Prime;][contact-field label=\u00a0\u00bbCondol\u00e9ances\u00a0\u00bb type=\u00a0\u00bbtextarea\u00a0\u00bb][\/contact-form]<\/p>\n","protected":false},"featured_media":3718,"template":"","event_cat":[7],"class_list":["post-3691","event","type-event","status-publish","has-post-thumbnail","hentry","event_cat-maison-l-j-g-mallet-inc"],"_links":{"self":[{"href":"https:\/\/nouveau.maisonmallet.com\/back05_01\/index.php?rest_route=\/wp\/v2\/event\/3691","targetHints":{"allow":["GET"]}}],"collection":[{"href":"https:\/\/nouveau.maisonmallet.com\/back05_01\/index.php?rest_route=\/wp\/v2\/event"}],"about":[{"href":"https:\/\/nouveau.maisonmallet.com\/back05_01\/index.php?rest_route=\/wp\/v2\/types\/event"}],"wp:featuredmedia":[{"embeddable":true,"href":"https:\/\/nouveau.maisonmallet.com\/back05_01\/index.php?rest_route=\/wp\/v2\/media\/3718"}],"wp:attachment":[{"href":"https:\/\/nouveau.maisonmallet.com\/back05_01\/index.php?rest_route=%2Fwp%2Fv2%2Fmedia&parent=3691"}],"wp:term":[{"taxonomy":"event_cat","embeddable":true,"href":"https:\/\/nouveau.maisonmallet.com\/back05_01\/index.php?rest_route=%2Fwp%2Fv2%2Fevent_cat&post=3691"}],"curies":[{"name":"wp","href":"https:\/\/api.w.org\/{rel}","templated":true}]}}

DÉRAPS, Priscilla (Gallant)

<p>1923-2019</p>
<p>À Havre-Saint-Pierre, le 13 juillet 2019, est décédée à l’âge de 96 ans et 7 mois, madame Priscilla Déraps Gallant épouse de feu Télesphore (BéBé) Gallant et domiciliée à Havre-Saint-Pierre.</p>
<p>Les funérailles de madame Priscilla Déraps Gallant auront lieu le samedi 20 juillet 2019 à 13 h 30 en l’église Marie-Mère-de-l’Église d’Aguanish et l’inhumation au cimetière de l’endroit.</p>
<p>La famille reçoit parents et amis le jeudi 18 juillet 2019 de 19 h 00 à 22 h 00 au salon de la maison L.J.G. Mallet de Havre-Saint-Pierre. Le vendredi 19 juillet 2019 de 19 h 00 à 22 h00. Le samedi 20 juillet 2019 jour des funérailles à compter de 10 h 00 à l’Église Marie-Mère-de-l’Église d’Aguanish.</p>
<p>Elle laisse dans le deuil ses fils : Ti-Jules (Audette Harvey), et Daniel Blais (Marlène Nadeau), ses filles : Lisette (Élie-Paul Noël), Lucille (Daniel Carbonneau), Marielle (Gérard Massé) et Bernadette (Jacques Lapierre), ses dix-sept petits-enfnats, ses vingt-deux arrière-petits-enfants, ses deux arrière arrière petits-enfants, ses frères : Gustave et Lionel, ses sœurs : Aurore, Aline et Thérèse, ses neveux, ses nièces, et de nombreux ami(e)s.</p>
<p>Vos marques de sympathie peuvent se traduire par un don à la Société Alzeihmer Côte-Nord.</p>
<p>La famille a confié la direction des funérailles aux services professionnels de la Maison L.J.G. Mallet du 1429, rue du Canot à Havre-Saint-Pierre, maintenant reconnue Distinction et membre de la Corporation des Thanatologues du Québec.</p>
<p>Vous pouvez consulter cet avis de décès sur le <a href="https://nouveau.maisonmallet.com/back05_01/">www.maisonmallet.com</a></p>
<p>Ceux et celles qui le désirent, peuvent y envoyer des messages de sympathie.</p>
<p>.</p>
<p>&nbsp;</p>
<hr />
<p>Envoyer vos condoléances</p>
<p>[contact-form to= »mya2412@hotmail.ca » subject= »Condoléances Priscilla Déraps »][contact-field label= »Votre nom » type= »name » required= »1&Prime;][contact-field label= »Votre courriel » type= »email » required= »1&Prime;][contact-field label= »Condoléances » type= »textarea »][/contact-form]</p>
