{"id":3704,"date":"2019-07-14T15:42:49","date_gmt":"2019-07-14T19:42:49","guid":{"rendered":"https:\/\/nouveau.maisonmallet.com\/?post_type=event&#038;p=3704"},"modified":"2019-07-19T09:29:27","modified_gmt":"2019-07-19T13:29:27","slug":"bellavance-marcel10031946","status":"publish","type":"event","link":"https:\/\/nouveau.maisonmallet.com\/back05_01\/?event=bellavance-marcel10031946","title":{"rendered":"BELLAVANCE, Marcel"},"content":{"rendered":"<p>&nbsp;<\/p>\n<p>1946 \u2013 2019<\/p>\n<p>BELLAVANCE, Marcel<\/p>\n<p>&nbsp;<\/p>\n<p>\u00c0 Sept-\u00celes, le 14 juillet 2019, est d\u00e9c\u00e9d\u00e9 \u00e0 l\u2019\u00e2ge de 73 ans, monsieur Marcel Bellavance \u00e9poux de madame Adrienne Bujold et domicili\u00e9 \u00e0 Sept-\u00celes.<\/p>\n<p>Les fun\u00e9railles de monsieur Marcel Bellavance auront lieu le samedi 27 juillet 2019 \u00e0 11 h en l\u2019\u00e9glise Marie-Immacul\u00e9e situ\u00e9 au 180, rue Papineau \u00e0 Sept-\u00celes et de l\u00e0 au cr\u00e9matorium de la maison Mallet &amp; fils pour cr\u00e9mation.<\/p>\n<p>La famille re\u00e7oit parents et amis le vendredi 26 juillet 2019 de 19 h \u00e0 22h. Le samedi 27 juillet 2019 jour des fun\u00e9railles \u00e0 compter de 9 h 30 au Complexe Thanatologique Mallet &amp; fils du 585 Boul. Laure \u00e0 Sept-\u00celes.<\/p>\n<p>Il laisse dans le deuil outre son \u00e9pouse madame Adrienne Bujold Bellavance, sa fille Anne (Pascal Touzel), son fils David (Karen Touzel), ses petits-fils\u00a0: Louka, Yoan, Alex et Th\u00e9o ainsi que ses s\u0153urs\u00a0: Marthe (Andr\u00e9 McKinnon), Andr\u00e9a (Ghislain L\u00e9vesque), Marie-Jeanne (Clermont Beaudin) et C\u00e9cile, ses fr\u00e8res\u00a0: Jean-Louis, Gilles (Solange Santerre), R\u00e9gis et Oliva, ses beaux-fr\u00e8res\u00a0: F\u00e9licien (Ren\u00e9e Bernier), Gaston (Francine Appleby), Rosaire (C\u00e9line Essiambre), ses belles-s\u0153urs\u00a0: Ghislaine (R\u00e9ginald Fullum), R\u00e9jeanne (Andr\u00e9 Lemieux), Georgette (Louis Durepos) et Lise (Raymond Lafleur), ses neveux, ses ni\u00e8ces, ses cousins, ses cousines et de nombreux ami(e)s.<\/p>\n<p>Il \u00e9tait le beau-fr\u00e8re de feue Sylvie (Daniel Richard).<\/p>\n<p>Vos marques de sympathie peuvent se traduire par un don \u00e0 l\u2019\u00c9lyme des sables <a href=\"http:\/\/www.elymedessables.com\/\">www.elymedessables.com<\/a><\/p>\n<p>La famille a confi\u00e9 la direction des fun\u00e9railles aux services professionnels de la Maison Mallet &amp; fils du 585 boul. Laure \u00e0 Sept-\u00celes, maintenant reconnue Distinction et membre de la Corporation des Thanatologues du Qu\u00e9bec.<\/p>\n<p>Vous pouvez consulter cet avis de d\u00e9c\u00e8s sur le <a href=\"https:\/\/nouveau.maisonmallet.com\/back05_01\/\">www.maisonmallet.com<\/a><\/p>\n<p>Ceux et celles qui le d\u00e9sirent, peuvent y envoyer des messages de sympathie.<\/p>\n<p>&nbsp;<\/p>\n<p>&nbsp;<\/p>\n<p>&nbsp;<\/p>\n<p>&nbsp;<\/p>\n<hr \/>\n<p>Envoyer vos condol\u00e9ances<\/p>\n<p>[contact-form to=\u00a0\u00bbanna_bella26@hotmail.com\u00a0\u00bb subject=\u00a0\u00bbCondol\u00e9ances Marcel Bellavance\u00a0\u00bb][contact-field label=\u00a0\u00bbVotre nom\u00a0\u00bb type=\u00a0\u00bbname\u00a0\u00bb required=\u00a0\u00bb1&Prime;][contact-field label=\u00a0\u00bbVotre courriel\u00a0\u00bb type=\u00a0\u00bbemail\u00a0\u00bb required=\u00a0\u00bb1&Prime;][contact-field label=\u00a0\u00bbCondol\u00e9ances\u00a0\u00bb type=\u00a0\u00bbtextarea\u00a0\u00bb][\/contact-form]<\/p>\n","protected":false},"featured_media":3813,"template":"","event_cat":[6],"class_list":["post-3704","event","type-event","status-publish","has-post-thumbnail","hentry","event_cat-maison-mallet-et-fils-inc"],"_links":{"self":[{"href":"https:\/\/nouveau.maisonmallet.com\/back05_01\/index.php?rest_route=\/wp\/v2\/event\/3704","targetHints":{"allow":["GET"]}}],"collection":[{"href":"https:\/\/nouveau.maisonmallet.com\/back05_01\/index.php?rest_route=\/wp\/v2\/event"}],"about":[{"href":"https:\/\/nouveau.maisonmallet.com\/back05_01\/index.php?rest_route=\/wp\/v2\/types\/event"}],"wp:featuredmedia":[{"embeddable":true,"href":"https:\/\/nouveau.maisonmallet.com\/back05_01\/index.php?rest_route=\/wp\/v2\/media\/3813"}],"wp:attachment":[{"href":"https:\/\/nouveau.maisonmallet.com\/back05_01\/index.php?rest_route=%2Fwp%2Fv2%2Fmedia&parent=3704"}],"wp:term":[{"taxonomy":"event_cat","embeddable":true,"href":"https:\/\/nouveau.maisonmallet.com\/back05_01\/index.php?rest_route=%2Fwp%2Fv2%2Fevent_cat&post=3704"}],"curies":[{"name":"wp","href":"https:\/\/api.w.org\/{rel}","templated":true}]}}

<p>&nbsp;</p>
<p>1946 – 2019</p>
<p>BELLAVANCE, Marcel</p>
<p>&nbsp;</p>
<p>À Sept-Îles, le 14 juillet 2019, est décédé à l’âge de 73 ans, monsieur Marcel Bellavance époux de madame Adrienne Bujold et domicilié à Sept-Îles.</p>
<p>Les funérailles de monsieur Marcel Bellavance auront lieu le samedi 27 juillet 2019 à 11 h en l’église Marie-Immaculée situé au 180, rue Papineau à Sept-Îles et de là au crématorium de la maison Mallet &amp; fils pour crémation.</p>
<p>La famille reçoit parents et amis le vendredi 26 juillet 2019 de 19 h à 22h. Le samedi 27 juillet 2019 jour des funérailles à compter de 9 h 30 au Complexe Thanatologique Mallet &amp; fils du 585 Boul. Laure à Sept-Îles.</p>
<p>Il laisse dans le deuil outre son épouse madame Adrienne Bujold Bellavance, sa fille Anne (Pascal Touzel), son fils David (Karen Touzel), ses petits-fils : Louka, Yoan, Alex et Théo ainsi que ses sœurs : Marthe (André McKinnon), Andréa (Ghislain Lévesque), Marie-Jeanne (Clermont Beaudin) et Cécile, ses frères : Jean-Louis, Gilles (Solange Santerre), Régis et Oliva, ses beaux-frères : Félicien (Renée Bernier), Gaston (Francine Appleby), Rosaire (Céline Essiambre), ses belles-sœurs : Ghislaine (Réginald Fullum), Réjeanne (André Lemieux), Georgette (Louis Durepos) et Lise (Raymond Lafleur), ses neveux, ses nièces, ses cousins, ses cousines et de nombreux ami(e)s.</p>
<p>Il était le beau-frère de feue Sylvie (Daniel Richard).</p>
<p>Vos marques de sympathie peuvent se traduire par un don à l’Élyme des sables <a href="http://www.elymedessables.com/">www.elymedessables.com</a></p>
<p>La famille a confié la direction des funérailles aux services professionnels de la Maison Mallet &amp; fils du 585 boul. Laure à Sept-Îles, maintenant reconnue Distinction et membre de la Corporation des Thanatologues du Québec.</p>
<p>Vous pouvez consulter cet avis de décès sur le <a href="https://nouveau.maisonmallet.com/back05_01/">www.maisonmallet.com</a></p>
<p>Ceux et celles qui le désirent, peuvent y envoyer des messages de sympathie.</p>
<p>&nbsp;</p>
<p>&nbsp;</p>
<p>&nbsp;</p>
<p>&nbsp;</p>
<hr />
<p>Envoyer vos condoléances</p>
<p>[contact-form to= »anna_bella26@hotmail.com » subject= »Condoléances Marcel Bellavance »][contact-field label= »Votre nom » type= »name » required= »1&Prime;][contact-field label= »Votre courriel » type= »email » required= »1&Prime;][contact-field label= »Condoléances » type= »textarea »][/contact-form]</p>
