{"id":38023,"date":"2023-01-12T09:27:56","date_gmt":"2023-01-12T14:27:56","guid":{"rendered":"https:\/\/nouveau.maisonmallet.com\/?post_type=event&#038;p=38023"},"modified":"2023-05-16T22:18:51","modified_gmt":"2023-05-17T02:18:51","slug":"belanger-remi-grizzly","status":"publish","type":"event","link":"https:\/\/nouveau.maisonmallet.com\/back05_01\/?event=belanger-remi-grizzly","title":{"rendered":"B\u00c9LANGER, R\u00e9mi (Grizzly)"},"content":{"rendered":"<p>Le Complexe Thanatologique Mallet &amp; fils a le regret de vous annoncer le d\u00e9c\u00e8s de<\/p>\n<p>&nbsp;<\/p>\n<p>R\u00e9mi B\u00e9langer (Grizzly)<\/p>\n<p>1958 \u2013 2023<\/p>\n<p>&nbsp;<\/p>\n<p>\u00c0 Sept-\u00celes, le 12 janvier 2023, est d\u00e9c\u00e9d\u00e9 \u00e0 l\u2019\u00e2ge de 64 ans, monsieur R\u00e9mi (Grizzly) B\u00e9langer fils de feu Omer B\u00e9langer et de feu C\u00e9cile Picard domicili\u00e9 \u00e0 Port-Cartier.<\/p>\n<p>La c\u00e9r\u00e9monie comm\u00e9morative de monsieur R\u00e9mi (Grizzly) B\u00e9langer aura lieu le samedi 25 f\u00e9vrier 2023 \u00e0 15 h 15 au salon de la maison Mallet &amp; fils du 57, route 138 \u00e0 Port-Cartier.<\/p>\n<p>Selon ses volont\u00e9s, il a \u00e9t\u00e9 confi\u00e9 au cr\u00e9matorium de la Maison Mallet &amp; fils pour cr\u00e9mation.<\/p>\n<p>La famille re\u00e7oit parents et amis le samedi 25 f\u00e9vrier 2023 jour de la c\u00e9r\u00e9monie de 13 h \u00e0 16 h au Complexe Thanatologique Mallet &amp; fils du 57, route 138 \u00e0 Port-Cartier.<\/p>\n<p>Il laisse dans le deuil sa fille Jessica (Rolando Casanova), son petit-fils Shade, sa petite-fille Ashley ainsi que ses fr\u00e8res, ses s\u0153urs, ses beaux-fr\u00e8res, ses belles-s\u0153urs, ses neveux, ses ni\u00e8ces, ses cousins, ses cousines et ses nombreux ami(e)s dont Yoan Lemieux.<\/p>\n<p>Vos marques de sympathie peuvent se traduire par un don la Fondation des maladies du c\u0153ur et de l\u2019AVC <a href=\"http:\/\/www.coeuretavc.ca\">www.coeuretavc.ca<\/a><\/p>\n<p>La famille a confi\u00e9 les arrangements aux services professionnels de la Maison Mallet &amp; fils du 585 Boul. Laure \u00e0 Sept-\u00celes, maintenant reconnue Distinction et membre de la Corporation des Thanatologues du Qu\u00e9bec.<\/p>\n<p>Vous pouvez consulter cet avis de d\u00e9c\u00e8s sur le\u00a0: <a href=\"https:\/\/nouveau.maisonmallet.com\">www.maisonmallet.com<\/a><\/p>\n<p>Ceux et celles qui le d\u00e9sirent, peuvent y envoyer des messages de sympathie.<\/p>\n<hr \/>\n<p>Envoyer vos condol\u00e9ances<\/p>\n<p>[contact-form to=\u00a0\u00bbjess.belanger@outlook.com\u00a0\u00bb subject=\u00a0\u00bbCondol\u00e9ances R\u00e9mi B\u00e9langer\u00a0\u00bb][contact-field label=\u00a0\u00bbVotre nom\u00a0\u00bb type=\u00a0\u00bbname\u00a0\u00bb required=\u00a0\u00bb1&Prime;][contact-field label=\u00a0\u00bbVotre courriel\u00a0\u00bb type=\u00a0\u00bbemail\u00a0\u00bb required=\u00a0\u00bb1&Prime;][contact-field label=\u00a0\u00bbCondol\u00e9ances\u00a0\u00bb type=\u00a0\u00bbtextarea\u00a0\u00bb][\/contact-form]<\/p>\n","protected":false},"featured_media":38074,"template":"","event_cat":[6],"class_list":["post-38023","event","type-event","status-publish","has-post-thumbnail","hentry","event_cat-maison-mallet-et-fils-inc"],"_links":{"self":[{"href":"https:\/\/nouveau.maisonmallet.com\/back05_01\/index.php?rest_route=\/wp\/v2\/event\/38023","targetHints":{"allow":["GET"]}}],"collection":[{"href":"https:\/\/nouveau.maisonmallet.com\/back05_01\/index.php?rest_route=\/wp\/v2\/event"}],"about":[{"href":"https:\/\/nouveau.maisonmallet.com\/back05_01\/index.php?rest_route=\/wp\/v2\/types\/event"}],"wp:featuredmedia":[{"embeddable":true,"href":"https:\/\/nouveau.maisonmallet.com\/back05_01\/index.php?rest_route=\/wp\/v2\/media\/38074"}],"wp:attachment":[{"href":"https:\/\/nouveau.maisonmallet.com\/back05_01\/index.php?rest_route=%2Fwp%2Fv2%2Fmedia&parent=38023"}],"wp:term":[{"taxonomy":"event_cat","embeddable":true,"href":"https:\/\/nouveau.maisonmallet.com\/back05_01\/index.php?rest_route=%2Fwp%2Fv2%2Fevent_cat&post=38023"}],"curies":[{"name":"wp","href":"https:\/\/api.w.org\/{rel}","templated":true}]}}

BÉLANGER, Rémi (Grizzly)

<p>Le Complexe Thanatologique Mallet &amp; fils a le regret de vous annoncer le décès de</p>
<p>&nbsp;</p>
<p>Rémi Bélanger (Grizzly)</p>
<p>1958 – 2023</p>
<p>&nbsp;</p>
<p>À Sept-Îles, le 12 janvier 2023, est décédé à l’âge de 64 ans, monsieur Rémi (Grizzly) Bélanger fils de feu Omer Bélanger et de feu Cécile Picard domicilié à Port-Cartier.</p>
<p>La cérémonie commémorative de monsieur Rémi (Grizzly) Bélanger aura lieu le samedi 25 février 2023 à 15 h 15 au salon de la maison Mallet &amp; fils du 57, route 138 à Port-Cartier.</p>
<p>Selon ses volontés, il a été confié au crématorium de la Maison Mallet &amp; fils pour crémation.</p>
<p>La famille reçoit parents et amis le samedi 25 février 2023 jour de la cérémonie de 13 h à 16 h au Complexe Thanatologique Mallet &amp; fils du 57, route 138 à Port-Cartier.</p>
<p>Il laisse dans le deuil sa fille Jessica (Rolando Casanova), son petit-fils Shade, sa petite-fille Ashley ainsi que ses frères, ses sœurs, ses beaux-frères, ses belles-sœurs, ses neveux, ses nièces, ses cousins, ses cousines et ses nombreux ami(e)s dont Yoan Lemieux.</p>
<p>Vos marques de sympathie peuvent se traduire par un don la Fondation des maladies du cœur et de l’AVC <a href="http://www.coeuretavc.ca">www.coeuretavc.ca</a></p>
<p>La famille a confié les arrangements aux services professionnels de la Maison Mallet &amp; fils du 585 Boul. Laure à Sept-Îles, maintenant reconnue Distinction et membre de la Corporation des Thanatologues du Québec.</p>
<p>Vous pouvez consulter cet avis de décès sur le : <a href="https://nouveau.maisonmallet.com">www.maisonmallet.com</a></p>
<p>Ceux et celles qui le désirent, peuvent y envoyer des messages de sympathie.</p>
<hr />
<p>Envoyer vos condoléances</p>
<p>[contact-form to= »jess.belanger@outlook.com » subject= »Condoléances Rémi Bélanger »][contact-field label= »Votre nom » type= »name » required= »1&Prime;][contact-field label= »Votre courriel » type= »email » required= »1&Prime;][contact-field label= »Condoléances » type= »textarea »][/contact-form]</p>
