{"id":38171,"date":"2023-01-29T11:48:50","date_gmt":"2023-01-29T16:48:50","guid":{"rendered":"https:\/\/nouveau.maisonmallet.com\/?post_type=event&#038;p=38171"},"modified":"2023-05-16T22:05:39","modified_gmt":"2023-05-17T02:05:39","slug":"vigneault-virginie-mimi","status":"publish","type":"event","link":"https:\/\/nouveau.maisonmallet.com\/back05_01\/?event=vigneault-virginie-mimi","title":{"rendered":"VIGNEAULT, Virginie (Mimi)"},"content":{"rendered":"<p>Le Complexe Thanatologique Mallet &amp; fils a le regret de vous annoncer le d\u00e9c\u00e8s de<\/p>\n<p>&nbsp;<\/p>\n<p>Virginie (Mimi) Vigneault<\/p>\n<p>1934 &#8211; 2023<\/p>\n<p>&nbsp;<\/p>\n<p>\u00c0 Sept-\u00celes, le 29 janvier 2023, est d\u00e9c\u00e9d\u00e9e \u00e0 l\u2019\u00e2ge de 88 ans, madame Virginie (Mimi) Vigneault \u00e9pouse en premi\u00e8res noces de feu Jean-Marie Lapierre et en secondes noces de feu Roland Langlois et domicili\u00e9e \u00e0 Sept-\u00celes.<\/p>\n<p>Les fun\u00e9railles de madame Virginie (Mimi) Vigneault auront lieu le lundi 6 f\u00e9vrier 2023 \u00e0 10 h 30 en l\u2019\u00e9glise St-Joseph situ\u00e9e au 535, ave. Brochu \u00e0 Sept-\u00celes.<\/p>\n<p>La famille re\u00e7oit parents et amis le dimanche 5 f\u00e9vrier 2023 de 19 h \u00e0 22 h. Le lundi 6 f\u00e9vrier 2023, jour des fun\u00e9railles, \u00e0 compter de 9 h au Complexe Thanatologique Mallet &amp; fils du 585 Boul. Laure \u00e0 Sept-\u00celes.<\/p>\n<p>Elle laisse dans le deuil son fils\u00a0Claude, sa fille Claudette (Raynald Lapierre), ses petits-fils\u00a0: Jean-Luc, David (L\u00e9a Paquet) et Samuel, ses petites-filles\u00a0: Julie (Michel Beaumont), Marie-\u00c8ve (\u00c9ric Courtois) et No\u00e9mie (Tommy Martel), ses arri\u00e8re-petits enfants\u00a0: L\u00e9a, Olivia et William ainsi que son fr\u00e8re Lucien (Mariette Bergeron), ses neveux, ses ni\u00e8ces, et de nombreux ami(e)s.<\/p>\n<p>Elle \u00e9tait la m\u00e8re de feu Fran\u00e7oise et l\u2019arri\u00e8re-grand-m\u00e8re de feu Florence.<\/p>\n<p>La famille a confi\u00e9 la direction des fun\u00e9railles aux services professionnels de la Maison Mallet &amp; fils du 585 boul. Laure \u00e0 Sept-\u00celes, maintenant reconnue Distinction et membre de la Corporation des Thanatologues du Qu\u00e9bec.<\/p>\n<p>Vous pouvez consulter cet avis de d\u00e9c\u00e8s sur le <a href=\"https:\/\/nouveau.maisonmallet.com\">www.maisonmallet.com<\/a><\/p>\n<p>Ceux et celles qui le d\u00e9sirent, peuvent y envoyer des messages de sympathies.<\/p>\n<hr \/>\n<p>Envoyer vos condol\u00e9ances<\/p>\n<p>[contact-form to=\u00a0\u00bbjullapierre_19@hotmail.com\u00a0\u00bb subject=\u00a0\u00bbCondol\u00e9ances Virginie Vigneault\u00a0\u00bb][contact-field label=\u00a0\u00bbVotre nom\u00a0\u00bb type=\u00a0\u00bbname\u00a0\u00bb required=\u00a0\u00bb1&Prime;][contact-field label=\u00a0\u00bbVotre courriel\u00a0\u00bb type=\u00a0\u00bbemail\u00a0\u00bb required=\u00a0\u00bb1&Prime;][contact-field label=\u00a0\u00bbCondol\u00e9ances\u00a0\u00bb type=\u00a0\u00bbtextarea\u00a0\u00bb][\/contact-form]<\/p>\n","protected":false},"featured_media":38303,"template":"","event_cat":[6],"class_list":["post-38171","event","type-event","status-publish","has-post-thumbnail","hentry","event_cat-maison-mallet-et-fils-inc"],"_links":{"self":[{"href":"https:\/\/nouveau.maisonmallet.com\/back05_01\/index.php?rest_route=\/wp\/v2\/event\/38171","targetHints":{"allow":["GET"]}}],"collection":[{"href":"https:\/\/nouveau.maisonmallet.com\/back05_01\/index.php?rest_route=\/wp\/v2\/event"}],"about":[{"href":"https:\/\/nouveau.maisonmallet.com\/back05_01\/index.php?rest_route=\/wp\/v2\/types\/event"}],"wp:featuredmedia":[{"embeddable":true,"href":"https:\/\/nouveau.maisonmallet.com\/back05_01\/index.php?rest_route=\/wp\/v2\/media\/38303"}],"wp:attachment":[{"href":"https:\/\/nouveau.maisonmallet.com\/back05_01\/index.php?rest_route=%2Fwp%2Fv2%2Fmedia&parent=38171"}],"wp:term":[{"taxonomy":"event_cat","embeddable":true,"href":"https:\/\/nouveau.maisonmallet.com\/back05_01\/index.php?rest_route=%2Fwp%2Fv2%2Fevent_cat&post=38171"}],"curies":[{"name":"wp","href":"https:\/\/api.w.org\/{rel}","templated":true}]}}

<p>Le Complexe Thanatologique Mallet &amp; fils a le regret de vous annoncer le décès de</p>
<p>&nbsp;</p>
<p>Virginie (Mimi) Vigneault</p>
<p>1934 &#8211; 2023</p>
<p>&nbsp;</p>
<p>À Sept-Îles, le 29 janvier 2023, est décédée à l’âge de 88 ans, madame Virginie (Mimi) Vigneault épouse en premières noces de feu Jean-Marie Lapierre et en secondes noces de feu Roland Langlois et domiciliée à Sept-Îles.</p>
<p>Les funérailles de madame Virginie (Mimi) Vigneault auront lieu le lundi 6 février 2023 à 10 h 30 en l’église St-Joseph située au 535, ave. Brochu à Sept-Îles.</p>
<p>La famille reçoit parents et amis le dimanche 5 février 2023 de 19 h à 22 h. Le lundi 6 février 2023, jour des funérailles, à compter de 9 h au Complexe Thanatologique Mallet &amp; fils du 585 Boul. Laure à Sept-Îles.</p>
<p>Elle laisse dans le deuil son fils Claude, sa fille Claudette (Raynald Lapierre), ses petits-fils : Jean-Luc, David (Léa Paquet) et Samuel, ses petites-filles : Julie (Michel Beaumont), Marie-Ève (Éric Courtois) et Noémie (Tommy Martel), ses arrière-petits enfants : Léa, Olivia et William ainsi que son frère Lucien (Mariette Bergeron), ses neveux, ses nièces, et de nombreux ami(e)s.</p>
<p>Elle était la mère de feu Françoise et l’arrière-grand-mère de feu Florence.</p>
<p>La famille a confié la direction des funérailles aux services professionnels de la Maison Mallet &amp; fils du 585 boul. Laure à Sept-Îles, maintenant reconnue Distinction et membre de la Corporation des Thanatologues du Québec.</p>
<p>Vous pouvez consulter cet avis de décès sur le <a href="https://nouveau.maisonmallet.com">www.maisonmallet.com</a></p>
<p>Ceux et celles qui le désirent, peuvent y envoyer des messages de sympathies.</p>
<hr />
<p>Envoyer vos condoléances</p>
<p>[contact-form to= »jullapierre_19@hotmail.com » subject= »Condoléances Virginie Vigneault »][contact-field label= »Votre nom » type= »name » required= »1&Prime;][contact-field label= »Votre courriel » type= »email » required= »1&Prime;][contact-field label= »Condoléances » type= »textarea »][/contact-form]</p>
