{"id":38376,"date":"2023-05-24T11:02:23","date_gmt":"2023-05-24T15:02:23","guid":{"rendered":"https:\/\/nouveau.maisonmallet.com\/?post_type=event&#038;p=38376"},"modified":"2023-05-25T16:13:28","modified_gmt":"2023-05-25T20:13:28","slug":"joseph-serge","status":"publish","type":"event","link":"https:\/\/nouveau.maisonmallet.com\/back05_01\/?event=joseph-serge","title":{"rendered":"JOSEPH, Serge"},"content":{"rendered":"<p>Le Complexe Thanatologique Mallet &amp; fils a le regret de vous annoncer le d\u00e9c\u00e8s de<\/p>\n<p>&nbsp;<\/p>\n<p>Serge Joseph<\/p>\n<p>1955 \u2013 2023<\/p>\n<p>&nbsp;<\/p>\n<p>&nbsp;<\/p>\n<p>&nbsp;<\/p>\n<p>\u00c0 Sept-\u00celes, le 24 janvier 2023, est d\u00e9c\u00e9d\u00e9 l\u2019\u00e2ge de 67 ans, monsieur Serge Joseph conjoint de madame Rachelle Laurent et domicili\u00e9 \u00e0 Uashat.<\/p>\n<p>Les fun\u00e9railles de monsieur Serge Joseph auront lieu le vendredi 26 mai 2023 \u00e0 14 h en l\u2019\u00e9glise Marie-Immacul\u00e9e situ\u00e9e au 180, rue Papineau \u00e0 Sept-\u00celes.<\/p>\n<p>Selon ses volont\u00e9s, il a \u00e9t\u00e9 confi\u00e9 au cr\u00e9matorium de la Maison Mallet &amp; fils pour cr\u00e9mation.<\/p>\n<p>Il laisse dans le deuil outre sa conjointe madame Rachelle Laurent, sa s\u0153ur Gis\u00e8le (Bernard), ses fr\u00e8res\u00a0: Georges (R\u00e9jeanne), Claudien (Jeanne-Paule) et Donald (Denise), ses belles s\u0153urs\u00a0: Fran\u00e7oise et Juliette, son beau-fr\u00e8re Michel (Claude) ainsi que ses neveux, ses ni\u00e8ces, ses cousins, ses cousines, et de nombreux ami(e)s.<\/p>\n<p>La famille a confi\u00e9 la direction des fun\u00e9railles aux services professionnels de la Maison Mallet &amp; fils du 585, boul. Laure \u00e0 Sept-\u00celes, maintenant reconnue Distinction et membre de la Corporation des Thanatologues du Qu\u00e9bec.<\/p>\n<p>Vous pouvez consulter cet avis de d\u00e9c\u00e8s, sur le <a href=\"https:\/\/nouveau.maisonmallet.com\">www.maisonmallet.com<\/a><\/p>\n<p>Ceux et celles qui le d\u00e9sirent, peuvent y envoyer des messages de sympathie.<\/p>\n<hr \/>\n<p>Envoyer vos condol\u00e9ances<\/p>\n<p>[contact-form to=\u00a0\u00bbkatineish@live.ca\u00a0\u00bb subject=\u00a0\u00bbCondol\u00e9ances Serge Joseph\u00a0\u00bb][contact-field label=\u00a0\u00bbVotre nom\u00a0\u00bb type=\u00a0\u00bbname\u00a0\u00bb required=\u00a0\u00bb1&Prime;][contact-field label=\u00a0\u00bbVotre courriel\u00a0\u00bb type=\u00a0\u00bbemail\u00a0\u00bb required=\u00a0\u00bb1&Prime;][contact-field label=\u00a0\u00bbCondol\u00e9ances\u00a0\u00bb type=\u00a0\u00bbtextarea\u00a0\u00bb][\/contact-form]<\/p>\n","protected":false},"featured_media":38405,"template":"","event_cat":[6],"class_list":["post-38376","event","type-event","status-publish","has-post-thumbnail","hentry","event_cat-maison-mallet-et-fils-inc"],"_links":{"self":[{"href":"https:\/\/nouveau.maisonmallet.com\/back05_01\/index.php?rest_route=\/wp\/v2\/event\/38376","targetHints":{"allow":["GET"]}}],"collection":[{"href":"https:\/\/nouveau.maisonmallet.com\/back05_01\/index.php?rest_route=\/wp\/v2\/event"}],"about":[{"href":"https:\/\/nouveau.maisonmallet.com\/back05_01\/index.php?rest_route=\/wp\/v2\/types\/event"}],"wp:featuredmedia":[{"embeddable":true,"href":"https:\/\/nouveau.maisonmallet.com\/back05_01\/index.php?rest_route=\/wp\/v2\/media\/38405"}],"wp:attachment":[{"href":"https:\/\/nouveau.maisonmallet.com\/back05_01\/index.php?rest_route=%2Fwp%2Fv2%2Fmedia&parent=38376"}],"wp:term":[{"taxonomy":"event_cat","embeddable":true,"href":"https:\/\/nouveau.maisonmallet.com\/back05_01\/index.php?rest_route=%2Fwp%2Fv2%2Fevent_cat&post=38376"}],"curies":[{"name":"wp","href":"https:\/\/api.w.org\/{rel}","templated":true}]}}

<p>Le Complexe Thanatologique Mallet &amp; fils a le regret de vous annoncer le décès de</p>
<p>&nbsp;</p>
<p>Serge Joseph</p>
<p>1955 – 2023</p>
<p>&nbsp;</p>
<p>&nbsp;</p>
<p>&nbsp;</p>
<p>À Sept-Îles, le 24 janvier 2023, est décédé l’âge de 67 ans, monsieur Serge Joseph conjoint de madame Rachelle Laurent et domicilié à Uashat.</p>
<p>Les funérailles de monsieur Serge Joseph auront lieu le vendredi 26 mai 2023 à 14 h en l’église Marie-Immaculée située au 180, rue Papineau à Sept-Îles.</p>
<p>Selon ses volontés, il a été confié au crématorium de la Maison Mallet &amp; fils pour crémation.</p>
<p>Il laisse dans le deuil outre sa conjointe madame Rachelle Laurent, sa sœur Gisèle (Bernard), ses frères : Georges (Réjeanne), Claudien (Jeanne-Paule) et Donald (Denise), ses belles sœurs : Françoise et Juliette, son beau-frère Michel (Claude) ainsi que ses neveux, ses nièces, ses cousins, ses cousines, et de nombreux ami(e)s.</p>
<p>La famille a confié la direction des funérailles aux services professionnels de la Maison Mallet &amp; fils du 585, boul. Laure à Sept-Îles, maintenant reconnue Distinction et membre de la Corporation des Thanatologues du Québec.</p>
<p>Vous pouvez consulter cet avis de décès, sur le <a href="https://nouveau.maisonmallet.com">www.maisonmallet.com</a></p>
<p>Ceux et celles qui le désirent, peuvent y envoyer des messages de sympathie.</p>
<hr />
<p>Envoyer vos condoléances</p>
<p>[contact-form to= »katineish@live.ca » subject= »Condoléances Serge Joseph »][contact-field label= »Votre nom » type= »name » required= »1&Prime;][contact-field label= »Votre courriel » type= »email » required= »1&Prime;][contact-field label= »Condoléances » type= »textarea »][/contact-form]</p>
