{"id":3850,"date":"2019-07-20T19:43:06","date_gmt":"2019-07-20T23:43:06","guid":{"rendered":"https:\/\/nouveau.maisonmallet.com\/?post_type=event&#038;p=3850"},"modified":"2019-07-24T08:40:31","modified_gmt":"2019-07-24T12:40:31","slug":"vigneault-lionel280432","status":"publish","type":"event","link":"https:\/\/nouveau.maisonmallet.com\/back05_01\/?event=vigneault-lionel280432","title":{"rendered":"VIGNEAULT, Lionel"},"content":{"rendered":"<p>1932-2019<\/p>\n<p>\u00c0 Havre-Saint-Pierre, le 20 juillet 2019, est d\u00e9c\u00e9d\u00e9 \u00e0 l\u2019\u00e2ge de 87 ans et 2 mois monsieur Lionel Vigneault fils de feu Wilfrid Vigneault et de feue Maria Carbonneau domicili\u00e9 \u00e0 Havre-Saint-Pierre.<\/p>\n<p>Les fun\u00e9railles de monsieur Lionel Vigneault auront lieu le samedi 27 juillet 2019 \u00e0 11 h 00 en l\u2019\u00e9glise de l\u2019Immacul\u00e9e-Conception de Natashquan.<\/p>\n<p>Selon ses volont\u00e9s, il a \u00e9t\u00e9 confi\u00e9 au cr\u00e9matorium de la Maison L.J.G. Mallet pour cr\u00e9mation.<\/p>\n<p>La famille re\u00e7oit parents et amis le samedi 27 juillet 2019 jour des fun\u00e9railles \u00e0 compter de 10 h 00 \u00e0 l`\u00c9glise de l\u2019Immacul\u00e9e-Conception de Natashquan.<\/p>\n<p>Il laisse dans le deuil ses ni\u00e8ces France (Wilfrid Bourgeois) et Brigitte (Gaston Landry), son neveu Wilfrid et de nombreux ami(e)s.<\/p>\n<p>Vos marques de sympathie peuvent se traduire par un don \u00e0 la fondation du centre de sant\u00e9 de la Minganie.<\/p>\n<p>La famille a confi\u00e9 la direction des fun\u00e9railles aux services professionnels de la Maison L.J.G. Mallet du 1429, rue du Canot \u00e0 Havre-Saint-Pierre, maintenant reconnue Distinction et membre de la Corporation des Thanatologues du Qu\u00e9bec.<\/p>\n<p>Vous pouvez consulter cet avis de d\u00e9c\u00e8s sur le <a href=\"https:\/\/nouveau.maisonmallet.com\/back05_01\/\">www.maisonmallet.com<\/a><\/p>\n<p>Ceux et celles qui le d\u00e9sirent, peuvent y envoyer des messages de sympathie.<\/p>\n<p>&nbsp;<\/p>\n<p>&nbsp;<\/p>\n<hr \/>\n<p>Envoyer vos condol\u00e9ances<\/p>\n<p>[contact-form to=\u00a0\u00bbVigneault.france@globetrotter.net\u00a0\u00bb subject=\u00a0\u00bbCondol\u00e9ances Lionel Vigneault\u00a0\u00bb][contact-field label=\u00a0\u00bbVotre nom\u00a0\u00bb type=\u00a0\u00bbname\u00a0\u00bb required=\u00a0\u00bb1&Prime;][contact-field label=\u00a0\u00bbVotre courriel\u00a0\u00bb type=\u00a0\u00bbemail\u00a0\u00bb required=\u00a0\u00bb1&Prime;][contact-field label=\u00a0\u00bbCondol\u00e9ances\u00a0\u00bb type=\u00a0\u00bbtextarea\u00a0\u00bb][\/contact-form]<\/p>\n","protected":false},"featured_media":3852,"template":"","event_cat":[7],"class_list":["post-3850","event","type-event","status-publish","has-post-thumbnail","hentry","event_cat-maison-l-j-g-mallet-inc"],"_links":{"self":[{"href":"https:\/\/nouveau.maisonmallet.com\/back05_01\/index.php?rest_route=\/wp\/v2\/event\/3850","targetHints":{"allow":["GET"]}}],"collection":[{"href":"https:\/\/nouveau.maisonmallet.com\/back05_01\/index.php?rest_route=\/wp\/v2\/event"}],"about":[{"href":"https:\/\/nouveau.maisonmallet.com\/back05_01\/index.php?rest_route=\/wp\/v2\/types\/event"}],"wp:featuredmedia":[{"embeddable":true,"href":"https:\/\/nouveau.maisonmallet.com\/back05_01\/index.php?rest_route=\/wp\/v2\/media\/3852"}],"wp:attachment":[{"href":"https:\/\/nouveau.maisonmallet.com\/back05_01\/index.php?rest_route=%2Fwp%2Fv2%2Fmedia&parent=3850"}],"wp:term":[{"taxonomy":"event_cat","embeddable":true,"href":"https:\/\/nouveau.maisonmallet.com\/back05_01\/index.php?rest_route=%2Fwp%2Fv2%2Fevent_cat&post=3850"}],"curies":[{"name":"wp","href":"https:\/\/api.w.org\/{rel}","templated":true}]}}

<p>1932-2019</p>
<p>À Havre-Saint-Pierre, le 20 juillet 2019, est décédé à l’âge de 87 ans et 2 mois monsieur Lionel Vigneault fils de feu Wilfrid Vigneault et de feue Maria Carbonneau domicilié à Havre-Saint-Pierre.</p>
<p>Les funérailles de monsieur Lionel Vigneault auront lieu le samedi 27 juillet 2019 à 11 h 00 en l’église de l’Immaculée-Conception de Natashquan.</p>
<p>Selon ses volontés, il a été confié au crématorium de la Maison L.J.G. Mallet pour crémation.</p>
<p>La famille reçoit parents et amis le samedi 27 juillet 2019 jour des funérailles à compter de 10 h 00 à l`Église de l’Immaculée-Conception de Natashquan.</p>
<p>Il laisse dans le deuil ses nièces France (Wilfrid Bourgeois) et Brigitte (Gaston Landry), son neveu Wilfrid et de nombreux ami(e)s.</p>
<p>Vos marques de sympathie peuvent se traduire par un don à la fondation du centre de santé de la Minganie.</p>
<p>La famille a confié la direction des funérailles aux services professionnels de la Maison L.J.G. Mallet du 1429, rue du Canot à Havre-Saint-Pierre, maintenant reconnue Distinction et membre de la Corporation des Thanatologues du Québec.</p>
<p>Vous pouvez consulter cet avis de décès sur le <a href="https://nouveau.maisonmallet.com/back05_01/">www.maisonmallet.com</a></p>
<p>Ceux et celles qui le désirent, peuvent y envoyer des messages de sympathie.</p>
<p>&nbsp;</p>
<p>&nbsp;</p>
<hr />
<p>Envoyer vos condoléances</p>
<p>[contact-form to= »Vigneault.france@globetrotter.net » subject= »Condoléances Lionel Vigneault »][contact-field label= »Votre nom » type= »name » required= »1&Prime;][contact-field label= »Votre courriel » type= »email » required= »1&Prime;][contact-field label= »Condoléances » type= »textarea »][/contact-form]</p>
