{"id":38502,"date":"2023-02-09T21:08:36","date_gmt":"2023-02-10T02:08:36","guid":{"rendered":"https:\/\/nouveau.maisonmallet.com\/?post_type=event&#038;p=38502"},"modified":"2023-02-11T09:54:27","modified_gmt":"2023-02-11T14:54:27","slug":"mestenapeo-martin","status":"publish","type":"event","link":"https:\/\/nouveau.maisonmallet.com\/back05_01\/?event=mestenapeo-martin","title":{"rendered":"MEST\u00c9NAP\u00c9O, Martin"},"content":{"rendered":"<p>La Maison L.J.G. Mallet a le regret de vous annoncer le d\u00e9c\u00e8s de<\/p>\n<p>&nbsp;<\/p>\n<p>Martin Mest\u00e9nap\u00e9o<\/p>\n<p>1965 \u2013 2023<\/p>\n<p>&nbsp;<\/p>\n<p>\u00c0 Havre-Saint-Pierre, le 9 f\u00e9vrier 2023, est d\u00e9c\u00e9d\u00e9 \u00e0 l\u2019\u00e2ge de 57 ans, monsieur Martin Mest\u00e9nap\u00e9o \u00e9poux de madame Marie-Anne Bellefleur et domicili\u00e9 \u00e0 Nutashkuan.<\/p>\n<p>Les fun\u00e9railles de monsieur Martin Mest\u00e9nap\u00e9o auront lieu le mardi 14 f\u00e9vrier 2023 \u00e0 10 h en l\u2019\u00e9glise Notre-Dame-des-Indiens de Nutashkuan et de l\u00e0 au cimeti\u00e8re de l\u2019endroit.<\/p>\n<p>La famille re\u00e7oit parents et amis le dimanche 12 f\u00e9vrier 2023 \u00e0 compter de 12 h au 113, rue Tettaut \u00e0 Nutashkuan.<\/p>\n<p>Il laisse dans le deuil outre son \u00e9pouse madame Marie-Anne Bellefleur, ses fils Eddy (Christina Bellefleur) et Robin (H\u00e9l\u00e8na Mark), sa fille Liane (Christophe Lalo), ses sept petits-enfants, sa m\u00e8re madame Marie-Ange Malec ainsi que ses fr\u00e8res, ses s\u0153urs, ses beaux-fr\u00e8res, ses belles-s\u0153urs, ses neveux, ses ni\u00e8ces, ses oncles, ses tantes, ses cousins, ses cousines, ses coll\u00e8ges de travail et de nombreux amis.<\/p>\n<p>La famille a confi\u00e9 la direction des fun\u00e9railles aux services professionnels de la Maison L.J.G. Mallet du 1429, rue du Canot \u00e0 Havre-Saint-Pierre, maintenant reconnue Distinction et membre de la Corporation des Thanatologues du Qu\u00e9bec.<\/p>\n<p>Vous pouvez consulter cet avis de d\u00e9c\u00e8s sur le <a href=\"https:\/\/nouveau.maisonmallet.com\">www.maisonmallet.com<\/a><\/p>\n<p>Ceux et celles qui le d\u00e9sirent, peuvent y envoyer des messages de sympathie.<\/p>\n<hr \/>\n<p>Envoyer vos condol\u00e9ances<\/p>\n<p>[contact-form to=\u00a0\u00bbbelflema_9@hotmail.com\u00a0\u00bb subject=\u00a0\u00bbCondol\u00e9ances Martin Mest\u00e9nap\u00e9o\u00a0\u00bb][contact-field label=\u00a0\u00bbVotre nom\u00a0\u00bb type=\u00a0\u00bbname\u00a0\u00bb required=\u00a0\u00bb1&Prime;][contact-field label=\u00a0\u00bbVotre courriel\u00a0\u00bb type=\u00a0\u00bbemail\u00a0\u00bb required=\u00a0\u00bb1&Prime;][contact-field label=\u00a0\u00bbCondol\u00e9ances\u00a0\u00bb type=\u00a0\u00bbtextarea\u00a0\u00bb][\/contact-form]<\/p>\n","protected":false},"featured_media":38521,"template":"","event_cat":[7],"class_list":["post-38502","event","type-event","status-publish","has-post-thumbnail","hentry","event_cat-maison-l-j-g-mallet-inc"],"_links":{"self":[{"href":"https:\/\/nouveau.maisonmallet.com\/back05_01\/index.php?rest_route=\/wp\/v2\/event\/38502","targetHints":{"allow":["GET"]}}],"collection":[{"href":"https:\/\/nouveau.maisonmallet.com\/back05_01\/index.php?rest_route=\/wp\/v2\/event"}],"about":[{"href":"https:\/\/nouveau.maisonmallet.com\/back05_01\/index.php?rest_route=\/wp\/v2\/types\/event"}],"wp:featuredmedia":[{"embeddable":true,"href":"https:\/\/nouveau.maisonmallet.com\/back05_01\/index.php?rest_route=\/wp\/v2\/media\/38521"}],"wp:attachment":[{"href":"https:\/\/nouveau.maisonmallet.com\/back05_01\/index.php?rest_route=%2Fwp%2Fv2%2Fmedia&parent=38502"}],"wp:term":[{"taxonomy":"event_cat","embeddable":true,"href":"https:\/\/nouveau.maisonmallet.com\/back05_01\/index.php?rest_route=%2Fwp%2Fv2%2Fevent_cat&post=38502"}],"curies":[{"name":"wp","href":"https:\/\/api.w.org\/{rel}","templated":true}]}}

MESTÉNAPÉO, Martin

<p>La Maison L.J.G. Mallet a le regret de vous annoncer le décès de</p>
<p>&nbsp;</p>
<p>Martin Mesténapéo</p>
<p>1965 – 2023</p>
<p>&nbsp;</p>
<p>À Havre-Saint-Pierre, le 9 février 2023, est décédé à l’âge de 57 ans, monsieur Martin Mesténapéo époux de madame Marie-Anne Bellefleur et domicilié à Nutashkuan.</p>
<p>Les funérailles de monsieur Martin Mesténapéo auront lieu le mardi 14 février 2023 à 10 h en l’église Notre-Dame-des-Indiens de Nutashkuan et de là au cimetière de l’endroit.</p>
<p>La famille reçoit parents et amis le dimanche 12 février 2023 à compter de 12 h au 113, rue Tettaut à Nutashkuan.</p>
<p>Il laisse dans le deuil outre son épouse madame Marie-Anne Bellefleur, ses fils Eddy (Christina Bellefleur) et Robin (Hélèna Mark), sa fille Liane (Christophe Lalo), ses sept petits-enfants, sa mère madame Marie-Ange Malec ainsi que ses frères, ses sœurs, ses beaux-frères, ses belles-sœurs, ses neveux, ses nièces, ses oncles, ses tantes, ses cousins, ses cousines, ses collèges de travail et de nombreux amis.</p>
<p>La famille a confié la direction des funérailles aux services professionnels de la Maison L.J.G. Mallet du 1429, rue du Canot à Havre-Saint-Pierre, maintenant reconnue Distinction et membre de la Corporation des Thanatologues du Québec.</p>
<p>Vous pouvez consulter cet avis de décès sur le <a href="https://nouveau.maisonmallet.com">www.maisonmallet.com</a></p>
<p>Ceux et celles qui le désirent, peuvent y envoyer des messages de sympathie.</p>
<hr />
<p>Envoyer vos condoléances</p>
<p>[contact-form to= »belflema_9@hotmail.com » subject= »Condoléances Martin Mesténapéo »][contact-field label= »Votre nom » type= »name » required= »1&Prime;][contact-field label= »Votre courriel » type= »email » required= »1&Prime;][contact-field label= »Condoléances » type= »textarea »][/contact-form]</p>
