{"id":38648,"date":"2023-02-13T18:08:13","date_gmt":"2023-02-13T23:08:13","guid":{"rendered":"https:\/\/nouveau.maisonmallet.com\/?post_type=event&#038;p=38648"},"modified":"2023-07-09T19:08:42","modified_gmt":"2023-07-09T23:08:42","slug":"morneau-francis","status":"publish","type":"event","link":"https:\/\/nouveau.maisonmallet.com\/back05_01\/?event=morneau-francis","title":{"rendered":"MORNEAU, Francis"},"content":{"rendered":"<p>Le Complexe Thanatologique Mallet &amp; fils a le regret de vous annoncer le d\u00e9c\u00e8s de<\/p>\n<p>&nbsp;<\/p>\n<p>Francis Morneau<\/p>\n<p>1967 \u2013 2023<\/p>\n<p>\u00c0 Montr\u00e9al, le 13 f\u00e9vrier 2023, est d\u00e9c\u00e9d\u00e9 \u00e0 l\u2019\u00e2ge de 55 ans, monsieur Francis Morneau fils de feu Roger Morneau et de madame Ida Lizotte domicili\u00e9 \u00e0 Montr\u00e9al.<\/p>\n<p>La c\u00e9r\u00e9monie comm\u00e9morative de monsieur Francis Morneau aura lieu le samedi 3 juin 2023 \u00e0 15 h \u00e0 la chapelle du Complexe Thanatologique Mallet &amp; fils du 585, Boul. Laure \u00e0 Sept-\u00celes et de l\u00e0 au cimeti\u00e8re Catholique de Sept-\u00celes.<\/p>\n<p>Selon ses volont\u00e9s, il a \u00e9t\u00e9 confi\u00e9 au bon soin de la Maison Mallet &amp; fils.<\/p>\n<p>La famille re\u00e7oit parents et amis le samedi 3 juin 2023 de 13 h \u00e0 16 h au Complexe Thanatologique Mallet &amp; fils du 585 Boul. Laure \u00e0 Sept-\u00celes.<\/p>\n<p>Il laisse dans le deuil sa m\u00e8re madame Ida Lizotte (feu Roger Morneau), sa s\u0153ur Chantal (Jean-Paul Babin), son neveu Simon (No\u00e9mie Laforest), sa ni\u00e8ce Sarah-Pier (Dimitri St-Pierre), sa petite-ni\u00e8ce Jade ainsi que ses oncles, ses tantes, ses cousins, ses cousines et ses ami(e)s.<\/p>\n<p>Vos marques de sympathie peuvent se traduire par un don \u00e0 la Fondation des maladies du c\u0153ur et de l\u2019AVC\u00a0<a style=\"font-weight: inherit; font-style: inherit;\" href=\"http:\/\/www.coeuretavc.ca\/\">www.coeuretavc.ca<\/a><\/p>\n<p>La famille a confi\u00e9 les arrangements aux services professionnels de la Maison Mallet &amp; fils du 585 Boul. Laure \u00e0 Sept-\u00celes, maintenant reconnue Distinction et membre de la Corporation des Thanatologues du Qu\u00e9bec.<\/p>\n<p>Vous pouvez consulter cet avis de d\u00e9c\u00e8s sur le\u00a0:\u00a0<a style=\"font-weight: inherit; font-style: inherit;\" href=\"https:\/\/nouveau.maisonmallet.com\/\">www.maisonmallet.com<\/a><\/p>\n<p>&nbsp;<\/p>\n<p>Ceux et celles qui le d\u00e9sirent, peuvent y envoyer des messages de sympathie.<\/p>\n<hr \/>\n<p>Envoyer vos condol\u00e9ances<\/p>\n<p>[contact-form to=\u00a0\u00bbchantmorneau@yahoo.ca\u00a0\u00bb subject=\u00a0\u00bbCondol\u00e9ances Francis Morneau\u00a0\u00bb][contact-field label=\u00a0\u00bbVotre nom\u00a0\u00bb type=\u00a0\u00bbname\u00a0\u00bb required=\u00a0\u00bb1&Prime;][contact-field label=\u00a0\u00bbVotre courriel\u00a0\u00bb type=\u00a0\u00bbemail\u00a0\u00bb required=\u00a0\u00bb1&Prime;][contact-field label=\u00a0\u00bbCondol\u00e9ances\u00a0\u00bb type=\u00a0\u00bbtextarea\u00a0\u00bb][\/contact-form]<\/p>\n","protected":false},"featured_media":38664,"template":"","event_cat":[6],"class_list":["post-38648","event","type-event","status-publish","has-post-thumbnail","hentry","event_cat-maison-mallet-et-fils-inc"],"_links":{"self":[{"href":"https:\/\/nouveau.maisonmallet.com\/back05_01\/index.php?rest_route=\/wp\/v2\/event\/38648","targetHints":{"allow":["GET"]}}],"collection":[{"href":"https:\/\/nouveau.maisonmallet.com\/back05_01\/index.php?rest_route=\/wp\/v2\/event"}],"about":[{"href":"https:\/\/nouveau.maisonmallet.com\/back05_01\/index.php?rest_route=\/wp\/v2\/types\/event"}],"wp:featuredmedia":[{"embeddable":true,"href":"https:\/\/nouveau.maisonmallet.com\/back05_01\/index.php?rest_route=\/wp\/v2\/media\/38664"}],"wp:attachment":[{"href":"https:\/\/nouveau.maisonmallet.com\/back05_01\/index.php?rest_route=%2Fwp%2Fv2%2Fmedia&parent=38648"}],"wp:term":[{"taxonomy":"event_cat","embeddable":true,"href":"https:\/\/nouveau.maisonmallet.com\/back05_01\/index.php?rest_route=%2Fwp%2Fv2%2Fevent_cat&post=38648"}],"curies":[{"name":"wp","href":"https:\/\/api.w.org\/{rel}","templated":true}]}}

<p>Le Complexe Thanatologique Mallet &amp; fils a le regret de vous annoncer le décès de</p>
<p>&nbsp;</p>
<p>Francis Morneau</p>
<p>1967 – 2023</p>
<p>À Montréal, le 13 février 2023, est décédé à l’âge de 55 ans, monsieur Francis Morneau fils de feu Roger Morneau et de madame Ida Lizotte domicilié à Montréal.</p>
<p>La cérémonie commémorative de monsieur Francis Morneau aura lieu le samedi 3 juin 2023 à 15 h à la chapelle du Complexe Thanatologique Mallet &amp; fils du 585, Boul. Laure à Sept-Îles et de là au cimetière Catholique de Sept-Îles.</p>
<p>Selon ses volontés, il a été confié au bon soin de la Maison Mallet &amp; fils.</p>
<p>La famille reçoit parents et amis le samedi 3 juin 2023 de 13 h à 16 h au Complexe Thanatologique Mallet &amp; fils du 585 Boul. Laure à Sept-Îles.</p>
<p>Il laisse dans le deuil sa mère madame Ida Lizotte (feu Roger Morneau), sa sœur Chantal (Jean-Paul Babin), son neveu Simon (Noémie Laforest), sa nièce Sarah-Pier (Dimitri St-Pierre), sa petite-nièce Jade ainsi que ses oncles, ses tantes, ses cousins, ses cousines et ses ami(e)s.</p>
<p>Vos marques de sympathie peuvent se traduire par un don à la Fondation des maladies du cœur et de l’AVC <a style="font-weight: inherit; font-style: inherit;" href="http://www.coeuretavc.ca/">www.coeuretavc.ca</a></p>
<p>La famille a confié les arrangements aux services professionnels de la Maison Mallet &amp; fils du 585 Boul. Laure à Sept-Îles, maintenant reconnue Distinction et membre de la Corporation des Thanatologues du Québec.</p>
<p>Vous pouvez consulter cet avis de décès sur le : <a style="font-weight: inherit; font-style: inherit;" href="https://nouveau.maisonmallet.com/">www.maisonmallet.com</a></p>
<p>&nbsp;</p>
<p>Ceux et celles qui le désirent, peuvent y envoyer des messages de sympathie.</p>
<hr />
<p>Envoyer vos condoléances</p>
<p>[contact-form to= »chantmorneau@yahoo.ca » subject= »Condoléances Francis Morneau »][contact-field label= »Votre nom » type= »name » required= »1&Prime;][contact-field label= »Votre courriel » type= »email » required= »1&Prime;][contact-field label= »Condoléances » type= »textarea »][/contact-form]</p>
