{"id":3875,"date":"2019-07-21T20:32:32","date_gmt":"2019-07-22T00:32:32","guid":{"rendered":"https:\/\/nouveau.maisonmallet.com\/?post_type=event&#038;p=3875"},"modified":"2019-07-24T09:49:50","modified_gmt":"2019-07-24T13:49:50","slug":"croft-gilles10031929","status":"publish","type":"event","link":"https:\/\/nouveau.maisonmallet.com\/back05_01\/?event=croft-gilles10031929","title":{"rendered":"CROFT, Gilles"},"content":{"rendered":"<p>1929 \u2013 2019<\/p>\n<p>CROFT, Gilles<\/p>\n<p>&nbsp;<\/p>\n<p>&nbsp;<\/p>\n<p>\u00c0 Sept-\u00celes, le 21 juillet 2019, est d\u00e9c\u00e9d\u00e9 \u00e0 l\u2019\u00e2ge de 90 ans, monsieur Gilles Croft \u00e9poux de madame Solange Dub\u00e9 et domicili\u00e9 \u00e0 Sept-\u00celes.<\/p>\n<p>Les fun\u00e9railles de monsieur Gilles Croft auront lieu le samedi 27 juillet 2019 \u00e0 13 h en l\u2019\u00e9glise St-Joseph situ\u00e9e au 535, ave. Brochu \u00e0 Sept-\u00celes et de l\u00e0 au cr\u00e9matorium de la maison Mallet &amp; fils pour cr\u00e9mation.<\/p>\n<p>La famille re\u00e7oit parents et amis le vendredi 26 juillet 2019 de 19 h \u00e0 22 h. Le samedi 27 juillet 2019 jour des fun\u00e9railles \u00e0 compter de 11 h 30 au Complexe Thanatologique Mallet &amp; fils du 585, boul. Laure \u00e0 Sept-\u00celes.<\/p>\n<p>Il laisse dans le deuil outre son \u00e9pouse madame Solange Dub\u00e9 Croft, ses filles\u00a0: Maryse (Fran\u00e7ois Loiselle) et Nathalie (S\u00e9bastien Bernier), ses fils\u00a0: Jean-C\u00f4me (Danielle Morisette) et Benoit, ses petits-enfants\u00a0: St\u00e9phanie, Sophie, Nicolas, Laurence, Eric et Gabrielle ainsi que ses beaux-fr\u00e8res, ses belles-s\u0153urs, ses neveux, ses ni\u00e8ces, ses cousins, ses cousines et de nombreux ami(e)s.<\/p>\n<p>Vos marques de sympathie peuvent se traduire par un don \u00e0 l\u2019Association Pulmonaire Qu\u00e9bec <a href=\"http:\/\/www.pq.poumon.ca\/\">www.pq.poumon.ca<\/a><\/p>\n<p>Nous remercions tout particuli\u00e8rement l\u2019\u00e9quipe de la travers\u00e9e des auxiliaires b\u00e9n\u00e9voles de Sept-\u00celes ainsi que le personnel hospitalier.<\/p>\n<p>La famille a confi\u00e9 la direction des fun\u00e9railles aux services professionnels de la Maison Mallet &amp; fils du 585 boul. Laure \u00e0 Sept-\u00celes, maintenant reconnue Distinction et membre de la Corporation des Thanatologues du Qu\u00e9bec.<\/p>\n<p>Vous pouvez consulter cet avis de d\u00e9c\u00e8s sur le <a href=\"https:\/\/nouveau.maisonmallet.com\/back05_01\/\">www.maisonmallet.com<\/a><\/p>\n<p>Ceux et celles qui le d\u00e9sirent, peuvent y envoyer des messages de sympathie.<\/p>\n<p>&nbsp;<\/p>\n<hr \/>\n<p>Envoyer vos condol\u00e9ances<\/p>\n<p>[contact-form to=\u00a0\u00bbgilsol60@gmail.com\u00a0\u00bb subject=\u00a0\u00bbCondol\u00e9ances Gilles Croft\u00a0\u00bb][contact-field label=\u00a0\u00bbVotre nom\u00a0\u00bb type=\u00a0\u00bbname\u00a0\u00bb required=\u00a0\u00bb1&Prime;][contact-field label=\u00a0\u00bbVotre courriel\u00a0\u00bb type=\u00a0\u00bbemail\u00a0\u00bb required=\u00a0\u00bb1&Prime;][contact-field label=\u00a0\u00bbCondol\u00e9ances\u00a0\u00bb type=\u00a0\u00bbtextarea\u00a0\u00bb][\/contact-form]<\/p>\n","protected":false},"featured_media":3880,"template":"","event_cat":[6],"class_list":["post-3875","event","type-event","status-publish","has-post-thumbnail","hentry","event_cat-maison-mallet-et-fils-inc"],"_links":{"self":[{"href":"https:\/\/nouveau.maisonmallet.com\/back05_01\/index.php?rest_route=\/wp\/v2\/event\/3875","targetHints":{"allow":["GET"]}}],"collection":[{"href":"https:\/\/nouveau.maisonmallet.com\/back05_01\/index.php?rest_route=\/wp\/v2\/event"}],"about":[{"href":"https:\/\/nouveau.maisonmallet.com\/back05_01\/index.php?rest_route=\/wp\/v2\/types\/event"}],"wp:featuredmedia":[{"embeddable":true,"href":"https:\/\/nouveau.maisonmallet.com\/back05_01\/index.php?rest_route=\/wp\/v2\/media\/3880"}],"wp:attachment":[{"href":"https:\/\/nouveau.maisonmallet.com\/back05_01\/index.php?rest_route=%2Fwp%2Fv2%2Fmedia&parent=3875"}],"wp:term":[{"taxonomy":"event_cat","embeddable":true,"href":"https:\/\/nouveau.maisonmallet.com\/back05_01\/index.php?rest_route=%2Fwp%2Fv2%2Fevent_cat&post=3875"}],"curies":[{"name":"wp","href":"https:\/\/api.w.org\/{rel}","templated":true}]}}

<p>1929 – 2019</p>
<p>CROFT, Gilles</p>
<p>&nbsp;</p>
<p>&nbsp;</p>
<p>À Sept-Îles, le 21 juillet 2019, est décédé à l’âge de 90 ans, monsieur Gilles Croft époux de madame Solange Dubé et domicilié à Sept-Îles.</p>
<p>Les funérailles de monsieur Gilles Croft auront lieu le samedi 27 juillet 2019 à 13 h en l’église St-Joseph située au 535, ave. Brochu à Sept-Îles et de là au crématorium de la maison Mallet &amp; fils pour crémation.</p>
<p>La famille reçoit parents et amis le vendredi 26 juillet 2019 de 19 h à 22 h. Le samedi 27 juillet 2019 jour des funérailles à compter de 11 h 30 au Complexe Thanatologique Mallet &amp; fils du 585, boul. Laure à Sept-Îles.</p>
<p>Il laisse dans le deuil outre son épouse madame Solange Dubé Croft, ses filles : Maryse (François Loiselle) et Nathalie (Sébastien Bernier), ses fils : Jean-Côme (Danielle Morisette) et Benoit, ses petits-enfants : Stéphanie, Sophie, Nicolas, Laurence, Eric et Gabrielle ainsi que ses beaux-frères, ses belles-sœurs, ses neveux, ses nièces, ses cousins, ses cousines et de nombreux ami(e)s.</p>
<p>Vos marques de sympathie peuvent se traduire par un don à l’Association Pulmonaire Québec <a href="http://www.pq.poumon.ca/">www.pq.poumon.ca</a></p>
<p>Nous remercions tout particulièrement l’équipe de la traversée des auxiliaires bénévoles de Sept-Îles ainsi que le personnel hospitalier.</p>
<p>La famille a confié la direction des funérailles aux services professionnels de la Maison Mallet &amp; fils du 585 boul. Laure à Sept-Îles, maintenant reconnue Distinction et membre de la Corporation des Thanatologues du Québec.</p>
<p>Vous pouvez consulter cet avis de décès sur le <a href="https://nouveau.maisonmallet.com/back05_01/">www.maisonmallet.com</a></p>
<p>Ceux et celles qui le désirent, peuvent y envoyer des messages de sympathie.</p>
<p>&nbsp;</p>
<hr />
<p>Envoyer vos condoléances</p>
<p>[contact-form to= »gilsol60@gmail.com » subject= »Condoléances Gilles Croft »][contact-field label= »Votre nom » type= »name » required= »1&Prime;][contact-field label= »Votre courriel » type= »email » required= »1&Prime;][contact-field label= »Condoléances » type= »textarea »][/contact-form]</p>
