{"id":38780,"date":"2023-02-24T17:05:14","date_gmt":"2023-02-24T22:05:14","guid":{"rendered":"https:\/\/nouveau.maisonmallet.com\/?post_type=event&#038;p=38780"},"modified":"2023-02-24T17:08:48","modified_gmt":"2023-02-24T22:08:48","slug":"boudreault-marie-paule","status":"publish","type":"event","link":"https:\/\/nouveau.maisonmallet.com\/back05_01\/?event=boudreault-marie-paule","title":{"rendered":"BOUDREAULT, Marie-Paule"},"content":{"rendered":"<p>Le Complexe Thanatologique Mallet &amp; fils a le regret de vous annoncer le d\u00e9c\u00e8s de<\/p>\n<p>&nbsp;<\/p>\n<p>Marie-Paule Boudreault<\/p>\n<p>1943 \u2013 2023<\/p>\n<p>&nbsp;<\/p>\n<p>&nbsp;<\/p>\n<p>\u00c0 Port-Cartier, le 22 f\u00e9vrier 2023, est d\u00e9c\u00e9d\u00e9e \u00e0 l\u2019\u00e2ge de 79 ans, madame Marie-Paule Boudreault \u00e9pouse de feu Denis Marquis et domicili\u00e9e \u00e0 Port-Cartier.<\/p>\n<p>Les fun\u00e9railles de madame Marie-Paule Boudreault auront lieu \u00e0 une date ult\u00e9rieure.<\/p>\n<p>Selon ses volont\u00e9s, elle a \u00e9t\u00e9 confi\u00e9e au cr\u00e9matorium de la Maison Mallet &amp; fils pour cr\u00e9mation.<\/p>\n<p>Elle laisse dans le deuil ses fils\u00a0: Mario, Michel (Charles Bilodeau) et Daniel, ses petits-enfants\u00a0: Jonathan (Kim Pouliot), Marie-F\u00e9e (Brian Paquin) et Charles, ses arri\u00e8re-petits-enfants\u00a0: Elizabeth, Marjorie, Benjamin et Bianna ainsi que ses fr\u00e8res, ses s\u0153urs, ses beaux-fr\u00e8res, ses belles-s\u0153urs, ses neveux, ses ni\u00e8ces ses cousins, ses cousines et de nombreux ami(e)s.<\/p>\n<p>Vos marques de sympathie peuvent se traduire par un don \u00e0 la soci\u00e9t\u00e9 Alzheimer C\u00f4te-Nord <a href=\"http:\/\/www.societealzheimercotenord.com\">www.societealzheimercotenord.com<\/a><\/p>\n<p>La famille a confi\u00e9 la direction des fun\u00e9railles aux services professionnels de la maison Mallet &amp; fils du 57, route 138 \u00e0 Port-Cartier, maintenant reconnue Distinction et membre de la Corporation des Thanatologues du Qu\u00e9bec.<\/p>\n<p>Vous pouvez consulter cet avis de d\u00e9c\u00e8s, sur le <a href=\"https:\/\/nouveau.maisonmallet.com\">www.maisonmallet.com<\/a><\/p>\n<p>Ceux et celles qui le d\u00e9sirent, peuvent y envoyer des messages de sympathie.<\/p>\n<hr \/>\n<p>Envoyer vos condol\u00e9ances<\/p>\n<p>[contact-form to=\u00a0\u00bbmariomarquis65@outlook.com\u00a0\u00bb subject=\u00a0\u00bbCondol\u00e9ances\u00a0\u00bb][contact-field label=\u00a0\u00bbVotre nom\u00a0\u00bb type=\u00a0\u00bbname\u00a0\u00bb required=\u00a0\u00bb1&Prime;][contact-field label=\u00a0\u00bbVotre courriel\u00a0\u00bb type=\u00a0\u00bbemail\u00a0\u00bb required=\u00a0\u00bb1&Prime;][contact-field label=\u00a0\u00bbCondol\u00e9ances\u00a0\u00bb type=\u00a0\u00bbtextarea\u00a0\u00bb][\/contact-form]<\/p>\n","protected":false},"featured_media":38796,"template":"","event_cat":[6],"class_list":["post-38780","event","type-event","status-publish","has-post-thumbnail","hentry","event_cat-maison-mallet-et-fils-inc"],"_links":{"self":[{"href":"https:\/\/nouveau.maisonmallet.com\/back05_01\/index.php?rest_route=\/wp\/v2\/event\/38780","targetHints":{"allow":["GET"]}}],"collection":[{"href":"https:\/\/nouveau.maisonmallet.com\/back05_01\/index.php?rest_route=\/wp\/v2\/event"}],"about":[{"href":"https:\/\/nouveau.maisonmallet.com\/back05_01\/index.php?rest_route=\/wp\/v2\/types\/event"}],"wp:featuredmedia":[{"embeddable":true,"href":"https:\/\/nouveau.maisonmallet.com\/back05_01\/index.php?rest_route=\/wp\/v2\/media\/38796"}],"wp:attachment":[{"href":"https:\/\/nouveau.maisonmallet.com\/back05_01\/index.php?rest_route=%2Fwp%2Fv2%2Fmedia&parent=38780"}],"wp:term":[{"taxonomy":"event_cat","embeddable":true,"href":"https:\/\/nouveau.maisonmallet.com\/back05_01\/index.php?rest_route=%2Fwp%2Fv2%2Fevent_cat&post=38780"}],"curies":[{"name":"wp","href":"https:\/\/api.w.org\/{rel}","templated":true}]}}

<p>Le Complexe Thanatologique Mallet &amp; fils a le regret de vous annoncer le décès de</p>
<p>&nbsp;</p>
<p>Marie-Paule Boudreault</p>
<p>1943 – 2023</p>
<p>&nbsp;</p>
<p>&nbsp;</p>
<p>À Port-Cartier, le 22 février 2023, est décédée à l’âge de 79 ans, madame Marie-Paule Boudreault épouse de feu Denis Marquis et domiciliée à Port-Cartier.</p>
<p>Les funérailles de madame Marie-Paule Boudreault auront lieu à une date ultérieure.</p>
<p>Selon ses volontés, elle a été confiée au crématorium de la Maison Mallet &amp; fils pour crémation.</p>
<p>Elle laisse dans le deuil ses fils : Mario, Michel (Charles Bilodeau) et Daniel, ses petits-enfants : Jonathan (Kim Pouliot), Marie-Fée (Brian Paquin) et Charles, ses arrière-petits-enfants : Elizabeth, Marjorie, Benjamin et Bianna ainsi que ses frères, ses sœurs, ses beaux-frères, ses belles-sœurs, ses neveux, ses nièces ses cousins, ses cousines et de nombreux ami(e)s.</p>
<p>Vos marques de sympathie peuvent se traduire par un don à la société Alzheimer Côte-Nord <a href="http://www.societealzheimercotenord.com">www.societealzheimercotenord.com</a></p>
<p>La famille a confié la direction des funérailles aux services professionnels de la maison Mallet &amp; fils du 57, route 138 à Port-Cartier, maintenant reconnue Distinction et membre de la Corporation des Thanatologues du Québec.</p>
<p>Vous pouvez consulter cet avis de décès, sur le <a href="https://nouveau.maisonmallet.com">www.maisonmallet.com</a></p>
<p>Ceux et celles qui le désirent, peuvent y envoyer des messages de sympathie.</p>
<hr />
<p>Envoyer vos condoléances</p>
<p>[contact-form to= »mariomarquis65@outlook.com » subject= »Condoléances »][contact-field label= »Votre nom » type= »name » required= »1&Prime;][contact-field label= »Votre courriel » type= »email » required= »1&Prime;][contact-field label= »Condoléances » type= »textarea »][/contact-form]</p>
