{"id":38973,"date":"2023-03-04T13:28:27","date_gmt":"2023-03-04T18:28:27","guid":{"rendered":"https:\/\/nouveau.maisonmallet.com\/?post_type=event&#038;p=38973"},"modified":"2023-03-05T13:36:43","modified_gmt":"2023-03-05T18:36:43","slug":"landry-camil","status":"publish","type":"event","link":"https:\/\/nouveau.maisonmallet.com\/back05_01\/?event=landry-camil","title":{"rendered":"LANDRY, Camil"},"content":{"rendered":"<p>La Maison L.J.G. Mallet a le regret de vous annoncer le d\u00e9c\u00e8s de<\/p>\n<p>&nbsp;<\/p>\n<p>Camil Landry<\/p>\n<p>1950 &#8211; 2023<\/p>\n<p>&nbsp;<\/p>\n<p>\u00c0 Havre-Saint-Pierre, le 2 mars 2023, est d\u00e9c\u00e9d\u00e9 \u00e0 l\u2019\u00e2ge de 72 ans, monsieur Camil Landry \u00e9poux de madame Paulette Gallant et domicili\u00e9 \u00e0 Natashquan.<\/p>\n<p>Les fun\u00e9railles de monsieur Camil Landry auront lieu le samedi 11 mars 2023 \u00e0 11 h en l\u2019\u00e9glise de l\u2019Immacul\u00e9e-Conception de Natashquan.<\/p>\n<p>Selon ses volont\u00e9s, il a \u00e9t\u00e9 confi\u00e9 au cr\u00e9matorium de la Maison L.J.G. Mallet pour cr\u00e9mation.<\/p>\n<p>La famille re\u00e7oit parents et amis le vendredi 10 mars 2023 de 19 h \u00e0 22 h. Le samedi 11 mars 2023 jour des fun\u00e9railles \u00e0 compter de 9 h 30 \u00e0 l\u2019\u00c9glise de Natashquan.<\/p>\n<p>Il laisse dans le deuil outre son \u00e9pouse madame Paulette Gallant, ses fils\u00a0: Steve (Maureen B\u00e9liveau) et Tom (Marie-\u00c8ve Labrie), sa fille St\u00e9phanie (Julien Barnoin), ses petits-fils\u00a0: Anthony, Nathan et Lo\u00efc, ses petites-filles\u00a0: Naomie et M\u00e9lodie ainsi que ses s\u0153urs\u00a0: B\u00e9rang\u00e8re, Micheline, Lucette, Gis\u00e8le et Pauline, ses fr\u00e8res\u00a0: Pierre, Michel et Martin, ses beaux-fr\u00e8res, ses belles-s\u0153urs, ses neveux, ses ni\u00e8ces, ses cousins, ses cousines \u00a0et de nombreux ami(e)s.<\/p>\n<p>La famille a confi\u00e9 la direction des fun\u00e9railles aux services professionnels de la Maison L.J.G. Mallet du 1429, rue du Canot \u00e0 Havre-Saint-Pierre, maintenant reconnue Distinction et membre de la Corporation des Thanatologues du Qu\u00e9bec.<\/p>\n<p>Vous pouvez consulter cet avis de d\u00e9c\u00e8s sur le <a href=\"https:\/\/nouveau.maisonmallet.com\">www.maisonmallet.com<\/a><\/p>\n<p>Ceux et celles qui le d\u00e9sirent, peuvent y envoyer des messages de sympathie.<\/p>\n<hr \/>\n<p>Envoyer vos condol\u00e9ances<\/p>\n<p>[contact-form to=\u00a0\u00bbcampau@telus.net\u00a0\u00bb subject=\u00a0\u00bbCondol\u00e9ances Camil Landry\u00a0\u00bb][contact-field label=\u00a0\u00bbVotre nom\u00a0\u00bb type=\u00a0\u00bbname\u00a0\u00bb required=\u00a0\u00bb1&Prime;][contact-field label=\u00a0\u00bbVotre courriel\u00a0\u00bb type=\u00a0\u00bbemail\u00a0\u00bb required=\u00a0\u00bb1&Prime;][contact-field label=\u00a0\u00bbCondol\u00e9ances\u00a0\u00bb type=\u00a0\u00bbtextarea\u00a0\u00bb][\/contact-form]<\/p>\n","protected":false},"featured_media":39012,"template":"","event_cat":[7],"class_list":["post-38973","event","type-event","status-publish","has-post-thumbnail","hentry","event_cat-maison-l-j-g-mallet-inc"],"_links":{"self":[{"href":"https:\/\/nouveau.maisonmallet.com\/back05_01\/index.php?rest_route=\/wp\/v2\/event\/38973","targetHints":{"allow":["GET"]}}],"collection":[{"href":"https:\/\/nouveau.maisonmallet.com\/back05_01\/index.php?rest_route=\/wp\/v2\/event"}],"about":[{"href":"https:\/\/nouveau.maisonmallet.com\/back05_01\/index.php?rest_route=\/wp\/v2\/types\/event"}],"wp:featuredmedia":[{"embeddable":true,"href":"https:\/\/nouveau.maisonmallet.com\/back05_01\/index.php?rest_route=\/wp\/v2\/media\/39012"}],"wp:attachment":[{"href":"https:\/\/nouveau.maisonmallet.com\/back05_01\/index.php?rest_route=%2Fwp%2Fv2%2Fmedia&parent=38973"}],"wp:term":[{"taxonomy":"event_cat","embeddable":true,"href":"https:\/\/nouveau.maisonmallet.com\/back05_01\/index.php?rest_route=%2Fwp%2Fv2%2Fevent_cat&post=38973"}],"curies":[{"name":"wp","href":"https:\/\/api.w.org\/{rel}","templated":true}]}}

<p>La Maison L.J.G. Mallet a le regret de vous annoncer le décès de</p>
<p>&nbsp;</p>
<p>Camil Landry</p>
<p>1950 &#8211; 2023</p>
<p>&nbsp;</p>
<p>À Havre-Saint-Pierre, le 2 mars 2023, est décédé à l’âge de 72 ans, monsieur Camil Landry époux de madame Paulette Gallant et domicilié à Natashquan.</p>
<p>Les funérailles de monsieur Camil Landry auront lieu le samedi 11 mars 2023 à 11 h en l’église de l’Immaculée-Conception de Natashquan.</p>
<p>Selon ses volontés, il a été confié au crématorium de la Maison L.J.G. Mallet pour crémation.</p>
<p>La famille reçoit parents et amis le vendredi 10 mars 2023 de 19 h à 22 h. Le samedi 11 mars 2023 jour des funérailles à compter de 9 h 30 à l’Église de Natashquan.</p>
<p>Il laisse dans le deuil outre son épouse madame Paulette Gallant, ses fils : Steve (Maureen Béliveau) et Tom (Marie-Ève Labrie), sa fille Stéphanie (Julien Barnoin), ses petits-fils : Anthony, Nathan et Loïc, ses petites-filles : Naomie et Mélodie ainsi que ses sœurs : Bérangère, Micheline, Lucette, Gisèle et Pauline, ses frères : Pierre, Michel et Martin, ses beaux-frères, ses belles-sœurs, ses neveux, ses nièces, ses cousins, ses cousines  et de nombreux ami(e)s.</p>
<p>La famille a confié la direction des funérailles aux services professionnels de la Maison L.J.G. Mallet du 1429, rue du Canot à Havre-Saint-Pierre, maintenant reconnue Distinction et membre de la Corporation des Thanatologues du Québec.</p>
<p>Vous pouvez consulter cet avis de décès sur le <a href="https://nouveau.maisonmallet.com">www.maisonmallet.com</a></p>
<p>Ceux et celles qui le désirent, peuvent y envoyer des messages de sympathie.</p>
<hr />
<p>Envoyer vos condoléances</p>
<p>[contact-form to= »campau@telus.net » subject= »Condoléances Camil Landry »][contact-field label= »Votre nom » type= »name » required= »1&Prime;][contact-field label= »Votre courriel » type= »email » required= »1&Prime;][contact-field label= »Condoléances » type= »textarea »][/contact-form]</p>
