{"id":3900,"date":"2019-07-24T14:42:08","date_gmt":"2019-07-24T18:42:08","guid":{"rendered":"https:\/\/nouveau.maisonmallet.com\/?post_type=event&#038;p=3900"},"modified":"2019-07-26T20:50:44","modified_gmt":"2019-07-27T00:50:44","slug":"bouchard-jean26091948","status":"publish","type":"event","link":"https:\/\/nouveau.maisonmallet.com\/back05_01\/?event=bouchard-jean26091948","title":{"rendered":"BOUCHARD, Jean"},"content":{"rendered":"<p>1948 \u2013 2019<\/p>\n<p>&nbsp;<\/p>\n<p>BOUCHARD, Jean<\/p>\n<p>&nbsp;<\/p>\n<p>\u00c0 Sept-\u00celes, le 24 juillet 2019, est d\u00e9c\u00e9d\u00e9 \u00e0 l\u2019\u00e2ge de 70 ans, monsieur Jean Bouchard \u00e9poux de madame Gilberte Duguay et domicili\u00e9 \u00e0 Sheldrake.<\/p>\n<p>La c\u00e9r\u00e9monie comm\u00e9morative de monsieur Jean Bouchard aura lieu le samedi 27 juillet 2019 \u00e0 21 h 30 \u00e0 la chapelle du Complexe Thanatologique Mallet &amp; fils du 585, Boul. Laure \u00e0 Sept-\u00celes.<\/p>\n<p>Selon ses volont\u00e9s, il a \u00e9t\u00e9 confi\u00e9 au cr\u00e9matorium de la Maison Mallet &amp; fils pour cr\u00e9mation.<\/p>\n<p>La famille re\u00e7oit parents et amis le samedi 27 juillet 2019 jours de la c\u00e9r\u00e9monie de 19 h \u00e0 22 h au Complexe Thanatologique Mallet &amp; fils du 585 boul. Laure \u00e0 Sept-\u00celes.<\/p>\n<p>Il laisse dans le deuil outre son \u00e9pouse madame Gilberte Duguay Bouchard, ses filles : Sonia (Rock Duguay) et M\u00e9lanie (Danny Langlois), son fils Jason (Julie Houde), ses petites-filles : Kate (Jean-Olivier Coulombe), Tania et No\u00e9mie, ses petits-fils : Danick, Simon, Raphael et Dylan ainsi que sa s\u0153ur Jocelyne, ses fr\u00e8res : Norbert (Laurette Lebrun) et G\u00e9rard (Nathalie Dechamplain), ses beaux-fr\u00e8res, ses belles-s\u0153urs, ses neveux, ses ni\u00e8ces, ses cousins, ses cousines et de nombreux ami(e)s.<\/p>\n<p>La famille a confi\u00e9 les arrangements aux services professionnels de la Maison Mallet &amp; fils du 585 Boul. Laure \u00e0 Sept-\u00celes, maintenant reconnue Distinction et membre de la Corporation des Thanatologues du Qu\u00e9bec.<\/p>\n<p>Vous pouvez consulter cet avis de d\u00e9c\u00e8s sur le\u00a0: <a href=\"https:\/\/nouveau.maisonmallet.com\/back05_01\/\">www.maisonmallet.com<\/a><\/p>\n<p>Ceux et celles qui le d\u00e9sirent, peuvent y envoyer des messages de sympathie.<\/p>\n<p>&nbsp;<\/p>\n<hr \/>\n<p>Envoyer vos condol\u00e9ances<\/p>\n<p>[contact-form to=\u00a0\u00bbbou.sonia@gmail.com\u00a0\u00bb subject=\u00a0\u00bbCondol\u00e9ances Jean Bouchard\u00a0\u00bb][contact-field label=\u00a0\u00bbVotre nom\u00a0\u00bb type=\u00a0\u00bbname\u00a0\u00bb required=\u00a0\u00bb1&Prime;][contact-field label=\u00a0\u00bbVotre courriel\u00a0\u00bb type=\u00a0\u00bbemail\u00a0\u00bb required=\u00a0\u00bb1&Prime;][contact-field label=\u00a0\u00bbCondol\u00e9ances\u00a0\u00bb type=\u00a0\u00bbtextarea\u00a0\u00bb][\/contact-form]<\/p>\n","protected":false},"featured_media":3971,"template":"","event_cat":[6],"class_list":["post-3900","event","type-event","status-publish","has-post-thumbnail","hentry","event_cat-maison-mallet-et-fils-inc"],"_links":{"self":[{"href":"https:\/\/nouveau.maisonmallet.com\/back05_01\/index.php?rest_route=\/wp\/v2\/event\/3900","targetHints":{"allow":["GET"]}}],"collection":[{"href":"https:\/\/nouveau.maisonmallet.com\/back05_01\/index.php?rest_route=\/wp\/v2\/event"}],"about":[{"href":"https:\/\/nouveau.maisonmallet.com\/back05_01\/index.php?rest_route=\/wp\/v2\/types\/event"}],"wp:featuredmedia":[{"embeddable":true,"href":"https:\/\/nouveau.maisonmallet.com\/back05_01\/index.php?rest_route=\/wp\/v2\/media\/3971"}],"wp:attachment":[{"href":"https:\/\/nouveau.maisonmallet.com\/back05_01\/index.php?rest_route=%2Fwp%2Fv2%2Fmedia&parent=3900"}],"wp:term":[{"taxonomy":"event_cat","embeddable":true,"href":"https:\/\/nouveau.maisonmallet.com\/back05_01\/index.php?rest_route=%2Fwp%2Fv2%2Fevent_cat&post=3900"}],"curies":[{"name":"wp","href":"https:\/\/api.w.org\/{rel}","templated":true}]}}

<p>1948 – 2019</p>
<p>&nbsp;</p>
<p>BOUCHARD, Jean</p>
<p>&nbsp;</p>
<p>À Sept-Îles, le 24 juillet 2019, est décédé à l’âge de 70 ans, monsieur Jean Bouchard époux de madame Gilberte Duguay et domicilié à Sheldrake.</p>
<p>La cérémonie commémorative de monsieur Jean Bouchard aura lieu le samedi 27 juillet 2019 à 21 h 30 à la chapelle du Complexe Thanatologique Mallet &amp; fils du 585, Boul. Laure à Sept-Îles.</p>
<p>Selon ses volontés, il a été confié au crématorium de la Maison Mallet &amp; fils pour crémation.</p>
<p>La famille reçoit parents et amis le samedi 27 juillet 2019 jours de la cérémonie de 19 h à 22 h au Complexe Thanatologique Mallet &amp; fils du 585 boul. Laure à Sept-Îles.</p>
<p>Il laisse dans le deuil outre son épouse madame Gilberte Duguay Bouchard, ses filles : Sonia (Rock Duguay) et Mélanie (Danny Langlois), son fils Jason (Julie Houde), ses petites-filles : Kate (Jean-Olivier Coulombe), Tania et Noémie, ses petits-fils : Danick, Simon, Raphael et Dylan ainsi que sa sœur Jocelyne, ses frères : Norbert (Laurette Lebrun) et Gérard (Nathalie Dechamplain), ses beaux-frères, ses belles-sœurs, ses neveux, ses nièces, ses cousins, ses cousines et de nombreux ami(e)s.</p>
<p>La famille a confié les arrangements aux services professionnels de la Maison Mallet &amp; fils du 585 Boul. Laure à Sept-Îles, maintenant reconnue Distinction et membre de la Corporation des Thanatologues du Québec.</p>
<p>Vous pouvez consulter cet avis de décès sur le : <a href="https://nouveau.maisonmallet.com/back05_01/">www.maisonmallet.com</a></p>
<p>Ceux et celles qui le désirent, peuvent y envoyer des messages de sympathie.</p>
<p>&nbsp;</p>
<hr />
<p>Envoyer vos condoléances</p>
<p>[contact-form to= »bou.sonia@gmail.com » subject= »Condoléances Jean Bouchard »][contact-field label= »Votre nom » type= »name » required= »1&Prime;][contact-field label= »Votre courriel » type= »email » required= »1&Prime;][contact-field label= »Condoléances » type= »textarea »][/contact-form]</p>
