{"id":3901,"date":"2019-07-26T08:46:45","date_gmt":"2019-07-26T12:46:45","guid":{"rendered":"https:\/\/nouveau.maisonmallet.com\/?post_type=event&#038;p=3901"},"modified":"2019-07-31T17:51:28","modified_gmt":"2019-07-31T21:51:28","slug":"maillet-arthur04071925","status":"publish","type":"event","link":"https:\/\/nouveau.maisonmallet.com\/back05_01\/?event=maillet-arthur04071925","title":{"rendered":"MAILLET, Arthur"},"content":{"rendered":"<p>1925 \u2013 2019<\/p>\n<p>&nbsp;<\/p>\n<p>MAILLET, Arthur<\/p>\n<p>&nbsp;<\/p>\n<p>\u00c0 Sept-\u00celes (maison \u00c9lyme des sables), le 26 juillet 2019, est d\u00e9c\u00e9d\u00e9 \u00e0 l\u2019\u00e2ge de 94 ans, monsieur Arthur Maillet \u00e9poux de feu Yvette Maillet et domicili\u00e9 \u00e0 Sept-\u00celes.<\/p>\n<p>La c\u00e9r\u00e9monie comm\u00e9morative de monsieur Arthur Maillet aura lieu le samedi 14 septembre 2019 \u00e0 15 h, \u00e0 la chapelle du Complexe Thanatologique Mallet &amp; fils du 585, Boul. Laure \u00e0 Sept-\u00celes.<\/p>\n<p>Selon ses volont\u00e9s, il a \u00e9t\u00e9 confi\u00e9 au cr\u00e9matorium de la Maison Mallet &amp; fils pour cr\u00e9mation.<\/p>\n<p>La famille re\u00e7oit parents et amis le samedi 14 septembre 2019, jour de la c\u00e9r\u00e9monie, de 13 h \u00e0 16 h au Complexe Thanatologique Mallet &amp; fils du 585 boul. Laure \u00e0 Sept-\u00celes.<\/p>\n<p>Il laisse dans le deuil ses filles\u00a0: Huguette (Jean-Charles Cyr), Paulette (Ga\u00e9tan Landry), Denise (\u00c9douard Roussy), Patricia (R\u00e9al Bourgeois) et son fils Roger (Luce Grenier), ses neuf petits-enfants, ses six arri\u00e8re-petits-enfants ainsi que son fr\u00e8re, ses deux s\u0153urs, beaux-fr\u00e8res, belles-s\u0153urs, neveux, ni\u00e8ces, cousins, cousines et ami(e)s.<\/p>\n<p>Vos marques de sympathie peuvent se traduire par un don \u00e0 l\u2019\u00c9lyme des sables <a href=\"http:\/\/www.elymedessables.com\/\">www.elymedessables.com<\/a><\/p>\n<p>Vous pouvez consulter cet avis de d\u00e9c\u00e8s sur le\u00a0: <a href=\"https:\/\/nouveau.maisonmallet.com\/back05_01\/\">www.maisonmallet.com<\/a><\/p>\n<p>Ceux et celles qui le d\u00e9sirent, peuvent y envoyer des messages de sympathie.<\/p>\n<p>&nbsp;<\/p>\n<hr \/>\n<p>Envoyer vos condol\u00e9ances<\/p>\n<p>[contact-form to=\u00a0\u00bbMarilou@cgocable.ca\u00a0\u00bb subject=\u00a0\u00bbCondol\u00e9ances Arthur Maillet\u00a0\u00bb][contact-field label=\u00a0\u00bbVotre nom\u00a0\u00bb type=\u00a0\u00bbname\u00a0\u00bb required=\u00a0\u00bb1&Prime;][contact-field label=\u00a0\u00bbVotre courriel\u00a0\u00bb type=\u00a0\u00bbemail\u00a0\u00bb required=\u00a0\u00bb1&Prime;][contact-field label=\u00a0\u00bbCondol\u00e9ances\u00a0\u00bb type=\u00a0\u00bbtextarea\u00a0\u00bb][\/contact-form]<\/p>\n","protected":false},"featured_media":4106,"template":"","event_cat":[6],"class_list":["post-3901","event","type-event","status-publish","has-post-thumbnail","hentry","event_cat-maison-mallet-et-fils-inc"],"_links":{"self":[{"href":"https:\/\/nouveau.maisonmallet.com\/back05_01\/index.php?rest_route=\/wp\/v2\/event\/3901","targetHints":{"allow":["GET"]}}],"collection":[{"href":"https:\/\/nouveau.maisonmallet.com\/back05_01\/index.php?rest_route=\/wp\/v2\/event"}],"about":[{"href":"https:\/\/nouveau.maisonmallet.com\/back05_01\/index.php?rest_route=\/wp\/v2\/types\/event"}],"wp:featuredmedia":[{"embeddable":true,"href":"https:\/\/nouveau.maisonmallet.com\/back05_01\/index.php?rest_route=\/wp\/v2\/media\/4106"}],"wp:attachment":[{"href":"https:\/\/nouveau.maisonmallet.com\/back05_01\/index.php?rest_route=%2Fwp%2Fv2%2Fmedia&parent=3901"}],"wp:term":[{"taxonomy":"event_cat","embeddable":true,"href":"https:\/\/nouveau.maisonmallet.com\/back05_01\/index.php?rest_route=%2Fwp%2Fv2%2Fevent_cat&post=3901"}],"curies":[{"name":"wp","href":"https:\/\/api.w.org\/{rel}","templated":true}]}}

<p>1925 – 2019</p>
<p>&nbsp;</p>
<p>MAILLET, Arthur</p>
<p>&nbsp;</p>
<p>À Sept-Îles (maison Élyme des sables), le 26 juillet 2019, est décédé à l’âge de 94 ans, monsieur Arthur Maillet époux de feu Yvette Maillet et domicilié à Sept-Îles.</p>
<p>La cérémonie commémorative de monsieur Arthur Maillet aura lieu le samedi 14 septembre 2019 à 15 h, à la chapelle du Complexe Thanatologique Mallet &amp; fils du 585, Boul. Laure à Sept-Îles.</p>
<p>Selon ses volontés, il a été confié au crématorium de la Maison Mallet &amp; fils pour crémation.</p>
<p>La famille reçoit parents et amis le samedi 14 septembre 2019, jour de la cérémonie, de 13 h à 16 h au Complexe Thanatologique Mallet &amp; fils du 585 boul. Laure à Sept-Îles.</p>
<p>Il laisse dans le deuil ses filles : Huguette (Jean-Charles Cyr), Paulette (Gaétan Landry), Denise (Édouard Roussy), Patricia (Réal Bourgeois) et son fils Roger (Luce Grenier), ses neuf petits-enfants, ses six arrière-petits-enfants ainsi que son frère, ses deux sœurs, beaux-frères, belles-sœurs, neveux, nièces, cousins, cousines et ami(e)s.</p>
<p>Vos marques de sympathie peuvent se traduire par un don à l’Élyme des sables <a href="http://www.elymedessables.com/">www.elymedessables.com</a></p>
<p>Vous pouvez consulter cet avis de décès sur le : <a href="https://nouveau.maisonmallet.com/back05_01/">www.maisonmallet.com</a></p>
<p>Ceux et celles qui le désirent, peuvent y envoyer des messages de sympathie.</p>
<p>&nbsp;</p>
<hr />
<p>Envoyer vos condoléances</p>
<p>[contact-form to= »Marilou@cgocable.ca » subject= »Condoléances Arthur Maillet »][contact-field label= »Votre nom » type= »name » required= »1&Prime;][contact-field label= »Votre courriel » type= »email » required= »1&Prime;][contact-field label= »Condoléances » type= »textarea »][/contact-form]</p>
