{"id":39063,"date":"2023-03-07T10:13:52","date_gmt":"2023-03-07T15:13:52","guid":{"rendered":"https:\/\/nouveau.maisonmallet.com\/?post_type=event&#038;p=39063"},"modified":"2023-03-08T10:23:53","modified_gmt":"2023-03-08T15:23:53","slug":"noel-raymond","status":"publish","type":"event","link":"https:\/\/nouveau.maisonmallet.com\/back05_01\/?event=noel-raymond","title":{"rendered":"NO\u00cbL, Raymond"},"content":{"rendered":"<p>Le Complexe Thanatologique Mallet &amp; fils a le regret de vous annoncer le d\u00e9c\u00e8s de<\/p>\n<p>&nbsp;<\/p>\n<p>Raymond No\u00ebl<\/p>\n<p>1928 &#8211; 2023<\/p>\n<p>&nbsp;<\/p>\n<p>\u00c0 Sept-\u00celes (maison \u00c9lyme des sables), le 6 mars 2023, est d\u00e9c\u00e9d\u00e9 \u00e0 l\u2019\u00e2ge de 94 ans, monsieur Raymond No\u00ebl \u00e9poux de feu Denise Lejeune et domicili\u00e9 \u00e0 Sept-\u00celes.<\/p>\n<p>Les fun\u00e9railles de monsieur Raymond No\u00ebl auront lieu le vendredi 10 mars 2023 \u00e0\u00a0 \u00a0 14 h en l\u2019\u00e9glise St-Joseph situ\u00e9e au 535, ave. Brochu \u00e0 Sept-\u00celes.<\/p>\n<p>Selon ses volont\u00e9s, il a \u00e9t\u00e9 confi\u00e9 au cr\u00e9matorium de la Maison Mallet &amp; fils pour cr\u00e9mation.<\/p>\n<p>La famille re\u00e7oit parents et amis le jeudi 9 mars 2023 de 13 h \u00e0 16 h et de 19 h \u00e0 22 h. Le vendredi 10 mars 2023 jour des fun\u00e9railles, \u00e0 compter de 12 h 30 au Complexe Thanatologique Mallet &amp; fils du 585 Boul. Laure \u00e0 Sept-\u00celes.<\/p>\n<p>Il laisse dans le deuil son fils Jean-Guy (Carmen Gagnon), ses filles Linda (Aur\u00e8le Ouellet) et France (Jean-Claude Chiasson), ses petits-fils\u00a0: Pascal, Andr\u00e9, S\u00e9bastien, Maxyme et Mike, ses petites-filles\u00a0: Karine et Marie-Soleil ainsi que ses beaux-fr\u00e8res, ses belles-s\u0153urs, ses neveux, ses ni\u00e8ces et de nombreux ami(e)s.<\/p>\n<p>Il \u00e9tait le p\u00e8re\u00a0: de feu Jacques (Ginette Ch\u00e9nard), feu Lise (G\u00e9rard Larocque) et de Monique, le grand-p\u00e8re de feu Marcel.<\/p>\n<p>Vos marques de sympathie peuvent se traduire par un don \u00e0 l\u2019\u00c9lyme des sables <a href=\"http:\/\/www.elymedessables.com\">www.elymedessables.com<\/a><\/p>\n<p>La famille a confi\u00e9 la direction des fun\u00e9railles aux services professionnels de la Maison Mallet &amp; fils du 585 boul. Laure \u00e0 Sept-\u00celes, maintenant reconnue Distinction et membre de la Corporation des Thanatologues du Qu\u00e9bec.<\/p>\n<p>Vous pouvez consulter cet avis de d\u00e9c\u00e8s sur le <a href=\"https:\/\/nouveau.maisonmallet.com\">www.maisonmallet.com<\/a><\/p>\n<p>Ceux et celles qui le d\u00e9sirent, peuvent y envoyer des messages de sympathies.<\/p>\n<hr \/>\n<p>Envoyer vos condol\u00e9ances<\/p>\n<p>[contact-form to=\u00a0\u00bbfrancenoel2017@gmail.com\u00a0\u00bb subject=\u00a0\u00bbCondol\u00e9ances Raymond No\u00ebl\u00a0\u00bb][contact-field label=\u00a0\u00bbVotre nom\u00a0\u00bb type=\u00a0\u00bbname\u00a0\u00bb required=\u00a0\u00bb1&Prime;][contact-field label=\u00a0\u00bbVotre courriel\u00a0\u00bb type=\u00a0\u00bbemail\u00a0\u00bb required=\u00a0\u00bb1&Prime;][contact-field label=\u00a0\u00bbCondol\u00e9ances\u00a0\u00bb type=\u00a0\u00bbtextarea\u00a0\u00bb][\/contact-form]<\/p>\n","protected":false},"featured_media":39116,"template":"","event_cat":[6],"class_list":["post-39063","event","type-event","status-publish","has-post-thumbnail","hentry","event_cat-maison-mallet-et-fils-inc"],"_links":{"self":[{"href":"https:\/\/nouveau.maisonmallet.com\/back05_01\/index.php?rest_route=\/wp\/v2\/event\/39063","targetHints":{"allow":["GET"]}}],"collection":[{"href":"https:\/\/nouveau.maisonmallet.com\/back05_01\/index.php?rest_route=\/wp\/v2\/event"}],"about":[{"href":"https:\/\/nouveau.maisonmallet.com\/back05_01\/index.php?rest_route=\/wp\/v2\/types\/event"}],"wp:featuredmedia":[{"embeddable":true,"href":"https:\/\/nouveau.maisonmallet.com\/back05_01\/index.php?rest_route=\/wp\/v2\/media\/39116"}],"wp:attachment":[{"href":"https:\/\/nouveau.maisonmallet.com\/back05_01\/index.php?rest_route=%2Fwp%2Fv2%2Fmedia&parent=39063"}],"wp:term":[{"taxonomy":"event_cat","embeddable":true,"href":"https:\/\/nouveau.maisonmallet.com\/back05_01\/index.php?rest_route=%2Fwp%2Fv2%2Fevent_cat&post=39063"}],"curies":[{"name":"wp","href":"https:\/\/api.w.org\/{rel}","templated":true}]}}

NOËL, Raymond

<p>Le Complexe Thanatologique Mallet &amp; fils a le regret de vous annoncer le décès de</p>
<p>&nbsp;</p>
<p>Raymond Noël</p>
<p>1928 &#8211; 2023</p>
<p>&nbsp;</p>
<p>À Sept-Îles (maison Élyme des sables), le 6 mars 2023, est décédé à l’âge de 94 ans, monsieur Raymond Noël époux de feu Denise Lejeune et domicilié à Sept-Îles.</p>
<p>Les funérailles de monsieur Raymond Noël auront lieu le vendredi 10 mars 2023 à    14 h en l’église St-Joseph située au 535, ave. Brochu à Sept-Îles.</p>
<p>Selon ses volontés, il a été confié au crématorium de la Maison Mallet &amp; fils pour crémation.</p>
<p>La famille reçoit parents et amis le jeudi 9 mars 2023 de 13 h à 16 h et de 19 h à 22 h. Le vendredi 10 mars 2023 jour des funérailles, à compter de 12 h 30 au Complexe Thanatologique Mallet &amp; fils du 585 Boul. Laure à Sept-Îles.</p>
<p>Il laisse dans le deuil son fils Jean-Guy (Carmen Gagnon), ses filles Linda (Aurèle Ouellet) et France (Jean-Claude Chiasson), ses petits-fils : Pascal, André, Sébastien, Maxyme et Mike, ses petites-filles : Karine et Marie-Soleil ainsi que ses beaux-frères, ses belles-sœurs, ses neveux, ses nièces et de nombreux ami(e)s.</p>
<p>Il était le père : de feu Jacques (Ginette Chénard), feu Lise (Gérard Larocque) et de Monique, le grand-père de feu Marcel.</p>
<p>Vos marques de sympathie peuvent se traduire par un don à l’Élyme des sables <a href="http://www.elymedessables.com">www.elymedessables.com</a></p>
<p>La famille a confié la direction des funérailles aux services professionnels de la Maison Mallet &amp; fils du 585 boul. Laure à Sept-Îles, maintenant reconnue Distinction et membre de la Corporation des Thanatologues du Québec.</p>
<p>Vous pouvez consulter cet avis de décès sur le <a href="https://nouveau.maisonmallet.com">www.maisonmallet.com</a></p>
<p>Ceux et celles qui le désirent, peuvent y envoyer des messages de sympathies.</p>
<hr />
<p>Envoyer vos condoléances</p>
<p>[contact-form to= »francenoel2017@gmail.com » subject= »Condoléances Raymond Noël »][contact-field label= »Votre nom » type= »name » required= »1&Prime;][contact-field label= »Votre courriel » type= »email » required= »1&Prime;][contact-field label= »Condoléances » type= »textarea »][/contact-form]</p>
