{"id":39257,"date":"2023-03-14T12:12:29","date_gmt":"2023-03-14T16:12:29","guid":{"rendered":"https:\/\/nouveau.maisonmallet.com\/?post_type=event&#038;p=39257"},"modified":"2023-03-15T12:19:02","modified_gmt":"2023-03-15T16:19:02","slug":"ouellet-adrienne","status":"publish","type":"event","link":"https:\/\/nouveau.maisonmallet.com\/back05_01\/?event=ouellet-adrienne","title":{"rendered":"OUELLET, Adrienne"},"content":{"rendered":"<p>Le Complexe Thanatologique Mallet &amp; fils a le regret de vous annoncer le d\u00e9c\u00e8s de<\/p>\n<p>&nbsp;<\/p>\n<p>Adrienne Ouellet<\/p>\n<p>1926 \u2013 2023<\/p>\n<p>&nbsp;<\/p>\n<p>&nbsp;<\/p>\n<p>&nbsp;<\/p>\n<p>\u00c0 Sept-\u00celes (r\u00e9sidence Gustave Gauvreau), le 6 mars 2023, est d\u00e9c\u00e9d\u00e9e \u00e0 l\u2019\u00e2ge de 96 ans, madame Adrienne Ouellet \u00e9pouse de feu Alphonse Valcourt et domicili\u00e9e \u00e0 Sept-\u00celes.<\/p>\n<p>Selon ses volont\u00e9s, elle a \u00e9t\u00e9 confi\u00e9e au cr\u00e9matorium de la Maison Mallet &amp; fils pour cr\u00e9mation.<\/p>\n<p>La famille re\u00e7oit parents et amis le samedi 13 mai 2023 de 13 h \u00e0 16 h au Complexe Thanatologique Mallet &amp; fils du 585 boul. Laure \u00e0 Sept-\u00celes.<\/p>\n<p>Elle laisse dans le deuil ses filles : Constance (Donald Hogan) et Jos\u00e9e (Pierre Robitaille), ses petits-enfants : Michel (Barbara Sheppard), St\u00e9phanie (Marvin Morris), M\u00e9lissa, Anthony (Lysandre Jolicoeur), Hugues (Anne-Marie Rioux C\u00f4t\u00e9) et Charles, ses arri\u00e8re-petits-enfants : Mckenzie (Brad Goodine), Deryan, Tamia, Elo\u00efse, Christopher, Coralie, Emma, Lily-Mae et Mia, son arri\u00e8re arri\u00e8re-petit-fils Elizah ainsi que sa s\u0153ur Madeleine (feu R\u00e9gis St-Laurent), ses neveux, ses ni\u00e8ces ses cousins, ses cousines et de nombreux ami(e)s.<\/p>\n<p>Elle \u00e9tait la m\u00e8re de feu Nelson Valcourt (Carol Power).<\/p>\n<p>Nous tenons \u00e0 remercier le personnel attentionn\u00e9 de la r\u00e9sidence Gustave Gauvreau qui par sa patience et ses soins professionnels a su accompagner Adrienne pendant ses derni\u00e8res ann\u00e9es.<\/p>\n<p>Vos marques de sympathie peuvent se traduire par un don \u00e0 La fondation r\u00e9gionale h\u00f4pital Sept-\u00celes <a href=\"http:\/\/www.fondationsept-iles.qc.ca\">www.fondationsept-iles.qc.ca<\/a><\/p>\n<p>La famille a confi\u00e9 les arrangements aux services professionnels de la Maison Mallet &amp; fils du 585 Boul. Laure \u00e0 Sept-\u00celes, maintenant reconnue Distinction et membre de la Corporation des Thanatologues du Qu\u00e9bec.<\/p>\n<p>Vous pouvez consulter cet avis de d\u00e9c\u00e8s sur le\u00a0: <a href=\"https:\/\/nouveau.maisonmallet.com\">www.maisonmallet.com<\/a><\/p>\n<p>Ceux et celles qui le d\u00e9sirent, peuvent y envoyer des messages de sympathie.<\/p>\n<p>&nbsp;<\/p>\n<hr \/>\n<p>Envoyer vos condol\u00e9ances<\/p>\n<p>[contact-form to=\u00a0\u00bbjv508r@gmail.com\u00a0\u00bb subject=\u00a0\u00bbCondol\u00e9ances Adrienne Ouellet\u00a0\u00bb][contact-field label=\u00a0\u00bbVotre nom\u00a0\u00bb type=\u00a0\u00bbname\u00a0\u00bb required=\u00a0\u00bb1&Prime;][contact-field label=\u00a0\u00bbVotre courriel\u00a0\u00bb type=\u00a0\u00bbemail\u00a0\u00bb required=\u00a0\u00bb1&Prime;][contact-field label=\u00a0\u00bbCondol\u00e9ances\u00a0\u00bb type=\u00a0\u00bbtextarea\u00a0\u00bb][\/contact-form]<\/p>\n","protected":false},"featured_media":39268,"template":"","event_cat":[6],"class_list":["post-39257","event","type-event","status-publish","has-post-thumbnail","hentry","event_cat-maison-mallet-et-fils-inc"],"_links":{"self":[{"href":"https:\/\/nouveau.maisonmallet.com\/back05_01\/index.php?rest_route=\/wp\/v2\/event\/39257","targetHints":{"allow":["GET"]}}],"collection":[{"href":"https:\/\/nouveau.maisonmallet.com\/back05_01\/index.php?rest_route=\/wp\/v2\/event"}],"about":[{"href":"https:\/\/nouveau.maisonmallet.com\/back05_01\/index.php?rest_route=\/wp\/v2\/types\/event"}],"wp:featuredmedia":[{"embeddable":true,"href":"https:\/\/nouveau.maisonmallet.com\/back05_01\/index.php?rest_route=\/wp\/v2\/media\/39268"}],"wp:attachment":[{"href":"https:\/\/nouveau.maisonmallet.com\/back05_01\/index.php?rest_route=%2Fwp%2Fv2%2Fmedia&parent=39257"}],"wp:term":[{"taxonomy":"event_cat","embeddable":true,"href":"https:\/\/nouveau.maisonmallet.com\/back05_01\/index.php?rest_route=%2Fwp%2Fv2%2Fevent_cat&post=39257"}],"curies":[{"name":"wp","href":"https:\/\/api.w.org\/{rel}","templated":true}]}}

<p>Le Complexe Thanatologique Mallet &amp; fils a le regret de vous annoncer le décès de</p>
<p>&nbsp;</p>
<p>Adrienne Ouellet</p>
<p>1926 – 2023</p>
<p>&nbsp;</p>
<p>&nbsp;</p>
<p>&nbsp;</p>
<p>À Sept-Îles (résidence Gustave Gauvreau), le 6 mars 2023, est décédée à l’âge de 96 ans, madame Adrienne Ouellet épouse de feu Alphonse Valcourt et domiciliée à Sept-Îles.</p>
<p>Selon ses volontés, elle a été confiée au crématorium de la Maison Mallet &amp; fils pour crémation.</p>
<p>La famille reçoit parents et amis le samedi 13 mai 2023 de 13 h à 16 h au Complexe Thanatologique Mallet &amp; fils du 585 boul. Laure à Sept-Îles.</p>
<p>Elle laisse dans le deuil ses filles : Constance (Donald Hogan) et Josée (Pierre Robitaille), ses petits-enfants : Michel (Barbara Sheppard), Stéphanie (Marvin Morris), Mélissa, Anthony (Lysandre Jolicoeur), Hugues (Anne-Marie Rioux Côté) et Charles, ses arrière-petits-enfants : Mckenzie (Brad Goodine), Deryan, Tamia, Eloïse, Christopher, Coralie, Emma, Lily-Mae et Mia, son arrière arrière-petit-fils Elizah ainsi que sa sœur Madeleine (feu Régis St-Laurent), ses neveux, ses nièces ses cousins, ses cousines et de nombreux ami(e)s.</p>
<p>Elle était la mère de feu Nelson Valcourt (Carol Power).</p>
<p>Nous tenons à remercier le personnel attentionné de la résidence Gustave Gauvreau qui par sa patience et ses soins professionnels a su accompagner Adrienne pendant ses dernières années.</p>
<p>Vos marques de sympathie peuvent se traduire par un don à La fondation régionale hôpital Sept-Îles <a href="http://www.fondationsept-iles.qc.ca">www.fondationsept-iles.qc.ca</a></p>
<p>La famille a confié les arrangements aux services professionnels de la Maison Mallet &amp; fils du 585 Boul. Laure à Sept-Îles, maintenant reconnue Distinction et membre de la Corporation des Thanatologues du Québec.</p>
<p>Vous pouvez consulter cet avis de décès sur le : <a href="https://nouveau.maisonmallet.com">www.maisonmallet.com</a></p>
<p>Ceux et celles qui le désirent, peuvent y envoyer des messages de sympathie.</p>
<p>&nbsp;</p>
<hr />
<p>Envoyer vos condoléances</p>
<p>[contact-form to= »jv508r@gmail.com » subject= »Condoléances Adrienne Ouellet »][contact-field label= »Votre nom » type= »name » required= »1&Prime;][contact-field label= »Votre courriel » type= »email » required= »1&Prime;][contact-field label= »Condoléances » type= »textarea »][/contact-form]</p>
