{"id":39303,"date":"2023-03-18T21:17:39","date_gmt":"2023-03-19T01:17:39","guid":{"rendered":"https:\/\/nouveau.maisonmallet.com\/?post_type=event&#038;p=39303"},"modified":"2023-03-19T21:21:49","modified_gmt":"2023-03-20T01:21:49","slug":"quessy-michel","status":"publish","type":"event","link":"https:\/\/nouveau.maisonmallet.com\/back05_01\/?event=quessy-michel","title":{"rendered":"QUESSY, Michel"},"content":{"rendered":"<p>Le Complexe Thanatologique Mallet &amp; fils a le regret de vous annoncer le d\u00e9c\u00e8s de<\/p>\n<p>&nbsp;<\/p>\n<p>Michel Quessy<\/p>\n<p>1960 &#8211; 2023<\/p>\n<p>\u00c0 Sept-\u00celes, samedi le 4 mars 2023, est d\u00e9c\u00e9d\u00e9 \u00e0 l\u2019\u00e2ge de 62 ans, monsieur Michel Quessy, fils de feu madame Rachel Fournier et de feu monsieur Gilbert Quessy.<\/p>\n<p>Les rituels fun\u00e9raires de monsieur Michel Quessy auront lieu \u00e0 une date ult\u00e9rieure en toute intimit\u00e9 au cimeti\u00e8re Catholique de Sept-\u00celes.<\/p>\n<p>Selon ses volont\u00e9s, il a \u00e9t\u00e9 confi\u00e9 au cr\u00e9matorium de la Maison Mallet &amp; fils pour cr\u00e9mation.<\/p>\n<p>Il laisse dans le deuil ses s\u0153urs et ses fr\u00e8res : Diane (feu Jacques Therrien), Ga\u00e9tane (Louis Tremblay), feu Wilbrod, feu Denis (Marcelle Perreault), feu Denise (Jacques Francoeur), Line (Roger L\u00e9gar\u00e9), feu Gordon, L\u00e9na (G\u00e9rard Pelletier), H\u00e9l\u00e8ne (Gaston Pelletier) et Andr\u00e9 (Michelle Boudreault), ses ni\u00e8ces, ses neveux, ses tantes, ses oncles, ses cousines, ses cousins et ses nombreux ami(e)s.<\/p>\n<p>Merci de l\u2019avoir tant aim\u00e9. Il savait nous faire rire et il aimait la vie dans toute sa folie de vivre.<\/p>\n<p>Vos marques de sympathie peuvent se traduire par un don \u00e0 l\u2019\u00c9lyme des sable www.elymedessables.com\u00a0 et\/ou \u00e0 La fondation r\u00e9gionale h\u00f4pital Sept-\u00celes <a href=\"http:\/\/www.fondationsept-iles.qc.ca\">www.fondationsept-iles.qc.ca<\/a><\/p>\n<p>La famille a confi\u00e9 les arrangements fun\u00e9raires aux services professionnels de la maison Mallet &amp; fils du 585\u00a0 boul. Laure \u00e0 Sept-\u00celes, membre de la Corporation des Thanatologues du Qu\u00e9bec.<\/p>\n<p>Vous pouvez consulter cet avis de d\u00e9c\u00e8s sur le <a href=\"https:\/\/nouveau.maisonmallet.com\">www.maisonmallet.com<\/a><\/p>\n<p>Ceux et celles qui le d\u00e9sirent peuvent y envoyer des messages de sympathie.<\/p>\n<hr \/>\n<p>Envoyer vos condol\u00e9ances<\/p>\n<p>[contact-form to=\u00a0\u00bblquessy@telus.net\u00a0\u00bb subject=\u00a0\u00bbCondol\u00e9ances Michel Quessy\u00a0\u00bb][contact-field label=\u00a0\u00bbVotre nom\u00a0\u00bb type=\u00a0\u00bbname\u00a0\u00bb required=\u00a0\u00bb1&Prime;][contact-field label=\u00a0\u00bbVotre courriel\u00a0\u00bb type=\u00a0\u00bbemail\u00a0\u00bb required=\u00a0\u00bb1&Prime;][contact-field label=\u00a0\u00bbCondol\u00e9ances\u00a0\u00bb type=\u00a0\u00bbtextarea\u00a0\u00bb][\/contact-form]<\/p>\n","protected":false},"featured_media":39367,"template":"","event_cat":[6],"class_list":["post-39303","event","type-event","status-publish","has-post-thumbnail","hentry","event_cat-maison-mallet-et-fils-inc"],"_links":{"self":[{"href":"https:\/\/nouveau.maisonmallet.com\/back05_01\/index.php?rest_route=\/wp\/v2\/event\/39303","targetHints":{"allow":["GET"]}}],"collection":[{"href":"https:\/\/nouveau.maisonmallet.com\/back05_01\/index.php?rest_route=\/wp\/v2\/event"}],"about":[{"href":"https:\/\/nouveau.maisonmallet.com\/back05_01\/index.php?rest_route=\/wp\/v2\/types\/event"}],"wp:featuredmedia":[{"embeddable":true,"href":"https:\/\/nouveau.maisonmallet.com\/back05_01\/index.php?rest_route=\/wp\/v2\/media\/39367"}],"wp:attachment":[{"href":"https:\/\/nouveau.maisonmallet.com\/back05_01\/index.php?rest_route=%2Fwp%2Fv2%2Fmedia&parent=39303"}],"wp:term":[{"taxonomy":"event_cat","embeddable":true,"href":"https:\/\/nouveau.maisonmallet.com\/back05_01\/index.php?rest_route=%2Fwp%2Fv2%2Fevent_cat&post=39303"}],"curies":[{"name":"wp","href":"https:\/\/api.w.org\/{rel}","templated":true}]}}

<p>Le Complexe Thanatologique Mallet &amp; fils a le regret de vous annoncer le décès de</p>
<p>&nbsp;</p>
<p>Michel Quessy</p>
<p>1960 &#8211; 2023</p>
<p>À Sept-Îles, samedi le 4 mars 2023, est décédé à l’âge de 62 ans, monsieur Michel Quessy, fils de feu madame Rachel Fournier et de feu monsieur Gilbert Quessy.</p>
<p>Les rituels funéraires de monsieur Michel Quessy auront lieu à une date ultérieure en toute intimité au cimetière Catholique de Sept-Îles.</p>
<p>Selon ses volontés, il a été confié au crématorium de la Maison Mallet &amp; fils pour crémation.</p>
<p>Il laisse dans le deuil ses sœurs et ses frères : Diane (feu Jacques Therrien), Gaétane (Louis Tremblay), feu Wilbrod, feu Denis (Marcelle Perreault), feu Denise (Jacques Francoeur), Line (Roger Légaré), feu Gordon, Léna (Gérard Pelletier), Hélène (Gaston Pelletier) et André (Michelle Boudreault), ses nièces, ses neveux, ses tantes, ses oncles, ses cousines, ses cousins et ses nombreux ami(e)s.</p>
<p>Merci de l’avoir tant aimé. Il savait nous faire rire et il aimait la vie dans toute sa folie de vivre.</p>
<p>Vos marques de sympathie peuvent se traduire par un don à l’Élyme des sable www.elymedessables.com  et/ou à La fondation régionale hôpital Sept-Îles <a href="http://www.fondationsept-iles.qc.ca">www.fondationsept-iles.qc.ca</a></p>
<p>La famille a confié les arrangements funéraires aux services professionnels de la maison Mallet &amp; fils du 585  boul. Laure à Sept-Îles, membre de la Corporation des Thanatologues du Québec.</p>
<p>Vous pouvez consulter cet avis de décès sur le <a href="https://nouveau.maisonmallet.com">www.maisonmallet.com</a></p>
<p>Ceux et celles qui le désirent peuvent y envoyer des messages de sympathie.</p>
<hr />
<p>Envoyer vos condoléances</p>
<p>[contact-form to= »lquessy@telus.net » subject= »Condoléances Michel Quessy »][contact-field label= »Votre nom » type= »name » required= »1&Prime;][contact-field label= »Votre courriel » type= »email » required= »1&Prime;][contact-field label= »Condoléances » type= »textarea »][/contact-form]</p>
