{"id":39723,"date":"2023-04-10T21:10:24","date_gmt":"2023-04-11T01:10:24","guid":{"rendered":"https:\/\/nouveau.maisonmallet.com\/?post_type=event&#038;p=39723"},"modified":"2023-11-11T11:37:24","modified_gmt":"2023-11-11T16:37:24","slug":"bolduc-cyrille","status":"publish","type":"event","link":"https:\/\/nouveau.maisonmallet.com\/back05_01\/?event=bolduc-cyrille","title":{"rendered":"BOLDUC, Cyrille"},"content":{"rendered":"<p>Le Complexe Thanatologique Mallet &amp; fils a le regret de vous annoncer le d\u00e9c\u00e8s de<\/p>\n<p>&nbsp;<\/p>\n<p>Cyrille Bolduc<\/p>\n<p>1926 \u2013 2023<\/p>\n<p>&nbsp;<\/p>\n<p>\u00c0 Sept-\u00celes, le 10 avril 2023, est d\u00e9c\u00e9d\u00e9 \u00e0 l\u2019\u00e2ge de 96 ans, monsieur Cyrille Bolduc \u00e9poux de madame Lucette N\u00e9ron et domicili\u00e9 \u00e0 Sept-\u00celes.<\/p>\n<p>Les fun\u00e9railles de monsieur Cyrille Bolduc auront lieu le samedi 15 avril 2023 \u00e0 10 h 30 en l\u2019\u00e9glise St- Joseph situ\u00e9e au 535, ave. Brochu \u00e0 Sept-\u00celes.<\/p>\n<p>Selon ses volont\u00e9s, il a \u00e9t\u00e9 confi\u00e9 au cr\u00e9matorium de la maison Mallet &amp; fils pour cr\u00e9mation.<\/p>\n<p>Il laisse dans le deuil outre son \u00e9pouse madame Lucette N\u00e9ron, ses enfants : Rodrigue (Sylvie Beaulieu), Francine (Marcel Leblanc) et Dario (Martine Fournier), ses petits-enfants : St\u00e9phanie Bouillon (Jimmy C\u00f4t\u00e9), Marilyn Bouillon (S\u00e9bastien Synnett), S\u00e9bastien Bolduc, Wayne Keays (Chelsi L\u00e9vesque) et Robin Keays (Sabrianne D\u00e9raps), ses arri\u00e8re-petits-enfants : F\u00e9lix, Am\u00e9lie, Olivier, Florent, \u00c9douard, Alice, Jake, Zac et Logan ainsi que ses fr\u00e8res, ses s\u0153urs, ses beaux-fr\u00e8res, ses belles-s\u0153urs, ses neveux, ses ni\u00e8ces et de nombreux ami(e)s.<\/p>\n<p>Il \u00e9tait le p\u00e8re de feu Arl\u00e8ne Bolduc (Bruce Keays).<\/p>\n<p>Vos marques de sympathie peuvent se traduire par un don \u00e0 l\u2019\u00c9lyme des sables <a href=\"http:\/\/www.elymedessables.com\">www.elymedessables.com<\/a><\/p>\n<p>La famille a confi\u00e9 les arrangements aux services professionnels de la Maison Mallet &amp; fils du 585 Boul. Laure \u00e0 Sept-\u00celes, maintenant reconnue Distinction et membre de la Corporation des Thanatologues du Qu\u00e9bec.<\/p>\n<p>Vous pouvez consulter cet avis de d\u00e9c\u00e8s, sur le <a href=\"https:\/\/nouveau.maisonmallet.com\">www.maisonmallet.com<\/a><\/p>\n<p>Ceux et celles qui le d\u00e9sirent, peuvent y envoyer des messages de sympathie.<\/p>\n<hr \/>\n<p>Envoyer vos condol\u00e9ances<\/p>\n<p>[contact-form to=\u00a0\u00bbstephanie.bouillon@uqac.ca\u00a0\u00bb subject=\u00a0\u00bbCondol\u00e9ances Cyrille Bolduc\u00a0\u00bb][contact-field label=\u00a0\u00bbVotre nom\u00a0\u00bb type=\u00a0\u00bbname\u00a0\u00bb required=\u00a0\u00bb1&Prime;][contact-field label=\u00a0\u00bbVotre courriel\u00a0\u00bb type=\u00a0\u00bbemail\u00a0\u00bb required=\u00a0\u00bb1&Prime;][contact-field label=\u00a0\u00bbCondol\u00e9ances\u00a0\u00bb type=\u00a0\u00bbtextarea\u00a0\u00bb][\/contact-form]<\/p>\n","protected":false},"featured_media":39752,"template":"","event_cat":[6],"class_list":["post-39723","event","type-event","status-publish","has-post-thumbnail","hentry","event_cat-maison-mallet-et-fils-inc"],"_links":{"self":[{"href":"https:\/\/nouveau.maisonmallet.com\/back05_01\/index.php?rest_route=\/wp\/v2\/event\/39723","targetHints":{"allow":["GET"]}}],"collection":[{"href":"https:\/\/nouveau.maisonmallet.com\/back05_01\/index.php?rest_route=\/wp\/v2\/event"}],"about":[{"href":"https:\/\/nouveau.maisonmallet.com\/back05_01\/index.php?rest_route=\/wp\/v2\/types\/event"}],"wp:featuredmedia":[{"embeddable":true,"href":"https:\/\/nouveau.maisonmallet.com\/back05_01\/index.php?rest_route=\/wp\/v2\/media\/39752"}],"wp:attachment":[{"href":"https:\/\/nouveau.maisonmallet.com\/back05_01\/index.php?rest_route=%2Fwp%2Fv2%2Fmedia&parent=39723"}],"wp:term":[{"taxonomy":"event_cat","embeddable":true,"href":"https:\/\/nouveau.maisonmallet.com\/back05_01\/index.php?rest_route=%2Fwp%2Fv2%2Fevent_cat&post=39723"}],"curies":[{"name":"wp","href":"https:\/\/api.w.org\/{rel}","templated":true}]}}

<p>Le Complexe Thanatologique Mallet &amp; fils a le regret de vous annoncer le décès de</p>
<p>&nbsp;</p>
<p>Cyrille Bolduc</p>
<p>1926 – 2023</p>
<p>&nbsp;</p>
<p>À Sept-Îles, le 10 avril 2023, est décédé à l’âge de 96 ans, monsieur Cyrille Bolduc époux de madame Lucette Néron et domicilié à Sept-Îles.</p>
<p>Les funérailles de monsieur Cyrille Bolduc auront lieu le samedi 15 avril 2023 à 10 h 30 en l’église St- Joseph située au 535, ave. Brochu à Sept-Îles.</p>
<p>Selon ses volontés, il a été confié au crématorium de la maison Mallet &amp; fils pour crémation.</p>
<p>Il laisse dans le deuil outre son épouse madame Lucette Néron, ses enfants : Rodrigue (Sylvie Beaulieu), Francine (Marcel Leblanc) et Dario (Martine Fournier), ses petits-enfants : Stéphanie Bouillon (Jimmy Côté), Marilyn Bouillon (Sébastien Synnett), Sébastien Bolduc, Wayne Keays (Chelsi Lévesque) et Robin Keays (Sabrianne Déraps), ses arrière-petits-enfants : Félix, Amélie, Olivier, Florent, Édouard, Alice, Jake, Zac et Logan ainsi que ses frères, ses sœurs, ses beaux-frères, ses belles-sœurs, ses neveux, ses nièces et de nombreux ami(e)s.</p>
<p>Il était le père de feu Arlène Bolduc (Bruce Keays).</p>
<p>Vos marques de sympathie peuvent se traduire par un don à l’Élyme des sables <a href="http://www.elymedessables.com">www.elymedessables.com</a></p>
<p>La famille a confié les arrangements aux services professionnels de la Maison Mallet &amp; fils du 585 Boul. Laure à Sept-Îles, maintenant reconnue Distinction et membre de la Corporation des Thanatologues du Québec.</p>
<p>Vous pouvez consulter cet avis de décès, sur le <a href="https://nouveau.maisonmallet.com">www.maisonmallet.com</a></p>
<p>Ceux et celles qui le désirent, peuvent y envoyer des messages de sympathie.</p>
<hr />
<p>Envoyer vos condoléances</p>
<p>[contact-form to= »stephanie.bouillon@uqac.ca » subject= »Condoléances Cyrille Bolduc »][contact-field label= »Votre nom » type= »name » required= »1&Prime;][contact-field label= »Votre courriel » type= »email » required= »1&Prime;][contact-field label= »Condoléances » type= »textarea »][/contact-form]</p>
