{"id":39807,"date":"2023-04-15T13:58:35","date_gmt":"2023-04-15T17:58:35","guid":{"rendered":"https:\/\/nouveau.maisonmallet.com\/?post_type=event&#038;p=39807"},"modified":"2023-04-16T14:04:44","modified_gmt":"2023-04-16T18:04:44","slug":"gregoire-andre","status":"publish","type":"event","link":"https:\/\/nouveau.maisonmallet.com\/back05_01\/?event=gregoire-andre","title":{"rendered":"GR\u00c9GOIRE, Andr\u00e9"},"content":{"rendered":"<p>Le Maison L.J.G. Mallet a le regret de vous annoncer le d\u00e9c\u00e8s de<\/p>\n<p>&nbsp;<\/p>\n<p>Andr\u00e9 Gr\u00e9goire<\/p>\n<p>1954 &#8211; 2023<\/p>\n<p>&nbsp;<\/p>\n<p>\u00c0 Qu\u00e9bec, le 11 avril 2023, est d\u00e9c\u00e9d\u00e9 \u00e0 l\u2019\u00e2ge de 68 ans, monsieur Andr\u00e9 Gr\u00e9goire, fils de feu J\u00e9rome Gr\u00e9goire et de feu Marie-Ang\u00e8le Tettaut, domicili\u00e9 \u00e0 Nutashkuan.<\/p>\n<p>Les fun\u00e9railles de monsieur Andr\u00e9 Gr\u00e9goire auront lieu le mardi 18 avril 2023 \u00e0 10 h en l\u2019\u00e9glise Notre-Dame-des-Indiens de Nutashkuan et de l\u00e0 au cimeti\u00e8re de l\u2019endroit.<\/p>\n<p>\u00c0 Sept-\u00celes.<\/p>\n<p>La famille re\u00e7oit parents et amis le dimanche 16 avril 2023 de 19 h \u00e0 22 h. au Complexe Thanatologique Mallet &amp; fils du 585, boul. Laure \u00e0 Sept-\u00celes.<\/p>\n<p>\u00c0 Nutashkuan.<\/p>\n<p>La famille re\u00e7oit parents et amis le lundi 17 avril 2023 \u00e0 compter de 12 h en au 191, rue Pashin \u00e0 Nutashkuan.<\/p>\n<p>Il laisse dans le deuil ses s\u0153urs\u00a0: Th\u00e9r\u00e8se (Gabriel M\u00e9nicapo), Lisa (Jean-Claude Kaltush) et Claudette, ses fr\u00e8res\u00a0: Robert (Micheline Ishpatao), Gilles (Carole Courtois) et L\u00e9o (Aurore Courtois) ainsi que ses beaux-fr\u00e8res, ses belles-s\u0153urs, ses neveux, ses ni\u00e8ces et de nombreux amis.<\/p>\n<p>La famille a confi\u00e9 la direction des fun\u00e9railles aux services professionnels de la Maison L.J.G. Mallet du 1429, rue du Canot \u00e0 Havre-Saint-Pierre, maintenant reconnue Distinction et membre de la Corporation des Thanatologues du Qu\u00e9bec.<\/p>\n<p>Vous pouvez consulter cet avis de d\u00e9c\u00e8s sur le\u00a0<a href=\"https:\/\/nouveau.maisonmallet.com\/\">www.maisonmallet.com<\/a><\/p>\n<p>Ceux et celles qui le d\u00e9sirent, peuvent y envoyer des messages de sympathie.<\/p>\n<hr \/>\n<p>Envoyer vos condol\u00e9ances<\/p>\n<p>[contact-form to=\u00a0\u00bbgaelleishpatao@icloud.com\u00a0\u00bb subject=\u00a0\u00bbCondol\u00e9ances Andr\u00e9 Gr\u00e9goire\u00a0\u00bb][contact-field label=\u00a0\u00bbVotre nom\u00a0\u00bb type=\u00a0\u00bbname\u00a0\u00bb required=\u00a0\u00bb1&Prime;][contact-field label=\u00a0\u00bbVotre courriel\u00a0\u00bb type=\u00a0\u00bbemail\u00a0\u00bb required=\u00a0\u00bb1&Prime;][contact-field label=\u00a0\u00bbCondol\u00e9ances\u00a0\u00bb type=\u00a0\u00bbtextarea\u00a0\u00bb][\/contact-form]<\/p>\n","protected":false},"featured_media":39844,"template":"","event_cat":[7],"class_list":["post-39807","event","type-event","status-publish","has-post-thumbnail","hentry","event_cat-maison-l-j-g-mallet-inc"],"_links":{"self":[{"href":"https:\/\/nouveau.maisonmallet.com\/back05_01\/index.php?rest_route=\/wp\/v2\/event\/39807","targetHints":{"allow":["GET"]}}],"collection":[{"href":"https:\/\/nouveau.maisonmallet.com\/back05_01\/index.php?rest_route=\/wp\/v2\/event"}],"about":[{"href":"https:\/\/nouveau.maisonmallet.com\/back05_01\/index.php?rest_route=\/wp\/v2\/types\/event"}],"wp:featuredmedia":[{"embeddable":true,"href":"https:\/\/nouveau.maisonmallet.com\/back05_01\/index.php?rest_route=\/wp\/v2\/media\/39844"}],"wp:attachment":[{"href":"https:\/\/nouveau.maisonmallet.com\/back05_01\/index.php?rest_route=%2Fwp%2Fv2%2Fmedia&parent=39807"}],"wp:term":[{"taxonomy":"event_cat","embeddable":true,"href":"https:\/\/nouveau.maisonmallet.com\/back05_01\/index.php?rest_route=%2Fwp%2Fv2%2Fevent_cat&post=39807"}],"curies":[{"name":"wp","href":"https:\/\/api.w.org\/{rel}","templated":true}]}}

GRÉGOIRE, André

<p>Le Maison L.J.G. Mallet a le regret de vous annoncer le décès de</p>
<p>&nbsp;</p>
<p>André Grégoire</p>
<p>1954 &#8211; 2023</p>
<p>&nbsp;</p>
<p>À Québec, le 11 avril 2023, est décédé à l’âge de 68 ans, monsieur André Grégoire, fils de feu Jérome Grégoire et de feu Marie-Angèle Tettaut, domicilié à Nutashkuan.</p>
<p>Les funérailles de monsieur André Grégoire auront lieu le mardi 18 avril 2023 à 10 h en l’église Notre-Dame-des-Indiens de Nutashkuan et de là au cimetière de l’endroit.</p>
<p>À Sept-Îles.</p>
<p>La famille reçoit parents et amis le dimanche 16 avril 2023 de 19 h à 22 h. au Complexe Thanatologique Mallet &amp; fils du 585, boul. Laure à Sept-Îles.</p>
<p>À Nutashkuan.</p>
<p>La famille reçoit parents et amis le lundi 17 avril 2023 à compter de 12 h en au 191, rue Pashin à Nutashkuan.</p>
<p>Il laisse dans le deuil ses sœurs : Thérèse (Gabriel Ménicapo), Lisa (Jean-Claude Kaltush) et Claudette, ses frères : Robert (Micheline Ishpatao), Gilles (Carole Courtois) et Léo (Aurore Courtois) ainsi que ses beaux-frères, ses belles-sœurs, ses neveux, ses nièces et de nombreux amis.</p>
<p>La famille a confié la direction des funérailles aux services professionnels de la Maison L.J.G. Mallet du 1429, rue du Canot à Havre-Saint-Pierre, maintenant reconnue Distinction et membre de la Corporation des Thanatologues du Québec.</p>
<p>Vous pouvez consulter cet avis de décès sur le <a href="https://nouveau.maisonmallet.com/">www.maisonmallet.com</a></p>
<p>Ceux et celles qui le désirent, peuvent y envoyer des messages de sympathie.</p>
<hr />
<p>Envoyer vos condoléances</p>
<p>[contact-form to= »gaelleishpatao@icloud.com » subject= »Condoléances André Grégoire »][contact-field label= »Votre nom » type= »name » required= »1&Prime;][contact-field label= »Votre courriel » type= »email » required= »1&Prime;][contact-field label= »Condoléances » type= »textarea »][/contact-form]</p>
