{"id":39914,"date":"2023-03-22T17:26:10","date_gmt":"2023-03-22T21:26:10","guid":{"rendered":"https:\/\/nouveau.maisonmallet.com\/?post_type=event&#038;p=39914"},"modified":"2023-11-11T11:34:51","modified_gmt":"2023-11-11T16:34:51","slug":"rousseau-marguerite-boily","status":"publish","type":"event","link":"https:\/\/nouveau.maisonmallet.com\/back05_01\/?event=rousseau-marguerite-boily","title":{"rendered":"ROUSSEAU, Marguerite (Boily)"},"content":{"rendered":"<p>Le Complexe Thanatologique Mallet &amp; fils a le regret de vous annoncer le d\u00e9c\u00e8s de<\/p>\n<p>&nbsp;<\/p>\n<p>Marguerite Rousseau (Boily)<\/p>\n<p>1944 \u2013 2023<\/p>\n<p>&nbsp;<\/p>\n<p>\u00c0 West Palm Beach en Floride, le 22 mars 2023, est d\u00e9c\u00e9d\u00e9e \u00e0 l\u2019\u00e2ge de 78 ans, madame Marguerite Rousseau \u00e9pouse de monsieur R\u00e9al Boily et domicili\u00e9e \u00e0 Sept-\u00celes.<\/p>\n<p>Selon les volont\u00e9s de la famille, elle a \u00e9t\u00e9 confi\u00e9e aux bons soins de la Maison Mallet &amp; fils.<\/p>\n<p>La c\u00e9r\u00e9monie comm\u00e9morative de madame Margot Rousseau Boily aura lieu le samedi 27 mai 2023 \u00e0 13 h en l\u2019\u00e9glise St-Joseph situ\u00e9e au 535, ave. Brochu \u00e0 Sept-\u00celes.<\/p>\n<p>Par la suite, le m\u00eame jour, la famille re\u00e7oit parents et amis de 14 h \u00e0 17 h 30 au Centre des congr\u00e8s salle 3 (terrasse) du 513, ave. Brochu \u00e0 Sept-\u00celes.<\/p>\n<p>Elle laisse dans le deuil outre son \u00e9poux monsieur R\u00e9al Boily, ses fils\u00a0: Yves (Anie Lebel) et \u00c9ric (Majorie Beaupr\u00e9), sa fille Caroline (Sylvain Labrie) ), ses petits-enfants : Samuel Gaudreau, Pierre-Antoine et Anna Boily, Andrew et LeeAnn Labrie ainsi que ses s\u0153urs, ses fr\u00e8res, ses beaux-fr\u00e8res, ses belles-s\u0153urs, ses neveux, ses ni\u00e8ces, ses cousins, ses cousines, et de nombreux ami(e)s.<\/p>\n<p>La famille a confi\u00e9 les arrangements aux services professionnels de la Maison Mallet &amp; fils du 585 Boul. Laure \u00e0 Sept-\u00celes, maintenant reconnue Distinction et membre de la Corporation des Thanatologues du Qu\u00e9bec.<\/p>\n<p>Vous pouvez consulter cet avis de d\u00e9c\u00e8s sur le\u00a0:\u00a0<a href=\"https:\/\/nouveau.maisonmallet.com\/\">www.maisonmallet.com<\/a><\/p>\n<p>Ceux et celles qui le d\u00e9sirent, peuvent y envoyer des messages de sympathie.<\/p>\n<hr \/>\n<p>Envoyer vos condol\u00e9ances<\/p>\n<p>[contact-form to=\u00a0\u00bbcaroline_boily@hotmail.com\u00a0\u00bb subject=\u00a0\u00bbCondol\u00e9ances Marguerite Rousseau\u00a0\u00bb][contact-field label=\u00a0\u00bbVotre nom\u00a0\u00bb type=\u00a0\u00bbname\u00a0\u00bb required=\u00a0\u00bb1&Prime;][contact-field label=\u00a0\u00bbVotre courriel\u00a0\u00bb type=\u00a0\u00bbemail\u00a0\u00bb required=\u00a0\u00bb1&Prime;][contact-field label=\u00a0\u00bbCondol\u00e9ances\u00a0\u00bb type=\u00a0\u00bbtextarea\u00a0\u00bb][\/contact-form]<\/p>\n","protected":false},"featured_media":39918,"template":"","event_cat":[6],"class_list":["post-39914","event","type-event","status-publish","has-post-thumbnail","hentry","event_cat-maison-mallet-et-fils-inc"],"_links":{"self":[{"href":"https:\/\/nouveau.maisonmallet.com\/back05_01\/index.php?rest_route=\/wp\/v2\/event\/39914","targetHints":{"allow":["GET"]}}],"collection":[{"href":"https:\/\/nouveau.maisonmallet.com\/back05_01\/index.php?rest_route=\/wp\/v2\/event"}],"about":[{"href":"https:\/\/nouveau.maisonmallet.com\/back05_01\/index.php?rest_route=\/wp\/v2\/types\/event"}],"wp:featuredmedia":[{"embeddable":true,"href":"https:\/\/nouveau.maisonmallet.com\/back05_01\/index.php?rest_route=\/wp\/v2\/media\/39918"}],"wp:attachment":[{"href":"https:\/\/nouveau.maisonmallet.com\/back05_01\/index.php?rest_route=%2Fwp%2Fv2%2Fmedia&parent=39914"}],"wp:term":[{"taxonomy":"event_cat","embeddable":true,"href":"https:\/\/nouveau.maisonmallet.com\/back05_01\/index.php?rest_route=%2Fwp%2Fv2%2Fevent_cat&post=39914"}],"curies":[{"name":"wp","href":"https:\/\/api.w.org\/{rel}","templated":true}]}}

<p>Le Complexe Thanatologique Mallet &amp; fils a le regret de vous annoncer le décès de</p>
<p>&nbsp;</p>
<p>Marguerite Rousseau (Boily)</p>
<p>1944 – 2023</p>
<p>&nbsp;</p>
<p>À West Palm Beach en Floride, le 22 mars 2023, est décédée à l’âge de 78 ans, madame Marguerite Rousseau épouse de monsieur Réal Boily et domiciliée à Sept-Îles.</p>
<p>Selon les volontés de la famille, elle a été confiée aux bons soins de la Maison Mallet &amp; fils.</p>
<p>La cérémonie commémorative de madame Margot Rousseau Boily aura lieu le samedi 27 mai 2023 à 13 h en l’église St-Joseph située au 535, ave. Brochu à Sept-Îles.</p>
<p>Par la suite, le même jour, la famille reçoit parents et amis de 14 h à 17 h 30 au Centre des congrès salle 3 (terrasse) du 513, ave. Brochu à Sept-Îles.</p>
<p>Elle laisse dans le deuil outre son époux monsieur Réal Boily, ses fils : Yves (Anie Lebel) et Éric (Majorie Beaupré), sa fille Caroline (Sylvain Labrie) ), ses petits-enfants : Samuel Gaudreau, Pierre-Antoine et Anna Boily, Andrew et LeeAnn Labrie ainsi que ses sœurs, ses frères, ses beaux-frères, ses belles-sœurs, ses neveux, ses nièces, ses cousins, ses cousines, et de nombreux ami(e)s.</p>
<p>La famille a confié les arrangements aux services professionnels de la Maison Mallet &amp; fils du 585 Boul. Laure à Sept-Îles, maintenant reconnue Distinction et membre de la Corporation des Thanatologues du Québec.</p>
<p>Vous pouvez consulter cet avis de décès sur le : <a href="https://nouveau.maisonmallet.com/">www.maisonmallet.com</a></p>
<p>Ceux et celles qui le désirent, peuvent y envoyer des messages de sympathie.</p>
<hr />
<p>Envoyer vos condoléances</p>
<p>[contact-form to= »caroline_boily@hotmail.com » subject= »Condoléances Marguerite Rousseau »][contact-field label= »Votre nom » type= »name » required= »1&Prime;][contact-field label= »Votre courriel » type= »email » required= »1&Prime;][contact-field label= »Condoléances » type= »textarea »][/contact-form]</p>
