{"id":40028,"date":"2023-04-24T11:22:01","date_gmt":"2023-04-24T15:22:01","guid":{"rendered":"https:\/\/nouveau.maisonmallet.com\/?post_type=event&#038;p=40028"},"modified":"2023-05-16T22:27:11","modified_gmt":"2023-05-17T02:27:11","slug":"beaudin-gerard","status":"publish","type":"event","link":"https:\/\/nouveau.maisonmallet.com\/back05_01\/?event=beaudin-gerard","title":{"rendered":"BEAUDIN, G\u00e9rard"},"content":{"rendered":"<p>Le Complexe Thanatologique Mallet &amp; fils a le regret de vous annoncer le d\u00e9c\u00e8s de<\/p>\n<p>&nbsp;<\/p>\n<p>&nbsp;<\/p>\n<p>G\u00e9rard Beaudin<\/p>\n<p>1931 \u2013 2023<\/p>\n<p>&nbsp;<\/p>\n<p>&nbsp;<\/p>\n<p>\u00c0 Sept-\u00celes (maison \u00c9lyme des Sables), le 24 avril 2023, est d\u00e9c\u00e9d\u00e9 \u00e0 l\u2019\u00e2ge de 91 ans, monsieur G\u00e9rard Beaudin \u00e9poux de madame G\u00e9raldine Beaudin et domicili\u00e9 \u00e0 Sept-\u00celes.<\/p>\n<p>Les fun\u00e9railles de monsieur G\u00e9rard Beaudin auront lieu le samedi 29 avril 2023 \u00e0 13 h en l\u2019\u00e9glise St-Joseph situ\u00e9e au 535, ave. Brochu \u00e0 Sept-\u00celes.<\/p>\n<p>La famille re\u00e7oit parents et amis le vendredi 28 avril 2023 de 19 h \u00e0 22 h, le samedi 29 avril 2023 jour des fun\u00e9railles \u00e0 compter de 11 h 30 au Complexe Thanatologique Mallet &amp; fils du 585 Boul. Laure \u00e0 Sept-\u00celes.<\/p>\n<p>Il laisse dans le deuil outre son \u00e9pouse madame G\u00e9raldine Beaudin, ses enfants\u00a0: Charles, Johnny, No\u00eblla (Jean Tremblay), Andr\u00e9e (Pierre Boulianne), Lorraine (Marco Roy) et Monica (Claude Fortin), ses petits-enfants\u00a0: Yan, Dave, Magalie, Jasmine, St\u00e9phanie (Martin Chass\u00e9), Sarah, D\u00e9reck, Ariane et \u00c9va-Mariane, ses arri\u00e8re-petits-enfants : Romy, Yulia et Math\u00e9o ainsi que sa belle-s\u0153ur Annette Beaudin (feu Donat Chapados), ses neveux, ses ni\u00e8ces, ses cousins, ses cousines et de nombreux ami(e)s.<\/p>\n<p>Il \u00e9tait le p\u00e8re de feu Gerry Beaudin (Line Barras) et de feu Lisette Beaudin (Fran\u00e7ois C\u00f4t\u00e9).<\/p>\n<p>Vos marques de sympathie peuvent se traduire par un don \u00e0 l\u2019\u00c9lyme des sables <a href=\"http:\/\/www.elymedessables.com\">www.elymedessables.com<\/a><\/p>\n<p>La famille a confi\u00e9 la direction des fun\u00e9railles aux services professionnels de la Maison Mallet &amp; fils du 585 boul. Laure \u00e0 Sept-\u00celes, maintenant reconnue Distinction et membre de la Corporation des Thanatologues du Qu\u00e9bec.<\/p>\n<p>Vous pouvez consulter cet avis de d\u00e9c\u00e8s sur le <a href=\"https:\/\/nouveau.maisonmallet.com\">www.maisonmallet.com<\/a><\/p>\n<p>Ceux et celles qui le d\u00e9sirent, peuvent y envoyer des messages de sympathie.<\/p>\n<p>&nbsp;<\/p>\n<p>&nbsp;<\/p>\n<hr \/>\n<p>Envoyer vos condol\u00e9ances<\/p>\n<p>[contact-form to=\u00a0\u00bblorraine.beaudin@outlook.com\u00a0\u00bb subject=\u00a0\u00bbCondol\u00e9ances G\u00e9rard Beaudin\u00a0\u00bb][contact-field label=\u00a0\u00bbVotre nom\u00a0\u00bb type=\u00a0\u00bbname\u00a0\u00bb required=\u00a0\u00bb1&Prime;][contact-field label=\u00a0\u00bbVotre courriel\u00a0\u00bb type=\u00a0\u00bbemail\u00a0\u00bb required=\u00a0\u00bb1&Prime;][contact-field label=\u00a0\u00bbCondol\u00e9ances\u00a0\u00bb type=\u00a0\u00bbtextarea\u00a0\u00bb][\/contact-form]<\/p>\n","protected":false},"featured_media":40084,"template":"","event_cat":[6],"class_list":["post-40028","event","type-event","status-publish","has-post-thumbnail","hentry","event_cat-maison-mallet-et-fils-inc"],"_links":{"self":[{"href":"https:\/\/nouveau.maisonmallet.com\/back05_01\/index.php?rest_route=\/wp\/v2\/event\/40028","targetHints":{"allow":["GET"]}}],"collection":[{"href":"https:\/\/nouveau.maisonmallet.com\/back05_01\/index.php?rest_route=\/wp\/v2\/event"}],"about":[{"href":"https:\/\/nouveau.maisonmallet.com\/back05_01\/index.php?rest_route=\/wp\/v2\/types\/event"}],"wp:featuredmedia":[{"embeddable":true,"href":"https:\/\/nouveau.maisonmallet.com\/back05_01\/index.php?rest_route=\/wp\/v2\/media\/40084"}],"wp:attachment":[{"href":"https:\/\/nouveau.maisonmallet.com\/back05_01\/index.php?rest_route=%2Fwp%2Fv2%2Fmedia&parent=40028"}],"wp:term":[{"taxonomy":"event_cat","embeddable":true,"href":"https:\/\/nouveau.maisonmallet.com\/back05_01\/index.php?rest_route=%2Fwp%2Fv2%2Fevent_cat&post=40028"}],"curies":[{"name":"wp","href":"https:\/\/api.w.org\/{rel}","templated":true}]}}

BEAUDIN, Gérard

<p>Le Complexe Thanatologique Mallet &amp; fils a le regret de vous annoncer le décès de</p>
<p>&nbsp;</p>
<p>&nbsp;</p>
<p>Gérard Beaudin</p>
<p>1931 – 2023</p>
<p>&nbsp;</p>
<p>&nbsp;</p>
<p>À Sept-Îles (maison Élyme des Sables), le 24 avril 2023, est décédé à l’âge de 91 ans, monsieur Gérard Beaudin époux de madame Géraldine Beaudin et domicilié à Sept-Îles.</p>
<p>Les funérailles de monsieur Gérard Beaudin auront lieu le samedi 29 avril 2023 à 13 h en l’église St-Joseph située au 535, ave. Brochu à Sept-Îles.</p>
<p>La famille reçoit parents et amis le vendredi 28 avril 2023 de 19 h à 22 h, le samedi 29 avril 2023 jour des funérailles à compter de 11 h 30 au Complexe Thanatologique Mallet &amp; fils du 585 Boul. Laure à Sept-Îles.</p>
<p>Il laisse dans le deuil outre son épouse madame Géraldine Beaudin, ses enfants : Charles, Johnny, Noëlla (Jean Tremblay), Andrée (Pierre Boulianne), Lorraine (Marco Roy) et Monica (Claude Fortin), ses petits-enfants : Yan, Dave, Magalie, Jasmine, Stéphanie (Martin Chassé), Sarah, Déreck, Ariane et Éva-Mariane, ses arrière-petits-enfants : Romy, Yulia et Mathéo ainsi que sa belle-sœur Annette Beaudin (feu Donat Chapados), ses neveux, ses nièces, ses cousins, ses cousines et de nombreux ami(e)s.</p>
<p>Il était le père de feu Gerry Beaudin (Line Barras) et de feu Lisette Beaudin (François Côté).</p>
<p>Vos marques de sympathie peuvent se traduire par un don à l’Élyme des sables <a href="http://www.elymedessables.com">www.elymedessables.com</a></p>
<p>La famille a confié la direction des funérailles aux services professionnels de la Maison Mallet &amp; fils du 585 boul. Laure à Sept-Îles, maintenant reconnue Distinction et membre de la Corporation des Thanatologues du Québec.</p>
<p>Vous pouvez consulter cet avis de décès sur le <a href="https://nouveau.maisonmallet.com">www.maisonmallet.com</a></p>
<p>Ceux et celles qui le désirent, peuvent y envoyer des messages de sympathie.</p>
<p>&nbsp;</p>
<p>&nbsp;</p>
<hr />
<p>Envoyer vos condoléances</p>
<p>[contact-form to= »lorraine.beaudin@outlook.com » subject= »Condoléances Gérard Beaudin »][contact-field label= »Votre nom » type= »name » required= »1&Prime;][contact-field label= »Votre courriel » type= »email » required= »1&Prime;][contact-field label= »Condoléances » type= »textarea »][/contact-form]</p>
