{"id":4009,"date":"2019-07-27T09:00:12","date_gmt":"2019-07-27T13:00:12","guid":{"rendered":"https:\/\/nouveau.maisonmallet.com\/?post_type=event&#038;p=4009"},"modified":"2019-08-01T08:56:27","modified_gmt":"2019-08-01T12:56:27","slug":"laporte-pe02101932","status":"publish","type":"event","link":"https:\/\/nouveau.maisonmallet.com\/back05_01\/?event=laporte-pe02101932","title":{"rendered":"LAPORTE, Paul-\u00c9mile"},"content":{"rendered":"<p>1932 \u2013 2019<\/p>\n<p>&nbsp;<\/p>\n<p>LAPORTE, Paul-\u00c9mile<\/p>\n<p>\u00c0 Sept-\u00celes (r\u00e9sidence Gustave Gauvreau), le 27 juillet 2019, est d\u00e9c\u00e9d\u00e9 \u00e0 l\u2019\u00e2ge de 86 ans, monsieur Paul-\u00c9mile Laporte \u00e9poux de madame Th\u00e9r\u00e8se Vaillancourt et domicili\u00e9 \u00e0 Sept-\u00celes.<\/p>\n<p>La c\u00e9r\u00e9monie comm\u00e9morative de monsieur Paul-\u00c9mile Laporte aura lieu le samedi 3 ao\u00fbt 2019 \u00e0 17 h, \u00e0 la chapelle du Complexe Thanatologique Mallet &amp; fils du 585, Boul. Laure \u00e0 Sept-\u00celes.<\/p>\n<p>Selon ses volont\u00e9s, il a \u00e9t\u00e9 confi\u00e9 au cr\u00e9matorium de la Maison Mallet &amp; fils pour cr\u00e9mation.<\/p>\n<p>La famille re\u00e7oit parents et amis le samedi 3 ao\u00fbt 2019, jour de la c\u00e9r\u00e9monie, de 14 h \u00e0 17 h au Complexe Thanatologique Mallet &amp; fils du 585 boul. Laure \u00e0 Sept-\u00celes.<\/p>\n<p>Il laisse dans le deuil outre son \u00e9pouse madame Th\u00e9r\u00e8se Vaillancourt Laporte sa fille Guylaine (Guy Dion ses enfants\u00a0: Catherine et Christophe), son fils Guy (Ariane Gagnon Trottier), sa petite-fille Rafa\u00eble, son petit-fils William ainsi que ses fr\u00e8res, ses s\u0153urs, ses beaux-fr\u00e8res, ses belles-s\u0153urs, ses neveux, ses ni\u00e8ces, ses cousins, ses cousines et de nombreux ami(e)s.<\/p>\n<p>Vos marques de sympathie peuvent se traduire par un don \u00e0 La fondation r\u00e9gionale h\u00f4pital Sept-\u00celes <a href=\"http:\/\/www.fondationsept-iles.qc.ca\/\">www.fondationsept-iles.qc.ca<\/a> et ou \u00e0 la soci\u00e9t\u00e9 Alzheimer Cote-Nord <a href=\"http:\/\/www.alzheimerquebec.ca\/\">www.alzheimerquebec.ca<\/a><\/p>\n<p>Vous pouvez consulter cet avis de d\u00e9c\u00e8s sur le\u00a0: <a href=\"https:\/\/nouveau.maisonmallet.com\/back05_01\/\">www.maisonmallet.com<\/a><\/p>\n<p>Ceux et celles qui le d\u00e9sirent, peuvent y envoyer des messages de sympathie.<\/p>\n<p>&nbsp;<\/p>\n<hr \/>\n<p>Envoyer vos condol\u00e9ances<\/p>\n<p>[contact-form to=\u00a0\u00bbguylainelaporte72@gmail.com\u00a0\u00bb subject=\u00a0\u00bbCondol\u00e9ances Paul-Emile Laporte\u00a0\u00bb][contact-field label=\u00a0\u00bbVotre nom\u00a0\u00bb type=\u00a0\u00bbname\u00a0\u00bb required=\u00a0\u00bb1&Prime;][contact-field label=\u00a0\u00bbVotre courriel\u00a0\u00bb type=\u00a0\u00bbemail\u00a0\u00bb required=\u00a0\u00bb1&Prime;][contact-field label=\u00a0\u00bbCondol\u00e9ances\u00a0\u00bb type=\u00a0\u00bbtextarea\u00a0\u00bb][\/contact-form]<\/p>\n","protected":false},"featured_media":4113,"template":"","event_cat":[6],"class_list":["post-4009","event","type-event","status-publish","has-post-thumbnail","hentry","event_cat-maison-mallet-et-fils-inc"],"_links":{"self":[{"href":"https:\/\/nouveau.maisonmallet.com\/back05_01\/index.php?rest_route=\/wp\/v2\/event\/4009","targetHints":{"allow":["GET"]}}],"collection":[{"href":"https:\/\/nouveau.maisonmallet.com\/back05_01\/index.php?rest_route=\/wp\/v2\/event"}],"about":[{"href":"https:\/\/nouveau.maisonmallet.com\/back05_01\/index.php?rest_route=\/wp\/v2\/types\/event"}],"wp:featuredmedia":[{"embeddable":true,"href":"https:\/\/nouveau.maisonmallet.com\/back05_01\/index.php?rest_route=\/wp\/v2\/media\/4113"}],"wp:attachment":[{"href":"https:\/\/nouveau.maisonmallet.com\/back05_01\/index.php?rest_route=%2Fwp%2Fv2%2Fmedia&parent=4009"}],"wp:term":[{"taxonomy":"event_cat","embeddable":true,"href":"https:\/\/nouveau.maisonmallet.com\/back05_01\/index.php?rest_route=%2Fwp%2Fv2%2Fevent_cat&post=4009"}],"curies":[{"name":"wp","href":"https:\/\/api.w.org\/{rel}","templated":true}]}}

LAPORTE, Paul-Émile

<p>1932 – 2019</p>
<p>&nbsp;</p>
<p>LAPORTE, Paul-Émile</p>
<p>À Sept-Îles (résidence Gustave Gauvreau), le 27 juillet 2019, est décédé à l’âge de 86 ans, monsieur Paul-Émile Laporte époux de madame Thérèse Vaillancourt et domicilié à Sept-Îles.</p>
<p>La cérémonie commémorative de monsieur Paul-Émile Laporte aura lieu le samedi 3 août 2019 à 17 h, à la chapelle du Complexe Thanatologique Mallet &amp; fils du 585, Boul. Laure à Sept-Îles.</p>
<p>Selon ses volontés, il a été confié au crématorium de la Maison Mallet &amp; fils pour crémation.</p>
<p>La famille reçoit parents et amis le samedi 3 août 2019, jour de la cérémonie, de 14 h à 17 h au Complexe Thanatologique Mallet &amp; fils du 585 boul. Laure à Sept-Îles.</p>
<p>Il laisse dans le deuil outre son épouse madame Thérèse Vaillancourt Laporte sa fille Guylaine (Guy Dion ses enfants : Catherine et Christophe), son fils Guy (Ariane Gagnon Trottier), sa petite-fille Rafaële, son petit-fils William ainsi que ses frères, ses sœurs, ses beaux-frères, ses belles-sœurs, ses neveux, ses nièces, ses cousins, ses cousines et de nombreux ami(e)s.</p>
<p>Vos marques de sympathie peuvent se traduire par un don à La fondation régionale hôpital Sept-Îles <a href="http://www.fondationsept-iles.qc.ca/">www.fondationsept-iles.qc.ca</a> et ou à la société Alzheimer Cote-Nord <a href="http://www.alzheimerquebec.ca/">www.alzheimerquebec.ca</a></p>
<p>Vous pouvez consulter cet avis de décès sur le : <a href="https://nouveau.maisonmallet.com/back05_01/">www.maisonmallet.com</a></p>
<p>Ceux et celles qui le désirent, peuvent y envoyer des messages de sympathie.</p>
<p>&nbsp;</p>
<hr />
<p>Envoyer vos condoléances</p>
<p>[contact-form to= »guylainelaporte72@gmail.com » subject= »Condoléances Paul-Emile Laporte »][contact-field label= »Votre nom » type= »name » required= »1&Prime;][contact-field label= »Votre courriel » type= »email » required= »1&Prime;][contact-field label= »Condoléances » type= »textarea »][/contact-form]</p>
