{"id":40340,"date":"2023-05-07T13:13:29","date_gmt":"2023-05-07T17:13:29","guid":{"rendered":"https:\/\/nouveau.maisonmallet.com\/?post_type=event&#038;p=40340"},"modified":"2023-05-08T15:34:04","modified_gmt":"2023-05-08T19:34:04","slug":"chevarie-laurenza","status":"publish","type":"event","link":"https:\/\/nouveau.maisonmallet.com\/back05_01\/?event=chevarie-laurenza","title":{"rendered":"CHEVARIE, Laurenza"},"content":{"rendered":"<p>Le Complexe Thanatologique Mallet &amp; fils a le regret de vous annoncer le d\u00e9c\u00e8s de<\/p>\n<p>&nbsp;<\/p>\n<p>Laurenza Chevarie<\/p>\n<p>1926 \u2013 2023<\/p>\n<p>&nbsp;<\/p>\n<p>&nbsp;<\/p>\n<p>&nbsp;<\/p>\n<p>\u00c0 Sept-\u00celes (maison \u00c9lyme des Sables), le 6 mai 2023, est d\u00e9c\u00e9d\u00e9e \u00e0 l\u2019\u00e2ge de 96 ans, madame Laurenza Chevarie \u00e9pouse de feu L\u00e9o Rochette et domicili\u00e9e \u00e0 Sept-\u00celes.<\/p>\n<p>Les fun\u00e9railles de madame Laurenza Chevarie auront lieu le vendredi 12 mai 2023 \u00e0 14 h en l\u2019\u00e9glise St-Joseph situ\u00e9e au 535, ave. Brochu \u00e0 Sept-\u00celes.<\/p>\n<p>Selon ses volont\u00e9s, elle a \u00e9t\u00e9 confi\u00e9e au cr\u00e9matorium de la Maison Mallet &amp; fils pour cr\u00e9mation.<\/p>\n<p>La famille re\u00e7oit parents et amis le vendredi 12 mai 2023 jour des fun\u00e9railles \u00e0 compter de 13 h 30 \u00e0 l\u2019\u00e9glise St-Joseph de Sept-\u00celes.<\/p>\n<p>Elle laisse dans le deuil ses enfants : Th\u00e9r\u00e8se, Denis (Lise), Marguerite, Marjolaine, Lina, Sylvio (R\u00e9gine), ses petits-enfants : Val\u00e9rie, Carl, Sylvain, Simon, Karina (Alla), Fr\u00e9d\u00e9ric (Andr\u00e9ane), Olivier(Karen) et Bobby, ses arri\u00e8re-petits-enfants : Assad, Antoine, Naomie, Justin, Guillaume, Arianne et Alexi ainsi que ses neveux, ses ni\u00e8ces, ses cousins, ses cousines et de nombreux ami(e)s.<\/p>\n<p>Elle \u00e9tait la m\u00e8re de feu Colette Rochette et feu Jeannette Rochette (Ren\u00e9).<\/p>\n<p>Vos marques de sympathie peuvent se traduire par un don \u00e0 l\u2019\u00c9lyme des Sables <a href=\"http:\/\/www.elymedessables.com\">www.elymedessables.com<\/a><\/p>\n<p>La famille a confi\u00e9 la direction des fun\u00e9railles aux services professionnels de la Maison Mallet &amp; fils du 585 boul. Laure \u00e0 Sept-\u00celes, maintenant reconnue Distinction et membre de la Corporation des Thanatologues du Qu\u00e9bec.<\/p>\n<p>Vous pouvez consulter cet avis de d\u00e9c\u00e8s sur le <a href=\"https:\/\/nouveau.maisonmallet.com\">www.maisonmallet.com<\/a><\/p>\n<p>Ceux et celles qui le d\u00e9sirent, peuvent y envoyer des messages de sympathies.<\/p>\n<p>&nbsp;<\/p>\n<hr \/>\n<p>Envoyer vos condol\u00e9ances<\/p>\n<p>[contact-form to=\u00a0\u00bbsrochett@cgocable.ca\u00a0\u00bb subject=\u00a0\u00bbCondol\u00e9ances Laurenza Chevarie\u00a0\u00bb][contact-field label=\u00a0\u00bbVotre nom\u00a0\u00bb type=\u00a0\u00bbname\u00a0\u00bb required=\u00a0\u00bb1&Prime;][contact-field label=\u00a0\u00bbVotre courriel\u00a0\u00bb type=\u00a0\u00bbemail\u00a0\u00bb required=\u00a0\u00bb1&Prime;][contact-field label=\u00a0\u00bbCondol\u00e9ances\u00a0\u00bb type=\u00a0\u00bbtextarea\u00a0\u00bb][\/contact-form]<\/p>\n","protected":false},"featured_media":40367,"template":"","event_cat":[6],"class_list":["post-40340","event","type-event","status-publish","has-post-thumbnail","hentry","event_cat-maison-mallet-et-fils-inc"],"_links":{"self":[{"href":"https:\/\/nouveau.maisonmallet.com\/back05_01\/index.php?rest_route=\/wp\/v2\/event\/40340","targetHints":{"allow":["GET"]}}],"collection":[{"href":"https:\/\/nouveau.maisonmallet.com\/back05_01\/index.php?rest_route=\/wp\/v2\/event"}],"about":[{"href":"https:\/\/nouveau.maisonmallet.com\/back05_01\/index.php?rest_route=\/wp\/v2\/types\/event"}],"wp:featuredmedia":[{"embeddable":true,"href":"https:\/\/nouveau.maisonmallet.com\/back05_01\/index.php?rest_route=\/wp\/v2\/media\/40367"}],"wp:attachment":[{"href":"https:\/\/nouveau.maisonmallet.com\/back05_01\/index.php?rest_route=%2Fwp%2Fv2%2Fmedia&parent=40340"}],"wp:term":[{"taxonomy":"event_cat","embeddable":true,"href":"https:\/\/nouveau.maisonmallet.com\/back05_01\/index.php?rest_route=%2Fwp%2Fv2%2Fevent_cat&post=40340"}],"curies":[{"name":"wp","href":"https:\/\/api.w.org\/{rel}","templated":true}]}}

<p>Le Complexe Thanatologique Mallet &amp; fils a le regret de vous annoncer le décès de</p>
<p>&nbsp;</p>
<p>Laurenza Chevarie</p>
<p>1926 – 2023</p>
<p>&nbsp;</p>
<p>&nbsp;</p>
<p>&nbsp;</p>
<p>À Sept-Îles (maison Élyme des Sables), le 6 mai 2023, est décédée à l’âge de 96 ans, madame Laurenza Chevarie épouse de feu Léo Rochette et domiciliée à Sept-Îles.</p>
<p>Les funérailles de madame Laurenza Chevarie auront lieu le vendredi 12 mai 2023 à 14 h en l’église St-Joseph située au 535, ave. Brochu à Sept-Îles.</p>
<p>Selon ses volontés, elle a été confiée au crématorium de la Maison Mallet &amp; fils pour crémation.</p>
<p>La famille reçoit parents et amis le vendredi 12 mai 2023 jour des funérailles à compter de 13 h 30 à l’église St-Joseph de Sept-Îles.</p>
<p>Elle laisse dans le deuil ses enfants : Thérèse, Denis (Lise), Marguerite, Marjolaine, Lina, Sylvio (Régine), ses petits-enfants : Valérie, Carl, Sylvain, Simon, Karina (Alla), Frédéric (Andréane), Olivier(Karen) et Bobby, ses arrière-petits-enfants : Assad, Antoine, Naomie, Justin, Guillaume, Arianne et Alexi ainsi que ses neveux, ses nièces, ses cousins, ses cousines et de nombreux ami(e)s.</p>
<p>Elle était la mère de feu Colette Rochette et feu Jeannette Rochette (René).</p>
<p>Vos marques de sympathie peuvent se traduire par un don à l’Élyme des Sables <a href="http://www.elymedessables.com">www.elymedessables.com</a></p>
<p>La famille a confié la direction des funérailles aux services professionnels de la Maison Mallet &amp; fils du 585 boul. Laure à Sept-Îles, maintenant reconnue Distinction et membre de la Corporation des Thanatologues du Québec.</p>
<p>Vous pouvez consulter cet avis de décès sur le <a href="https://nouveau.maisonmallet.com">www.maisonmallet.com</a></p>
<p>Ceux et celles qui le désirent, peuvent y envoyer des messages de sympathies.</p>
<p>&nbsp;</p>
<hr />
<p>Envoyer vos condoléances</p>
<p>[contact-form to= »srochett@cgocable.ca » subject= »Condoléances Laurenza Chevarie »][contact-field label= »Votre nom » type= »name » required= »1&Prime;][contact-field label= »Votre courriel » type= »email » required= »1&Prime;][contact-field label= »Condoléances » type= »textarea »][/contact-form]</p>
