{"id":40366,"date":"2023-05-11T08:59:28","date_gmt":"2023-05-11T12:59:28","guid":{"rendered":"https:\/\/nouveau.maisonmallet.com\/?post_type=event&#038;p=40366"},"modified":"2023-05-12T09:03:39","modified_gmt":"2023-05-12T13:03:39","slug":"gagne-lucien","status":"publish","type":"event","link":"https:\/\/nouveau.maisonmallet.com\/back05_01\/?event=gagne-lucien","title":{"rendered":"GAGN\u00c9, Lucien"},"content":{"rendered":"<p>Le Complexe Thanatologique Mallet &amp; fils a le regret de vous annoncer le d\u00e9c\u00e8s de<\/p>\n<p>&nbsp;<\/p>\n<p>Lucien Gagn\u00e9<\/p>\n<p>1936 &#8211; 2023<\/p>\n<p>&nbsp;<\/p>\n<p>&nbsp;<\/p>\n<p>\u00c0 Sept-\u00celes, le 17 avril 2023, est d\u00e9c\u00e9d\u00e9 \u00e0 l\u2019\u00e2ge de 86 ans, monsieur Lucien Gagn\u00e9 \u00e9poux de feu Gis\u00e8le Ruest et domicili\u00e9 \u00e0 Sept-\u00celes.<\/p>\n<p>La c\u00e9r\u00e9monie comm\u00e9morative de monsieur Lucien Gagn\u00e9 aura lieu le samedi 20 mai 2023 \u00e0 16 h 15 \u00e0 la chapelle du Complexe Thanatologique Mallet &amp; fils du 585, Boul. Laure \u00e0 Sept-\u00celes.<\/p>\n<p>La famille re\u00e7oit parents et amis le samedi 20 mai 2023 jour de la c\u00e9r\u00e9monie de 13 h \u00e0 17 h au Complexe Thanatologique Mallet &amp; fils du 585, Boul. Laure \u00e0 Sept-\u00celes.<\/p>\n<p>Il laisse dans le deuil ses enfants\u00a0: Annie (Sylvain Rodier), Julie (Kevens Primard) et Hugo (V\u00e9ronique Chouinard), ses petits-enfants\u00a0: Mathieu (Cassie Larochelle), Guillaume (Anne-Sophie Bisson), Marie-Pier, Vincent (Mae-Anne Boucher) et \u00c9lodie, ses fr\u00e8res\u00a0: \u00c9mile (Suzette Dionne) et Yvon (feu Marie-Paule Duchesne), ses s\u0153urs\u00a0: Marie-Ange (feu Roland Lepage), Raymonde (Jean-Marc Bouffard), Jocelyne et Nicole (feu Ren\u00e9 Bergeron), ses beaux-fr\u00e8res\u00a0: R\u00e9al (Denise Levesque) et Bruno (Mich\u00e8le Lizotte), sa belle-s\u0153ur Ghyslaine (L\u00e9onard Gagn\u00e9) ainsi qu`une amie Monique Richard, ses neveux, ses ni\u00e8ces, ses cousins, ses cousines, et de nombreux ami(e)s.<\/p>\n<p>Vos marques de sympathie peuvent se traduire par un don \u00e0 l\u2019\u00c9lyme des Sables <a href=\"http:\/\/www.elymedessables.com\">www.elymedessables.com<\/a><\/p>\n<p>La famille a confi\u00e9 les arrangements aux services professionnels de la Maison Mallet &amp; fils du 585 Boul. Laure \u00e0 Sept-\u00celes, maintenant reconnue Distinction et membre de la Corporation des Thanatologues du Qu\u00e9bec.<\/p>\n<p>Vous pouvez consulter cet avis de d\u00e9c\u00e8s sur le\u00a0: <a href=\"https:\/\/nouveau.maisonmallet.com\">www.maisonmallet.com<\/a><\/p>\n<p>Ceux et celles qui le d\u00e9sirent, peuvent y envoyer des messages de sympathie.<\/p>\n<p>&nbsp;<\/p>\n<p>&nbsp;<\/p>\n<hr \/>\n<p>Envoyer vos condol\u00e9ances<\/p>\n<p>[contact-form to=\u00a0\u00bbjulie004@telus.net\u00a0\u00bb subject=\u00a0\u00bbCondol\u00e9ances Lucien Gagn\u00e9\u00a0\u00bb][contact-field label=\u00a0\u00bbVotre nom\u00a0\u00bb type=\u00a0\u00bbname\u00a0\u00bb required=\u00a0\u00bb1&Prime;][contact-field label=\u00a0\u00bbVotre courriel\u00a0\u00bb type=\u00a0\u00bbemail\u00a0\u00bb required=\u00a0\u00bb1&Prime;][contact-field label=\u00a0\u00bbCondol\u00e9ances\u00a0\u00bb type=\u00a0\u00bbtextarea\u00a0\u00bb][\/contact-form]<\/p>\n","protected":false},"featured_media":40410,"template":"","event_cat":[6],"class_list":["post-40366","event","type-event","status-publish","has-post-thumbnail","hentry","event_cat-maison-mallet-et-fils-inc"],"_links":{"self":[{"href":"https:\/\/nouveau.maisonmallet.com\/back05_01\/index.php?rest_route=\/wp\/v2\/event\/40366","targetHints":{"allow":["GET"]}}],"collection":[{"href":"https:\/\/nouveau.maisonmallet.com\/back05_01\/index.php?rest_route=\/wp\/v2\/event"}],"about":[{"href":"https:\/\/nouveau.maisonmallet.com\/back05_01\/index.php?rest_route=\/wp\/v2\/types\/event"}],"wp:featuredmedia":[{"embeddable":true,"href":"https:\/\/nouveau.maisonmallet.com\/back05_01\/index.php?rest_route=\/wp\/v2\/media\/40410"}],"wp:attachment":[{"href":"https:\/\/nouveau.maisonmallet.com\/back05_01\/index.php?rest_route=%2Fwp%2Fv2%2Fmedia&parent=40366"}],"wp:term":[{"taxonomy":"event_cat","embeddable":true,"href":"https:\/\/nouveau.maisonmallet.com\/back05_01\/index.php?rest_route=%2Fwp%2Fv2%2Fevent_cat&post=40366"}],"curies":[{"name":"wp","href":"https:\/\/api.w.org\/{rel}","templated":true}]}}

GAGNÉ, Lucien

<p>Le Complexe Thanatologique Mallet &amp; fils a le regret de vous annoncer le décès de</p>
<p>&nbsp;</p>
<p>Lucien Gagné</p>
<p>1936 &#8211; 2023</p>
<p>&nbsp;</p>
<p>&nbsp;</p>
<p>À Sept-Îles, le 17 avril 2023, est décédé à l’âge de 86 ans, monsieur Lucien Gagné époux de feu Gisèle Ruest et domicilié à Sept-Îles.</p>
<p>La cérémonie commémorative de monsieur Lucien Gagné aura lieu le samedi 20 mai 2023 à 16 h 15 à la chapelle du Complexe Thanatologique Mallet &amp; fils du 585, Boul. Laure à Sept-Îles.</p>
<p>La famille reçoit parents et amis le samedi 20 mai 2023 jour de la cérémonie de 13 h à 17 h au Complexe Thanatologique Mallet &amp; fils du 585, Boul. Laure à Sept-Îles.</p>
<p>Il laisse dans le deuil ses enfants : Annie (Sylvain Rodier), Julie (Kevens Primard) et Hugo (Véronique Chouinard), ses petits-enfants : Mathieu (Cassie Larochelle), Guillaume (Anne-Sophie Bisson), Marie-Pier, Vincent (Mae-Anne Boucher) et Élodie, ses frères : Émile (Suzette Dionne) et Yvon (feu Marie-Paule Duchesne), ses sœurs : Marie-Ange (feu Roland Lepage), Raymonde (Jean-Marc Bouffard), Jocelyne et Nicole (feu René Bergeron), ses beaux-frères : Réal (Denise Levesque) et Bruno (Michèle Lizotte), sa belle-sœur Ghyslaine (Léonard Gagné) ainsi qu`une amie Monique Richard, ses neveux, ses nièces, ses cousins, ses cousines, et de nombreux ami(e)s.</p>
<p>Vos marques de sympathie peuvent se traduire par un don à l’Élyme des Sables <a href="http://www.elymedessables.com">www.elymedessables.com</a></p>
<p>La famille a confié les arrangements aux services professionnels de la Maison Mallet &amp; fils du 585 Boul. Laure à Sept-Îles, maintenant reconnue Distinction et membre de la Corporation des Thanatologues du Québec.</p>
<p>Vous pouvez consulter cet avis de décès sur le : <a href="https://nouveau.maisonmallet.com">www.maisonmallet.com</a></p>
<p>Ceux et celles qui le désirent, peuvent y envoyer des messages de sympathie.</p>
<p>&nbsp;</p>
<p>&nbsp;</p>
<hr />
<p>Envoyer vos condoléances</p>
<p>[contact-form to= »julie004@telus.net » subject= »Condoléances Lucien Gagné »][contact-field label= »Votre nom » type= »name » required= »1&Prime;][contact-field label= »Votre courriel » type= »email » required= »1&Prime;][contact-field label= »Condoléances » type= »textarea »][/contact-form]</p>
