{"id":40409,"date":"2023-05-11T17:26:18","date_gmt":"2023-05-11T21:26:18","guid":{"rendered":"https:\/\/nouveau.maisonmallet.com\/?post_type=event&#038;p=40409"},"modified":"2023-05-15T15:55:15","modified_gmt":"2023-05-15T19:55:15","slug":"vigneault-cedric","status":"publish","type":"event","link":"https:\/\/nouveau.maisonmallet.com\/back05_01\/?event=vigneault-cedric","title":{"rendered":"VIGNEAULT, C\u00e9dric"},"content":{"rendered":"<p>Le Complexe Thanatologique Mallet &amp; fils a le regret de vous annoncer le d\u00e9c\u00e8s de<\/p>\n<p>&nbsp;<\/p>\n<p>C\u00e9dric Vigneault<\/p>\n<p>1983 \u2013 2023<\/p>\n<p>&nbsp;<\/p>\n<p>\u00c0 Sept-\u00celes, le 5 mai 2023, est d\u00e9c\u00e9d\u00e9 \u00e0 l\u2019\u00e2ge de 39 ans, monsieur C\u00e9dric Vigneault conjoint de madame Erika Bourgoin et domicili\u00e9 \u00e0 Sept-\u00celes.<\/p>\n<p>La c\u00e9r\u00e9monie comm\u00e9morative de monsieur C\u00e9dric Vigneault aura lieu le samedi 20 mai 2023 \u00e0 16 h 30 au centre des congr\u00e8s du 513, ave Brochu \u00e0 Sept-\u00celes o\u00f9 amis et famille sont convi\u00e9s. La c\u00e9r\u00e9monie d\u00e9butera avec les hommages pour se poursuivre avec un repas avec les amis et famille proches.<\/p>\n<p>La famille re\u00e7oit parents et amis le vendredi 19 mai 2023 de 14 h 30 \u00e0 16 h et de 19 h \u00e0 22 h au Complexe Thanatologique Mallet &amp; fils du 585 Boul. Laure \u00e0 Sept-\u00celes.<\/p>\n<p>Il laisse dans le deuil outre sa conjointe madame Erika Bourgoin, ses filles\u00a0: Ariane et Sophie, leur m\u00e8re madame Marie-Eve Beaulieu, sa belle-fille Laurence, son p\u00e8re monsieur Ghislain Vigneault, sa m\u00e8re madame Marie-Jos\u00e9e Cloutier, son fr\u00e8re Pier-Luc (Jenifer Girard), ses neveux\u00a0: Mathis et \u00c9liot ainsi que ses oncles, ses tantes, ses cousins, ses cousines et de nombreux ami(e)s.<\/p>\n<p>La famille a confi\u00e9 les arrangements aux services professionnels de la Maison Mallet &amp; fils du 585 Boul. Laure \u00e0 Sept-\u00celes, maintenant reconnue Distinction et membre de la Corporation des Thanatologues du Qu\u00e9bec.<\/p>\n<p>Vous pouvez consulter cet avis de d\u00e9c\u00e8s sur le\u00a0: <a href=\"https:\/\/nouveau.maisonmallet.com\">www.maisonmallet.com<\/a><\/p>\n<p>Ceux et celles qui le d\u00e9sirent, peuvent y envoyer des messages de sympathie.<\/p>\n<hr \/>\n<p>Envoyer vos condol\u00e9ances<\/p>\n<p>[contact-form to=\u00a0\u00bbmarijo1607@gmail.com\u00a0\u00bb subject=\u00a0\u00bbCondol\u00e9ances C\u00e9dric Vigneault\u00a0\u00bb][contact-field label=\u00a0\u00bbVotre nom\u00a0\u00bb type=\u00a0\u00bbname\u00a0\u00bb required=\u00a0\u00bb1&Prime;][contact-field label=\u00a0\u00bbVotre courriel\u00a0\u00bb type=\u00a0\u00bbemail\u00a0\u00bb required=\u00a0\u00bb1&Prime;][contact-field label=\u00a0\u00bbCondol\u00e9ances\u00a0\u00bb type=\u00a0\u00bbtextarea\u00a0\u00bb][\/contact-form]<\/p>\n","protected":false},"featured_media":40417,"template":"","event_cat":[6],"class_list":["post-40409","event","type-event","status-publish","has-post-thumbnail","hentry","event_cat-maison-mallet-et-fils-inc"],"_links":{"self":[{"href":"https:\/\/nouveau.maisonmallet.com\/back05_01\/index.php?rest_route=\/wp\/v2\/event\/40409","targetHints":{"allow":["GET"]}}],"collection":[{"href":"https:\/\/nouveau.maisonmallet.com\/back05_01\/index.php?rest_route=\/wp\/v2\/event"}],"about":[{"href":"https:\/\/nouveau.maisonmallet.com\/back05_01\/index.php?rest_route=\/wp\/v2\/types\/event"}],"wp:featuredmedia":[{"embeddable":true,"href":"https:\/\/nouveau.maisonmallet.com\/back05_01\/index.php?rest_route=\/wp\/v2\/media\/40417"}],"wp:attachment":[{"href":"https:\/\/nouveau.maisonmallet.com\/back05_01\/index.php?rest_route=%2Fwp%2Fv2%2Fmedia&parent=40409"}],"wp:term":[{"taxonomy":"event_cat","embeddable":true,"href":"https:\/\/nouveau.maisonmallet.com\/back05_01\/index.php?rest_route=%2Fwp%2Fv2%2Fevent_cat&post=40409"}],"curies":[{"name":"wp","href":"https:\/\/api.w.org\/{rel}","templated":true}]}}

VIGNEAULT, Cédric

<p>Le Complexe Thanatologique Mallet &amp; fils a le regret de vous annoncer le décès de</p>
<p>&nbsp;</p>
<p>Cédric Vigneault</p>
<p>1983 – 2023</p>
<p>&nbsp;</p>
<p>À Sept-Îles, le 5 mai 2023, est décédé à l’âge de 39 ans, monsieur Cédric Vigneault conjoint de madame Erika Bourgoin et domicilié à Sept-Îles.</p>
<p>La cérémonie commémorative de monsieur Cédric Vigneault aura lieu le samedi 20 mai 2023 à 16 h 30 au centre des congrès du 513, ave Brochu à Sept-Îles où amis et famille sont conviés. La cérémonie débutera avec les hommages pour se poursuivre avec un repas avec les amis et famille proches.</p>
<p>La famille reçoit parents et amis le vendredi 19 mai 2023 de 14 h 30 à 16 h et de 19 h à 22 h au Complexe Thanatologique Mallet &amp; fils du 585 Boul. Laure à Sept-Îles.</p>
<p>Il laisse dans le deuil outre sa conjointe madame Erika Bourgoin, ses filles : Ariane et Sophie, leur mère madame Marie-Eve Beaulieu, sa belle-fille Laurence, son père monsieur Ghislain Vigneault, sa mère madame Marie-Josée Cloutier, son frère Pier-Luc (Jenifer Girard), ses neveux : Mathis et Éliot ainsi que ses oncles, ses tantes, ses cousins, ses cousines et de nombreux ami(e)s.</p>
<p>La famille a confié les arrangements aux services professionnels de la Maison Mallet &amp; fils du 585 Boul. Laure à Sept-Îles, maintenant reconnue Distinction et membre de la Corporation des Thanatologues du Québec.</p>
<p>Vous pouvez consulter cet avis de décès sur le : <a href="https://nouveau.maisonmallet.com">www.maisonmallet.com</a></p>
<p>Ceux et celles qui le désirent, peuvent y envoyer des messages de sympathie.</p>
<hr />
<p>Envoyer vos condoléances</p>
<p>[contact-form to= »marijo1607@gmail.com » subject= »Condoléances Cédric Vigneault »][contact-field label= »Votre nom » type= »name » required= »1&Prime;][contact-field label= »Votre courriel » type= »email » required= »1&Prime;][contact-field label= »Condoléances » type= »textarea »][/contact-form]</p>
