{"id":40603,"date":"2023-05-23T15:26:11","date_gmt":"2023-05-23T19:26:11","guid":{"rendered":"https:\/\/nouveau.maisonmallet.com\/?post_type=event&#038;p=40603"},"modified":"2023-05-25T10:23:29","modified_gmt":"2023-05-25T14:23:29","slug":"maloney-ruth","status":"publish","type":"event","link":"https:\/\/nouveau.maisonmallet.com\/back05_01\/?event=maloney-ruth","title":{"rendered":"MALONEY, Ruth"},"content":{"rendered":"<p>Le Complexe Thanatologique Mallet &amp; fils a le regret de vous annoncer le d\u00e9c\u00e8s de<\/p>\n<p>&nbsp;<\/p>\n<p>Ruth Maloney<\/p>\n<p>1937 \u2013 2023<\/p>\n<p>&nbsp;<\/p>\n<p>\u00c0 Sept-\u00celes, le 16 mai 2023, est d\u00e9c\u00e9d\u00e9e \u00e0 l\u2019\u00e2ge de 85 ans, madame Ruth Maloney \u00e9pouse de feu Jean-Paul Lepage et domicili\u00e9e \u00e0 Sept-\u00celes.<\/p>\n<p>Les fun\u00e9railles de madame Ruth Maloney auront lieu le samedi 3 juin 2023 \u00e0 10 h 30 en l\u2019\u00e9glise Marie-Immacul\u00e9e situ\u00e9e au 180, rue Papineau \u00e0 Sept-\u00celes et de l\u00e0 au cimeti\u00e8re Catholique de Sept-\u00celes.<\/p>\n<p>Selon ses volont\u00e9s, elle a \u00e9t\u00e9 confi\u00e9e au cr\u00e9matorium de la Maison Mallet &amp; fils pour cr\u00e9mation.<\/p>\n<p>La famille re\u00e7oit parents et amis le vendredi 2 juin 2023 de 19 h \u00e0 22 h. Le samedi 3 juin 2023 jour des fun\u00e9railles \u00e0 compter de 9 h \u00a0au Complexe Thanatologique Mallet &amp; fils du 585 Boul. Laure \u00e0 Sept-\u00celes.<\/p>\n<p>Elle laisse dans le deuil ses filles : Monique (Michel Blais), France (R\u00e9ginald Gravel) et Annie (Yvan Thibeault), ses fils : Bruno et Daniel, ses petits-fils : Danny (H\u00e9l\u00e8ne Fournier-Bezeau), Sylvain (Vicky Dastous), Jimmy (Meggie Gauthier), Pier-Luc (St\u00e9phanie Chabot), Francis (Jessica St-Pierre) et Johny (Cassandre Bilodeau), ses petites-filles : M\u00e9lanie, Sarah-Lyne (Matthew Gorman), Debby (Yan Bourassa) et Cindy, ses onze arri\u00e8re-petits-enfants ainsi que ses fr\u00e8res : Luc (Ghyslaine Daigle) et Richard (Lynda Vigneault), ses beaux-fr\u00e8res, ses belles-s\u0153urs, ses neveux, ses ni\u00e8ces, ses cousins, ses cousines et de nombreux ami(e)s.<\/p>\n<p>Elle \u00e9tait la m\u00e8re de feu Gilles.<\/p>\n<p>Vos marques de sympathie peuvent se traduire par un don \u00e0 La fondation r\u00e9gionale h\u00f4pital Sept-\u00celes <a href=\"http:\/\/www.fondationsept-iles.qc.ca\">www.fondationsept-iles.qc.ca<\/a><\/p>\n<p>La famille a confi\u00e9 la direction des fun\u00e9railles aux services professionnels de la Maison Mallet &amp; fils du 585 Boul. Laure \u00e0 Sept-\u00celes, maintenant reconnue Distinction et membre de la Corporation des Thanatologues du Qu\u00e9bec.<\/p>\n<p>Vous pouvez consulter cet avis de d\u00e9c\u00e8s, sur le <a href=\"https:\/\/nouveau.maisonmallet.com\">www.maisonmallet.com<\/a><\/p>\n<p>Ceux et celles qui le d\u00e9sirent, peuvent y envoyer des messages de sympathie.<\/p>\n<hr \/>\n<p>Envoyer vos condol\u00e9ances<\/p>\n<p>[contact-form to=\u00a0\u00bbmoniquelepage7iles@hotmail.com\u00a0\u00bb subject=\u00a0\u00bbCondol\u00e9ances Ruth Maloney\u00a0\u00bb][contact-field label=\u00a0\u00bbVotre nom\u00a0\u00bb type=\u00a0\u00bbname\u00a0\u00bb required=\u00a0\u00bb1&Prime;][contact-field label=\u00a0\u00bbVotre courriel\u00a0\u00bb type=\u00a0\u00bbemail\u00a0\u00bb required=\u00a0\u00bb1&Prime;][contact-field label=\u00a0\u00bbCondol\u00e9ances\u00a0\u00bb type=\u00a0\u00bbtextarea\u00a0\u00bb][\/contact-form]<\/p>\n","protected":false},"featured_media":40683,"template":"","event_cat":[6],"class_list":["post-40603","event","type-event","status-publish","has-post-thumbnail","hentry","event_cat-maison-mallet-et-fils-inc"],"_links":{"self":[{"href":"https:\/\/nouveau.maisonmallet.com\/back05_01\/index.php?rest_route=\/wp\/v2\/event\/40603","targetHints":{"allow":["GET"]}}],"collection":[{"href":"https:\/\/nouveau.maisonmallet.com\/back05_01\/index.php?rest_route=\/wp\/v2\/event"}],"about":[{"href":"https:\/\/nouveau.maisonmallet.com\/back05_01\/index.php?rest_route=\/wp\/v2\/types\/event"}],"wp:featuredmedia":[{"embeddable":true,"href":"https:\/\/nouveau.maisonmallet.com\/back05_01\/index.php?rest_route=\/wp\/v2\/media\/40683"}],"wp:attachment":[{"href":"https:\/\/nouveau.maisonmallet.com\/back05_01\/index.php?rest_route=%2Fwp%2Fv2%2Fmedia&parent=40603"}],"wp:term":[{"taxonomy":"event_cat","embeddable":true,"href":"https:\/\/nouveau.maisonmallet.com\/back05_01\/index.php?rest_route=%2Fwp%2Fv2%2Fevent_cat&post=40603"}],"curies":[{"name":"wp","href":"https:\/\/api.w.org\/{rel}","templated":true}]}}

<p>Le Complexe Thanatologique Mallet &amp; fils a le regret de vous annoncer le décès de</p>
<p>&nbsp;</p>
<p>Ruth Maloney</p>
<p>1937 – 2023</p>
<p>&nbsp;</p>
<p>À Sept-Îles, le 16 mai 2023, est décédée à l’âge de 85 ans, madame Ruth Maloney épouse de feu Jean-Paul Lepage et domiciliée à Sept-Îles.</p>
<p>Les funérailles de madame Ruth Maloney auront lieu le samedi 3 juin 2023 à 10 h 30 en l’église Marie-Immaculée située au 180, rue Papineau à Sept-Îles et de là au cimetière Catholique de Sept-Îles.</p>
<p>Selon ses volontés, elle a été confiée au crématorium de la Maison Mallet &amp; fils pour crémation.</p>
<p>La famille reçoit parents et amis le vendredi 2 juin 2023 de 19 h à 22 h. Le samedi 3 juin 2023 jour des funérailles à compter de 9 h  au Complexe Thanatologique Mallet &amp; fils du 585 Boul. Laure à Sept-Îles.</p>
<p>Elle laisse dans le deuil ses filles : Monique (Michel Blais), France (Réginald Gravel) et Annie (Yvan Thibeault), ses fils : Bruno et Daniel, ses petits-fils : Danny (Hélène Fournier-Bezeau), Sylvain (Vicky Dastous), Jimmy (Meggie Gauthier), Pier-Luc (Stéphanie Chabot), Francis (Jessica St-Pierre) et Johny (Cassandre Bilodeau), ses petites-filles : Mélanie, Sarah-Lyne (Matthew Gorman), Debby (Yan Bourassa) et Cindy, ses onze arrière-petits-enfants ainsi que ses frères : Luc (Ghyslaine Daigle) et Richard (Lynda Vigneault), ses beaux-frères, ses belles-sœurs, ses neveux, ses nièces, ses cousins, ses cousines et de nombreux ami(e)s.</p>
<p>Elle était la mère de feu Gilles.</p>
<p>Vos marques de sympathie peuvent se traduire par un don à La fondation régionale hôpital Sept-Îles <a href="http://www.fondationsept-iles.qc.ca">www.fondationsept-iles.qc.ca</a></p>
<p>La famille a confié la direction des funérailles aux services professionnels de la Maison Mallet &amp; fils du 585 Boul. Laure à Sept-Îles, maintenant reconnue Distinction et membre de la Corporation des Thanatologues du Québec.</p>
<p>Vous pouvez consulter cet avis de décès, sur le <a href="https://nouveau.maisonmallet.com">www.maisonmallet.com</a></p>
<p>Ceux et celles qui le désirent, peuvent y envoyer des messages de sympathie.</p>
<hr />
<p>Envoyer vos condoléances</p>
<p>[contact-form to= »moniquelepage7iles@hotmail.com » subject= »Condoléances Ruth Maloney »][contact-field label= »Votre nom » type= »name » required= »1&Prime;][contact-field label= »Votre courriel » type= »email » required= »1&Prime;][contact-field label= »Condoléances » type= »textarea »][/contact-form]</p>
