{"id":40702,"date":"2023-05-26T08:49:59","date_gmt":"2023-05-26T12:49:59","guid":{"rendered":"https:\/\/nouveau.maisonmallet.com\/?post_type=event&#038;p=40702"},"modified":"2023-05-27T08:53:22","modified_gmt":"2023-05-27T12:53:22","slug":"pinette-johnny","status":"publish","type":"event","link":"https:\/\/nouveau.maisonmallet.com\/back05_01\/?event=pinette-johnny","title":{"rendered":"PINETTE, Johnny"},"content":{"rendered":"<p>Le Complexe Thanatologique Mallet &amp; fils a le regret de vous annoncer le d\u00e9c\u00e8s de<\/p>\n<p>&nbsp;<\/p>\n<p>Johnny Pinette<\/p>\n<p>1965 \u2013 2023<\/p>\n<p>&nbsp;<\/p>\n<p>\u00c0 Sept-\u00celes, le 21 mai 2023, est d\u00e9c\u00e9d\u00e9 \u00e0 l\u2019\u00e2ge de 58 ans, monsieur Johnny Pinette fils de feu Georges C\u00f4me Pinette et feu Marie-H\u00e9l\u00e8ne R\u00e9gis domicili\u00e9 \u00e0 Uashat.<\/p>\n<p>Les fun\u00e9railles de monsieur Johnny Pinette auront lieu le samedi 27 mai 2023 \u00e0 10 h en l\u2019\u00e9glise Notre-Dame-du-Cap situ\u00e9e au 139, rue de l\u2019\u00c9glise \u00e0 Mani-Utenam et de l\u00e0 au cr\u00e9matorium de la Maison Mallet &amp; fils pour cr\u00e9mation.<\/p>\n<p>La famille re\u00e7oit parents et amis le jeudi 25 mai 2023 de 19 h \u00e0 22 h. Le vendredi 26 mai 2023 de 13 h \u00e0 16 h et de 19 h \u00e0 22 h. Le samedi 27 mai 2023 jour des fun\u00e9railles \u00e0 compter de 8 h au Complexe Thanatologique Mallet &amp; fils du 585 Boul. Laure \u00e0 Sept-\u00celes.<\/p>\n<p>Il laisse dans le deuil son fils Channey (Maryse Gr\u00e9goire), sa fille Desneiges (Makess Fafard), ses petits-enfants\u00a0: Shashkun, Madeira, Neycha, Chaneya, Nancy, Aven et S\u00e9l\u00e8ne, son arri\u00e8re-petit-fils Kaylen-Nikshan ainsi que ses fr\u00e8res\u00a0: Jean-Baptiste, Jocelyn, Normand et Isra\u00ebl, ses s\u0153urs\u00a0: Samantha et Annie, ses neveux, ses ni\u00e8ces, ses cousins, ses cousines et de nombreux ami(e)s.<\/p>\n<p>Il \u00e9tait le fr\u00e8re de feu F\u00e9lix et de feu Jean-Claude.<\/p>\n<p>La famille a confi\u00e9 la direction des fun\u00e9railles aux services professionnels de la Maison Mallet &amp; fils du 585 Boul. Laure \u00e0 Sept-\u00celes, maintenant reconnue Distinction et membre de la Corporation des Thanatologues du Qu\u00e9bec.<\/p>\n<p>Vous pouvez consulter cet avis de d\u00e9c\u00e8s, sur le <a href=\"https:\/\/nouveau.maisonmallet.com\">www.maisonmallet.com<\/a><\/p>\n<p>Ceux et celles qui le d\u00e9sirent, peuvent y envoyer des messages de sympathie.<\/p>\n<hr \/>\n<p>Envoyer vos condol\u00e9ances<\/p>\n<p>[contact-form to=\u00a0\u00bbmarc@maisonmallet.com\u00a0\u00bb subject=\u00a0\u00bbCondol\u00e9ances Johnny Pinette\u00a0\u00bb][contact-field label=\u00a0\u00bbVotre nom\u00a0\u00bb type=\u00a0\u00bbname\u00a0\u00bb required=\u00a0\u00bb1&Prime;][contact-field label=\u00a0\u00bbVotre courriel\u00a0\u00bb type=\u00a0\u00bbemail\u00a0\u00bb required=\u00a0\u00bb1&Prime;][contact-field label=\u00a0\u00bbCondol\u00e9ances\u00a0\u00bb type=\u00a0\u00bbtextarea\u00a0\u00bb][\/contact-form]<\/p>\n","protected":false},"featured_media":40753,"template":"","event_cat":[6],"class_list":["post-40702","event","type-event","status-publish","has-post-thumbnail","hentry","event_cat-maison-mallet-et-fils-inc"],"_links":{"self":[{"href":"https:\/\/nouveau.maisonmallet.com\/back05_01\/index.php?rest_route=\/wp\/v2\/event\/40702","targetHints":{"allow":["GET"]}}],"collection":[{"href":"https:\/\/nouveau.maisonmallet.com\/back05_01\/index.php?rest_route=\/wp\/v2\/event"}],"about":[{"href":"https:\/\/nouveau.maisonmallet.com\/back05_01\/index.php?rest_route=\/wp\/v2\/types\/event"}],"wp:featuredmedia":[{"embeddable":true,"href":"https:\/\/nouveau.maisonmallet.com\/back05_01\/index.php?rest_route=\/wp\/v2\/media\/40753"}],"wp:attachment":[{"href":"https:\/\/nouveau.maisonmallet.com\/back05_01\/index.php?rest_route=%2Fwp%2Fv2%2Fmedia&parent=40702"}],"wp:term":[{"taxonomy":"event_cat","embeddable":true,"href":"https:\/\/nouveau.maisonmallet.com\/back05_01\/index.php?rest_route=%2Fwp%2Fv2%2Fevent_cat&post=40702"}],"curies":[{"name":"wp","href":"https:\/\/api.w.org\/{rel}","templated":true}]}}

<p>Le Complexe Thanatologique Mallet &amp; fils a le regret de vous annoncer le décès de</p>
<p>&nbsp;</p>
<p>Johnny Pinette</p>
<p>1965 – 2023</p>
<p>&nbsp;</p>
<p>À Sept-Îles, le 21 mai 2023, est décédé à l’âge de 58 ans, monsieur Johnny Pinette fils de feu Georges Côme Pinette et feu Marie-Hélène Régis domicilié à Uashat.</p>
<p>Les funérailles de monsieur Johnny Pinette auront lieu le samedi 27 mai 2023 à 10 h en l’église Notre-Dame-du-Cap située au 139, rue de l’Église à Mani-Utenam et de là au crématorium de la Maison Mallet &amp; fils pour crémation.</p>
<p>La famille reçoit parents et amis le jeudi 25 mai 2023 de 19 h à 22 h. Le vendredi 26 mai 2023 de 13 h à 16 h et de 19 h à 22 h. Le samedi 27 mai 2023 jour des funérailles à compter de 8 h au Complexe Thanatologique Mallet &amp; fils du 585 Boul. Laure à Sept-Îles.</p>
<p>Il laisse dans le deuil son fils Channey (Maryse Grégoire), sa fille Desneiges (Makess Fafard), ses petits-enfants : Shashkun, Madeira, Neycha, Chaneya, Nancy, Aven et Sélène, son arrière-petit-fils Kaylen-Nikshan ainsi que ses frères : Jean-Baptiste, Jocelyn, Normand et Israël, ses sœurs : Samantha et Annie, ses neveux, ses nièces, ses cousins, ses cousines et de nombreux ami(e)s.</p>
<p>Il était le frère de feu Félix et de feu Jean-Claude.</p>
<p>La famille a confié la direction des funérailles aux services professionnels de la Maison Mallet &amp; fils du 585 Boul. Laure à Sept-Îles, maintenant reconnue Distinction et membre de la Corporation des Thanatologues du Québec.</p>
<p>Vous pouvez consulter cet avis de décès, sur le <a href="https://nouveau.maisonmallet.com">www.maisonmallet.com</a></p>
<p>Ceux et celles qui le désirent, peuvent y envoyer des messages de sympathie.</p>
<hr />
<p>Envoyer vos condoléances</p>
<p>[contact-form to= »marc@maisonmallet.com » subject= »Condoléances Johnny Pinette »][contact-field label= »Votre nom » type= »name » required= »1&Prime;][contact-field label= »Votre courriel » type= »email » required= »1&Prime;][contact-field label= »Condoléances » type= »textarea »][/contact-form]</p>
