{"id":40791,"date":"2023-05-30T10:53:58","date_gmt":"2023-05-30T14:53:58","guid":{"rendered":"https:\/\/nouveau.maisonmallet.com\/?post_type=event&#038;p=40791"},"modified":"2023-05-31T10:58:55","modified_gmt":"2023-05-31T14:58:55","slug":"mark-alain","status":"publish","type":"event","link":"https:\/\/nouveau.maisonmallet.com\/back05_01\/?event=mark-alain","title":{"rendered":"MARK, Alain"},"content":{"rendered":"<p>Le Complexe Thanatologique Mallet &amp; fils a le regret de vous annoncer le d\u00e9c\u00e8s de<\/p>\n<p>&nbsp;<\/p>\n<p>Alain Mark<\/p>\n<p>1957 \u2013 2023<\/p>\n<p>&nbsp;<\/p>\n<p>\u00c0 Qu\u00e9bec, le 25 mai 2023, est d\u00e9c\u00e9d\u00e9 l\u2019\u00e2ge de 66 ans, monsieur Alain Mark \u00e9poux de madame Lise Lalo et domicili\u00e9 \u00e0 La Romaine.<\/p>\n<p>Les fun\u00e9railles de monsieur Alain Mark auront lieu le jeudi 1<sup>er<\/sup> juin 2023 \u00e0 14 h en l\u2019\u00e9glise Marie-Reine-des-Indiens \u00e0 La Romaine et de l\u00e0 au cimeti\u00e8re de l\u2019endroit.<\/p>\n<p>\u00c0 Sept-\u00celes<\/p>\n<p>La famille re\u00e7oit parents et amis le lundi 29 mai 2023 de 19 h \u00e0 22 h au Complexe Thanatologique Mallet &amp; fils du 585 Boul. Laure \u00e0 Sept-\u00celes.<\/p>\n<p>\u00c0 La Romaine<\/p>\n<p>La famille re\u00e7oit parents et amis le mardi 30 mai 2023 \u00e0 compter de 15 h au 8, rue Papamuteu \u00e0 La Romaine.<\/p>\n<p>Il laisse dans le deuil outre son \u00e9pouse madame Lise Lalo, ses fils\u00a0: Billy (Charl\u00e8ne Bellefleur) et Peter (Roselyne Mark), sa fille Francine (Anikaan Bellefleur), ses petites-filles\u00a0: Am\u00e9lie, Kimberly et Shana\u00eblle, ses petits-fils\u00a0: Mavrick, Bastien, Pienu, Justin, Uniam, Caleb et Alain-Pierre ainsi que ses fr\u00e8res, ses s\u0153urs, ses beaux-fr\u00e8res, ses belles-s\u0153urs, ses neveux, ses ni\u00e8ces, ses oncles, ses tantes, ses cousins, ses cousines et de nombreux ami(e)s.<\/p>\n<p>La famille a confi\u00e9 les arrangements aux services professionnels de la Maison Mallet &amp; fils du 585, boul. Laure \u00e0 Sept-\u00celes, maintenant reconnue Distinction et membre de la Corporation des Thanatologues du Qu\u00e9bec.<\/p>\n<p>Vous pouvez consulter cet avis de d\u00e9c\u00e8s, sur le <a href=\"https:\/\/nouveau.maisonmallet.com\">www.maisonmallet.com<\/a><\/p>\n<p>Ceux et celles qui le d\u00e9sirent, peuvent y envoyer des messages de sympathie.<\/p>\n<hr \/>\n<p>Envoyer vos condol\u00e9ances<\/p>\n<p>[contact-form to=\u00a0\u00bbm_francine@outlook.fr\u00a0\u00bb subject=\u00a0\u00bbCondol\u00e9ances Alain Mark\u00a0\u00bb][contact-field label=\u00a0\u00bbVotre nom\u00a0\u00bb type=\u00a0\u00bbname\u00a0\u00bb required=\u00a0\u00bb1&Prime;][contact-field label=\u00a0\u00bbVotre courriel\u00a0\u00bb type=\u00a0\u00bbemail\u00a0\u00bb required=\u00a0\u00bb1&Prime;][contact-field label=\u00a0\u00bbCondol\u00e9ances\u00a0\u00bb type=\u00a0\u00bbtextarea\u00a0\u00bb][\/contact-form]<\/p>\n","protected":false},"featured_media":40794,"template":"","event_cat":[6],"class_list":["post-40791","event","type-event","status-publish","has-post-thumbnail","hentry","event_cat-maison-mallet-et-fils-inc"],"_links":{"self":[{"href":"https:\/\/nouveau.maisonmallet.com\/back05_01\/index.php?rest_route=\/wp\/v2\/event\/40791","targetHints":{"allow":["GET"]}}],"collection":[{"href":"https:\/\/nouveau.maisonmallet.com\/back05_01\/index.php?rest_route=\/wp\/v2\/event"}],"about":[{"href":"https:\/\/nouveau.maisonmallet.com\/back05_01\/index.php?rest_route=\/wp\/v2\/types\/event"}],"wp:featuredmedia":[{"embeddable":true,"href":"https:\/\/nouveau.maisonmallet.com\/back05_01\/index.php?rest_route=\/wp\/v2\/media\/40794"}],"wp:attachment":[{"href":"https:\/\/nouveau.maisonmallet.com\/back05_01\/index.php?rest_route=%2Fwp%2Fv2%2Fmedia&parent=40791"}],"wp:term":[{"taxonomy":"event_cat","embeddable":true,"href":"https:\/\/nouveau.maisonmallet.com\/back05_01\/index.php?rest_route=%2Fwp%2Fv2%2Fevent_cat&post=40791"}],"curies":[{"name":"wp","href":"https:\/\/api.w.org\/{rel}","templated":true}]}}

<p>Le Complexe Thanatologique Mallet &amp; fils a le regret de vous annoncer le décès de</p>
<p>&nbsp;</p>
<p>Alain Mark</p>
<p>1957 – 2023</p>
<p>&nbsp;</p>
<p>À Québec, le 25 mai 2023, est décédé l’âge de 66 ans, monsieur Alain Mark époux de madame Lise Lalo et domicilié à La Romaine.</p>
<p>Les funérailles de monsieur Alain Mark auront lieu le jeudi 1<sup>er</sup> juin 2023 à 14 h en l’église Marie-Reine-des-Indiens à La Romaine et de là au cimetière de l’endroit.</p>
<p>À Sept-Îles</p>
<p>La famille reçoit parents et amis le lundi 29 mai 2023 de 19 h à 22 h au Complexe Thanatologique Mallet &amp; fils du 585 Boul. Laure à Sept-Îles.</p>
<p>À La Romaine</p>
<p>La famille reçoit parents et amis le mardi 30 mai 2023 à compter de 15 h au 8, rue Papamuteu à La Romaine.</p>
<p>Il laisse dans le deuil outre son épouse madame Lise Lalo, ses fils : Billy (Charlène Bellefleur) et Peter (Roselyne Mark), sa fille Francine (Anikaan Bellefleur), ses petites-filles : Amélie, Kimberly et Shanaëlle, ses petits-fils : Mavrick, Bastien, Pienu, Justin, Uniam, Caleb et Alain-Pierre ainsi que ses frères, ses sœurs, ses beaux-frères, ses belles-sœurs, ses neveux, ses nièces, ses oncles, ses tantes, ses cousins, ses cousines et de nombreux ami(e)s.</p>
<p>La famille a confié les arrangements aux services professionnels de la Maison Mallet &amp; fils du 585, boul. Laure à Sept-Îles, maintenant reconnue Distinction et membre de la Corporation des Thanatologues du Québec.</p>
<p>Vous pouvez consulter cet avis de décès, sur le <a href="https://nouveau.maisonmallet.com">www.maisonmallet.com</a></p>
<p>Ceux et celles qui le désirent, peuvent y envoyer des messages de sympathie.</p>
<hr />
<p>Envoyer vos condoléances</p>
<p>[contact-form to= »m_francine@outlook.fr » subject= »Condoléances Alain Mark »][contact-field label= »Votre nom » type= »name » required= »1&Prime;][contact-field label= »Votre courriel » type= »email » required= »1&Prime;][contact-field label= »Condoléances » type= »textarea »][/contact-form]</p>
