{"id":40793,"date":"2023-05-30T17:21:28","date_gmt":"2023-05-30T21:21:28","guid":{"rendered":"https:\/\/nouveau.maisonmallet.com\/?post_type=event&#038;p=40793"},"modified":"2023-05-31T17:48:03","modified_gmt":"2023-05-31T21:48:03","slug":"devost-lynda","status":"publish","type":"event","link":"https:\/\/nouveau.maisonmallet.com\/back05_01\/?event=devost-lynda","title":{"rendered":"DEVOST, Lynda"},"content":{"rendered":"<p>Le Complexe Thanatologique Mallet &amp; fils a le regret de vous annoncer le d\u00e9c\u00e8s de<\/p>\n<p>&nbsp;<\/p>\n<p>Lynda Devost<\/p>\n<p>1960 \u2013 2023<\/p>\n<p>&nbsp;<\/p>\n<p>\u00c0 Sept-\u00celes, le 23 mai 2023, est d\u00e9c\u00e9d\u00e9e \u00e0 l\u2019\u00e2ge de 63 ans, madame Lynda Devost \u00e9pouse de feu El\u00e9onard Derosby et domicili\u00e9e \u00e0 Sept-\u00celes.<\/p>\n<p>Les fun\u00e9railles de madame Lynda Devost auront lieu le vendredi 9 juin 2023 \u00e0 13 h 30 en l\u2019\u00e9glise St-Joseph situ\u00e9e au 535, ave. Brochu \u00e0 Sept-\u00celes.<\/p>\n<p>Selon ses volont\u00e9s, elle a \u00e9t\u00e9 confi\u00e9e au cr\u00e9matorium de la Maison Mallet &amp; fils pour cr\u00e9mation.<\/p>\n<p>Elle laisse dans le deuil sa fille Marie-Pier (Jonathan Cummings), ses s\u0153urs\u00a0: Marlaine (Pierrot Richard), Laina (Lucien Poitras), Ginette (Gaston Derosby) et Nathalie (Michel Blais), son fr\u00e8re Angelo (France Pageau) ainsi que ses beaux-fr\u00e8res, ses belles-s\u0153urs, ses oncles, ses tantes, ses neveux, ses ni\u00e8ces, ses cousins, ses cousines et de nombreux ami(e)s.<\/p>\n<p>Vos marques de sympathie peuvent se traduire par un don \u00e0 l\u2019Association du cancer Est du Qu\u00e9bec <a href=\"http:\/\/www.aceq.org\">www.aceq.org<\/a><\/p>\n<p>La famille a confi\u00e9 la direction des fun\u00e9railles aux services professionnels de la Maison Mallet &amp; fils du 585 boul. Laure \u00e0 Sept-\u00celes, maintenant reconnue Distinction et membre de la Corporation des Thanatologues du Qu\u00e9bec.<\/p>\n<p>Vous pouvez consulter cet avis de d\u00e9c\u00e8s sur le <a href=\"https:\/\/nouveau.maisonmallet.com\">www.maisonmallet.com<\/a><\/p>\n<p>Ceux et celles qui le d\u00e9sirent, peuvent y envoyer des messages de sympathies.<\/p>\n<hr \/>\n<p>Envoyer vos condol\u00e9ances<\/p>\n<p>[contact-form to=\u00a0\u00bbmarydc89@outlook.com\u00a0\u00bb subject=\u00a0\u00bbCondol\u00e9ances Lynda Devost\u00a0\u00bb][contact-field label=\u00a0\u00bbVotre nom\u00a0\u00bb type=\u00a0\u00bbname\u00a0\u00bb required=\u00a0\u00bb1&Prime;][contact-field label=\u00a0\u00bbVotre courriel\u00a0\u00bb type=\u00a0\u00bbemail\u00a0\u00bb required=\u00a0\u00bb1&Prime;][contact-field label=\u00a0\u00bbCondol\u00e9ances\u00a0\u00bb type=\u00a0\u00bbtextarea\u00a0\u00bb][\/contact-form]<\/p>\n","protected":false},"featured_media":40799,"template":"","event_cat":[6],"class_list":["post-40793","event","type-event","status-publish","has-post-thumbnail","hentry","event_cat-maison-mallet-et-fils-inc"],"_links":{"self":[{"href":"https:\/\/nouveau.maisonmallet.com\/back05_01\/index.php?rest_route=\/wp\/v2\/event\/40793","targetHints":{"allow":["GET"]}}],"collection":[{"href":"https:\/\/nouveau.maisonmallet.com\/back05_01\/index.php?rest_route=\/wp\/v2\/event"}],"about":[{"href":"https:\/\/nouveau.maisonmallet.com\/back05_01\/index.php?rest_route=\/wp\/v2\/types\/event"}],"wp:featuredmedia":[{"embeddable":true,"href":"https:\/\/nouveau.maisonmallet.com\/back05_01\/index.php?rest_route=\/wp\/v2\/media\/40799"}],"wp:attachment":[{"href":"https:\/\/nouveau.maisonmallet.com\/back05_01\/index.php?rest_route=%2Fwp%2Fv2%2Fmedia&parent=40793"}],"wp:term":[{"taxonomy":"event_cat","embeddable":true,"href":"https:\/\/nouveau.maisonmallet.com\/back05_01\/index.php?rest_route=%2Fwp%2Fv2%2Fevent_cat&post=40793"}],"curies":[{"name":"wp","href":"https:\/\/api.w.org\/{rel}","templated":true}]}}

<p>Le Complexe Thanatologique Mallet &amp; fils a le regret de vous annoncer le décès de</p>
<p>&nbsp;</p>
<p>Lynda Devost</p>
<p>1960 – 2023</p>
<p>&nbsp;</p>
<p>À Sept-Îles, le 23 mai 2023, est décédée à l’âge de 63 ans, madame Lynda Devost épouse de feu Eléonard Derosby et domiciliée à Sept-Îles.</p>
<p>Les funérailles de madame Lynda Devost auront lieu le vendredi 9 juin 2023 à 13 h 30 en l’église St-Joseph située au 535, ave. Brochu à Sept-Îles.</p>
<p>Selon ses volontés, elle a été confiée au crématorium de la Maison Mallet &amp; fils pour crémation.</p>
<p>Elle laisse dans le deuil sa fille Marie-Pier (Jonathan Cummings), ses sœurs : Marlaine (Pierrot Richard), Laina (Lucien Poitras), Ginette (Gaston Derosby) et Nathalie (Michel Blais), son frère Angelo (France Pageau) ainsi que ses beaux-frères, ses belles-sœurs, ses oncles, ses tantes, ses neveux, ses nièces, ses cousins, ses cousines et de nombreux ami(e)s.</p>
<p>Vos marques de sympathie peuvent se traduire par un don à l’Association du cancer Est du Québec <a href="http://www.aceq.org">www.aceq.org</a></p>
<p>La famille a confié la direction des funérailles aux services professionnels de la Maison Mallet &amp; fils du 585 boul. Laure à Sept-Îles, maintenant reconnue Distinction et membre de la Corporation des Thanatologues du Québec.</p>
<p>Vous pouvez consulter cet avis de décès sur le <a href="https://nouveau.maisonmallet.com">www.maisonmallet.com</a></p>
<p>Ceux et celles qui le désirent, peuvent y envoyer des messages de sympathies.</p>
<hr />
<p>Envoyer vos condoléances</p>
<p>[contact-form to= »marydc89@outlook.com » subject= »Condoléances Lynda Devost »][contact-field label= »Votre nom » type= »name » required= »1&Prime;][contact-field label= »Votre courriel » type= »email » required= »1&Prime;][contact-field label= »Condoléances » type= »textarea »][/contact-form]</p>
