{"id":40930,"date":"2023-06-07T16:04:43","date_gmt":"2023-06-07T20:04:43","guid":{"rendered":"https:\/\/nouveau.maisonmallet.com\/?post_type=event&#038;p=40930"},"modified":"2023-06-09T16:59:00","modified_gmt":"2023-06-09T20:59:00","slug":"andre-benoit","status":"publish","type":"event","link":"https:\/\/nouveau.maisonmallet.com\/back05_01\/?event=andre-benoit","title":{"rendered":"ANDR\u00c9, Benoit"},"content":{"rendered":"<p>Le Complexe Thanatologique Mallet &amp; fils a le regret de vous annoncer le d\u00e9c\u00e8s de<\/p>\n<p>&nbsp;<\/p>\n<p>Benoit Andr\u00e9<\/p>\n<p>1936 \u2013 2023<\/p>\n<p>&nbsp;<\/p>\n<p>&nbsp;<\/p>\n<p>\u00c0 Sept-\u00celes, le 3 juin 2023, est d\u00e9c\u00e9d\u00e9 \u00e0 l\u2019\u00e2ge de 86 ans, monsieur Benoit Andr\u00e9 \u00e9poux de feu Th\u00e9r\u00e8se L`Abb\u00e9 et domicili\u00e9 \u00e0 Mani-utenam.<\/p>\n<p>Les fun\u00e9railles de monsieur Benoit Andr\u00e9 auront lieu le mardi 13 juin 2023 \u00e0 10 h en l\u2019\u00e9glise Notre-Dame du Cap situ\u00e9e au 139, rue de l\u2019\u00c9glise \u00e0 Mani-utenam et de l\u00e0 au cimeti\u00e8re de l`endroit.<\/p>\n<p>La famille re\u00e7oit parents et amis le dimanche 11 juin 2023 de 19 h \u00e0 22 h, le lundi 12 juin 2023 de 13 h \u00e0 16 h et de 19 h \u00e0 22 h et le mardi 13 juin 2023 jours des fun\u00e9railles \u00e0 compter de 8 h 30 au Complexe Thanatologique Mallet &amp; fils du 585 Boul. Laure \u00e0 Sept-\u00celes.<\/p>\n<p>Il laisse dans le deuil ses filles\u00a0: Myriam (Eric), M\u00e9lissa (Ted) et Alanis, ses petits-enfants\u00a0: Joey, Guyanne, Alyssia, Zo\u00e9lie, Sophia, Audrey-Maude, Gabrielle, Laurence et Charlotte, son arri\u00e8re-petit-fils Kayden, ses s\u0153urs\u00a0: Elizabeth, Philom\u00e8ne, V\u00e9ronique (Albert), Marie (Doris), Agn\u00e8s et Brigitte (Richard), son fr\u00e8re Luc, ses belles-s\u0153urs\u00a0: Philom\u00e8ne et Fabienne, son beau-fr\u00e8re G\u00e9rard (Vivette) ainsi que ses neveux, ses ni\u00e8ces, ses cousins, ses cousines et de nombreux ami(e)s.<\/p>\n<p>La famille a confi\u00e9 la direction des fun\u00e9railles aux services professionnels de la Maison Mallet &amp; fils du 585, Boul. Laure \u00e0 Sept-\u00celes, maintenant reconnue Distinction et membre de la Corporation des Thanatologues du Qu\u00e9bec.<\/p>\n<p>Vous pouvez consulter cet avis de d\u00e9c\u00e8s sur le <a href=\"https:\/\/nouveau.maisonmallet.com\">www.maisonmallet.com<\/a><\/p>\n<p>Ceux et celles qui le d\u00e9sirent, peuvent y envoyer des messages de condol\u00e9ances.<\/p>\n<p>&nbsp;<\/p>\n<hr \/>\n<p>Envoyer vos condol\u00e9ances<\/p>\n<p>[contact-form to=\u00a0\u00bbmelissaandre1984@hotmail.com\u00a0\u00bb subject=\u00a0\u00bbCondol\u00e9ances Benoit Andr\u00e9\u00a0\u00bb][contact-field label=\u00a0\u00bbVotre nom\u00a0\u00bb type=\u00a0\u00bbname\u00a0\u00bb required=\u00a0\u00bb1&Prime;][contact-field label=\u00a0\u00bbVotre courriel\u00a0\u00bb type=\u00a0\u00bbemail\u00a0\u00bb required=\u00a0\u00bb1&Prime;][contact-field label=\u00a0\u00bbCondol\u00e9ances\u00a0\u00bb type=\u00a0\u00bbtextarea\u00a0\u00bb][\/contact-form]<\/p>\n","protected":false},"featured_media":40979,"template":"","event_cat":[6],"class_list":["post-40930","event","type-event","status-publish","has-post-thumbnail","hentry","event_cat-maison-mallet-et-fils-inc"],"_links":{"self":[{"href":"https:\/\/nouveau.maisonmallet.com\/back05_01\/index.php?rest_route=\/wp\/v2\/event\/40930","targetHints":{"allow":["GET"]}}],"collection":[{"href":"https:\/\/nouveau.maisonmallet.com\/back05_01\/index.php?rest_route=\/wp\/v2\/event"}],"about":[{"href":"https:\/\/nouveau.maisonmallet.com\/back05_01\/index.php?rest_route=\/wp\/v2\/types\/event"}],"wp:featuredmedia":[{"embeddable":true,"href":"https:\/\/nouveau.maisonmallet.com\/back05_01\/index.php?rest_route=\/wp\/v2\/media\/40979"}],"wp:attachment":[{"href":"https:\/\/nouveau.maisonmallet.com\/back05_01\/index.php?rest_route=%2Fwp%2Fv2%2Fmedia&parent=40930"}],"wp:term":[{"taxonomy":"event_cat","embeddable":true,"href":"https:\/\/nouveau.maisonmallet.com\/back05_01\/index.php?rest_route=%2Fwp%2Fv2%2Fevent_cat&post=40930"}],"curies":[{"name":"wp","href":"https:\/\/api.w.org\/{rel}","templated":true}]}}

ANDRÉ, Benoit

<p>Le Complexe Thanatologique Mallet &amp; fils a le regret de vous annoncer le décès de</p>
<p>&nbsp;</p>
<p>Benoit André</p>
<p>1936 – 2023</p>
<p>&nbsp;</p>
<p>&nbsp;</p>
<p>À Sept-Îles, le 3 juin 2023, est décédé à l’âge de 86 ans, monsieur Benoit André époux de feu Thérèse L`Abbé et domicilié à Mani-utenam.</p>
<p>Les funérailles de monsieur Benoit André auront lieu le mardi 13 juin 2023 à 10 h en l’église Notre-Dame du Cap située au 139, rue de l’Église à Mani-utenam et de là au cimetière de l`endroit.</p>
<p>La famille reçoit parents et amis le dimanche 11 juin 2023 de 19 h à 22 h, le lundi 12 juin 2023 de 13 h à 16 h et de 19 h à 22 h et le mardi 13 juin 2023 jours des funérailles à compter de 8 h 30 au Complexe Thanatologique Mallet &amp; fils du 585 Boul. Laure à Sept-Îles.</p>
<p>Il laisse dans le deuil ses filles : Myriam (Eric), Mélissa (Ted) et Alanis, ses petits-enfants : Joey, Guyanne, Alyssia, Zoélie, Sophia, Audrey-Maude, Gabrielle, Laurence et Charlotte, son arrière-petit-fils Kayden, ses sœurs : Elizabeth, Philomène, Véronique (Albert), Marie (Doris), Agnès et Brigitte (Richard), son frère Luc, ses belles-sœurs : Philomène et Fabienne, son beau-frère Gérard (Vivette) ainsi que ses neveux, ses nièces, ses cousins, ses cousines et de nombreux ami(e)s.</p>
<p>La famille a confié la direction des funérailles aux services professionnels de la Maison Mallet &amp; fils du 585, Boul. Laure à Sept-Îles, maintenant reconnue Distinction et membre de la Corporation des Thanatologues du Québec.</p>
<p>Vous pouvez consulter cet avis de décès sur le <a href="https://nouveau.maisonmallet.com">www.maisonmallet.com</a></p>
<p>Ceux et celles qui le désirent, peuvent y envoyer des messages de condoléances.</p>
<p>&nbsp;</p>
<hr />
<p>Envoyer vos condoléances</p>
<p>[contact-form to= »melissaandre1984@hotmail.com » subject= »Condoléances Benoit André »][contact-field label= »Votre nom » type= »name » required= »1&Prime;][contact-field label= »Votre courriel » type= »email » required= »1&Prime;][contact-field label= »Condoléances » type= »textarea »][/contact-form]</p>
