{"id":41161,"date":"2023-06-23T13:44:46","date_gmt":"2023-06-23T17:44:46","guid":{"rendered":"https:\/\/nouveau.maisonmallet.com\/?post_type=event&#038;p=41161"},"modified":"2023-06-24T13:53:56","modified_gmt":"2023-06-24T17:53:56","slug":"picard-georges-maurice","status":"publish","type":"event","link":"https:\/\/nouveau.maisonmallet.com\/back05_01\/?event=picard-georges-maurice","title":{"rendered":"PICARD, Georges Maurice"},"content":{"rendered":"<p>La Maison L.J.G. Mallet a le regret de vous annoncer le d\u00e9c\u00e8s de<\/p>\n<p>&nbsp;<\/p>\n<p>Georges Maurice Picard<\/p>\n<p>1943 \u2013 2023<\/p>\n<p>&nbsp;<\/p>\n<p>&nbsp;<\/p>\n<p>\u00c0 Qu\u00e9bec, le 11 juin 2023, est d\u00e9c\u00e9d\u00e9 \u00e0 l\u2019\u00e2ge de 80 ans, monsieur Georges Maurice Picard \u00e9poux de madame Stella Turbis et domicili\u00e9 \u00e0 Havre-Saint-Pierre.<\/p>\n<p>Les fun\u00e9railles de monsieur Georges Maurice Picard auront lieu le vendredi 30 juin 2023 \u00e0 10 h 30 en l\u2019\u00e9glise Saint-Pierre de Havre-Saint-Pierre et de l\u00e0 au cimeti\u00e8re de l`endroit.<\/p>\n<p>La famille re\u00e7oit parents et amis le jeudi 29 juin 2023 de 19 h \u00e0 22 h, le vendredi 30 juin 2023 jour des fun\u00e9railles \u00e0 compter de 9 h 30 au salon de la maison L.J.G. Mallet situ\u00e9 au 1429, rue du Canot \u00e0 Havre-Saint-Pierre.<\/p>\n<p>Il laisse dans le deuil outre son \u00e9pouse madame Stella Turbis, son fils Allen, sa fille Sylvie (Ken Boudreau), ses petits-enfants\u00a0: Brendan et Amy ainsi que ses fr\u00e8res, ses s\u0153urs, ses beaux-fr\u00e8res, ses belles-s\u0153urs, ses neveux, ses ni\u00e8ces, ses cousins, ses cousines et de nombreux ami(e)s.<\/p>\n<p>La famille a confi\u00e9 la direction des fun\u00e9railles aux services professionnels de la Maison L.J.G. Mallet du 1429, rue du Canot \u00e0 Havre-Saint-Pierre, maintenant reconnue Distinction et membre de la Corporation des Thanatologues du Qu\u00e9bec.<\/p>\n<p>Vous pouvez consulter cet avis de d\u00e9c\u00e8s sur le\u00a0<a href=\"https:\/\/nouveau.maisonmallet.com\">www.maisonmallet.com<\/a><\/p>\n<p>Ceux et celles qui le d\u00e9sirent, peuvent y envoyer des messages de sympathie.<\/p>\n<p>&nbsp;<\/p>\n<hr \/>\n<p>Envoyer vos condol\u00e9ances<\/p>\n<p>[contact-form to=\u00a0\u00bbbrendan.amy22@gmail.com\u00a0\u00bb subject=\u00a0\u00bbCondol\u00e9ances Georges Maurice Picard\u00a0\u00bb][contact-field label=\u00a0\u00bbVotre nom\u00a0\u00bb type=\u00a0\u00bbname\u00a0\u00bb required=\u00a0\u00bb1&Prime;][contact-field label=\u00a0\u00bbVotre courriel\u00a0\u00bb type=\u00a0\u00bbemail\u00a0\u00bb required=\u00a0\u00bb1&Prime;][contact-field label=\u00a0\u00bbCondol\u00e9ances\u00a0\u00bb type=\u00a0\u00bbtextarea\u00a0\u00bb][\/contact-form]<\/p>\n","protected":false},"featured_media":41185,"template":"","event_cat":[7],"class_list":["post-41161","event","type-event","status-publish","has-post-thumbnail","hentry","event_cat-maison-l-j-g-mallet-inc"],"_links":{"self":[{"href":"https:\/\/nouveau.maisonmallet.com\/back05_01\/index.php?rest_route=\/wp\/v2\/event\/41161","targetHints":{"allow":["GET"]}}],"collection":[{"href":"https:\/\/nouveau.maisonmallet.com\/back05_01\/index.php?rest_route=\/wp\/v2\/event"}],"about":[{"href":"https:\/\/nouveau.maisonmallet.com\/back05_01\/index.php?rest_route=\/wp\/v2\/types\/event"}],"wp:featuredmedia":[{"embeddable":true,"href":"https:\/\/nouveau.maisonmallet.com\/back05_01\/index.php?rest_route=\/wp\/v2\/media\/41185"}],"wp:attachment":[{"href":"https:\/\/nouveau.maisonmallet.com\/back05_01\/index.php?rest_route=%2Fwp%2Fv2%2Fmedia&parent=41161"}],"wp:term":[{"taxonomy":"event_cat","embeddable":true,"href":"https:\/\/nouveau.maisonmallet.com\/back05_01\/index.php?rest_route=%2Fwp%2Fv2%2Fevent_cat&post=41161"}],"curies":[{"name":"wp","href":"https:\/\/api.w.org\/{rel}","templated":true}]}}

<p>La Maison L.J.G. Mallet a le regret de vous annoncer le décès de</p>
<p>&nbsp;</p>
<p>Georges Maurice Picard</p>
<p>1943 – 2023</p>
<p>&nbsp;</p>
<p>&nbsp;</p>
<p>À Québec, le 11 juin 2023, est décédé à l’âge de 80 ans, monsieur Georges Maurice Picard époux de madame Stella Turbis et domicilié à Havre-Saint-Pierre.</p>
<p>Les funérailles de monsieur Georges Maurice Picard auront lieu le vendredi 30 juin 2023 à 10 h 30 en l’église Saint-Pierre de Havre-Saint-Pierre et de là au cimetière de l`endroit.</p>
<p>La famille reçoit parents et amis le jeudi 29 juin 2023 de 19 h à 22 h, le vendredi 30 juin 2023 jour des funérailles à compter de 9 h 30 au salon de la maison L.J.G. Mallet situé au 1429, rue du Canot à Havre-Saint-Pierre.</p>
<p>Il laisse dans le deuil outre son épouse madame Stella Turbis, son fils Allen, sa fille Sylvie (Ken Boudreau), ses petits-enfants : Brendan et Amy ainsi que ses frères, ses sœurs, ses beaux-frères, ses belles-sœurs, ses neveux, ses nièces, ses cousins, ses cousines et de nombreux ami(e)s.</p>
<p>La famille a confié la direction des funérailles aux services professionnels de la Maison L.J.G. Mallet du 1429, rue du Canot à Havre-Saint-Pierre, maintenant reconnue Distinction et membre de la Corporation des Thanatologues du Québec.</p>
<p>Vous pouvez consulter cet avis de décès sur le <a href="https://nouveau.maisonmallet.com">www.maisonmallet.com</a></p>
<p>Ceux et celles qui le désirent, peuvent y envoyer des messages de sympathie.</p>
<p>&nbsp;</p>
<hr />
<p>Envoyer vos condoléances</p>
<p>[contact-form to= »brendan.amy22@gmail.com » subject= »Condoléances Georges Maurice Picard »][contact-field label= »Votre nom » type= »name » required= »1&Prime;][contact-field label= »Votre courriel » type= »email » required= »1&Prime;][contact-field label= »Condoléances » type= »textarea »][/contact-form]</p>
