{"id":41187,"date":"2023-06-22T18:40:59","date_gmt":"2023-06-22T22:40:59","guid":{"rendered":"https:\/\/nouveau.maisonmallet.com\/?post_type=event&#038;p=41187"},"modified":"2023-06-25T18:45:01","modified_gmt":"2023-06-25T22:45:01","slug":"mallec-sylvestre","status":"publish","type":"event","link":"https:\/\/nouveau.maisonmallet.com\/back05_01\/?event=mallec-sylvestre","title":{"rendered":"MALLEC, Sylvestre"},"content":{"rendered":"<p>La Maison L.J.G. Mallet a le regret de vous annoncer le d\u00e9c\u00e8s de<\/p>\n<p>&nbsp;<\/p>\n<p>Sylvestre Mallec<\/p>\n<p>1953 \u2013 2023<\/p>\n<p>&nbsp;<\/p>\n<p>\u00c0 Havre-Saint-Pierre, le 24 juin 2023, est d\u00e9c\u00e9d\u00e9 l\u2019\u00e2ge de 76 ans, monsieur Sylvestre Mallec \u00e9poux de madame Marguerite Mestenap\u00e9o et domicili\u00e9 \u00e0 La Romaine.<\/p>\n<p>Les fun\u00e9railles de monsieur Sylvestre Mallec auront lieu le mardi 27 juin 2023 \u00e0 10 h en l\u2019\u00e9glise Marie-Reine-des-Indiens \u00e0 La Romaine et de l\u00e0 au cimeti\u00e8re de l\u2019endroit.<\/p>\n<p>La famille re\u00e7oit parents et amis le dimanche 25 juin 2023 \u00e0 compter de 15 h au 111, rue du Large \u00e0 La Romaine.<\/p>\n<p>Il laisse dans le deuil outre son \u00e9pouse madame Marguerite Mestenap\u00e9o, ses fils\u00a0: Raymond (Erianne Bellefleur), Gervais, Alexis (Marie-France Wapistan), Yan (Carole Bellefleur) et Sim\u00e9on (\u00c9lise Bellefleur), sa fille Monique, ses dix-sept petits-enfants, ses six arri\u00e8re-petits-enfants ainsi que ses fr\u00e8res, ses s\u0153urs, ses beaux-fr\u00e8res, ses belles-s\u0153urs, ses neveux, ses ni\u00e8ces, ses oncles, ses tantes, ses cousins, ses cousines et de nombreux ami(e)s.<\/p>\n<p>La famille a confi\u00e9 les arrangements fun\u00e9raires aux services professionnels de la Maison L.J.G. Mallet du 1429, rue du Canot \u00e0 Havre-Saint-Pierre, maintenant reconnue Distinction et membre de la Corporation des Thanatologues du Qu\u00e9bec.<\/p>\n<p>Vous pouvez consulter cet avis de d\u00e9c\u00e8s, sur le <a href=\"https:\/\/nouveau.maisonmallet.com\">www.maisonmallet.com<\/a><\/p>\n<p>Ceux et celles qui le d\u00e9sirent, peuvent y envoyer des messages de sympathie.<\/p>\n<hr \/>\n<p>Envoyer vos condol\u00e9ances<\/p>\n<p>[contact-form to=\u00a0\u00bbokzann@gmail.com\u00a0\u00bb subject=\u00a0\u00bbCondol\u00e9ances Sylvestre Mallec\u00a0\u00bb][contact-field label=\u00a0\u00bbVotre nom\u00a0\u00bb type=\u00a0\u00bbname\u00a0\u00bb required=\u00a0\u00bb1&Prime;][contact-field label=\u00a0\u00bbVotre courriel\u00a0\u00bb type=\u00a0\u00bbemail\u00a0\u00bb required=\u00a0\u00bb1&Prime;][contact-field label=\u00a0\u00bbCondol\u00e9ances\u00a0\u00bb type=\u00a0\u00bbtextarea\u00a0\u00bb][\/contact-form]<\/p>\n","protected":false},"featured_media":41229,"template":"","event_cat":[7],"class_list":["post-41187","event","type-event","status-publish","has-post-thumbnail","hentry","event_cat-maison-l-j-g-mallet-inc"],"_links":{"self":[{"href":"https:\/\/nouveau.maisonmallet.com\/back05_01\/index.php?rest_route=\/wp\/v2\/event\/41187","targetHints":{"allow":["GET"]}}],"collection":[{"href":"https:\/\/nouveau.maisonmallet.com\/back05_01\/index.php?rest_route=\/wp\/v2\/event"}],"about":[{"href":"https:\/\/nouveau.maisonmallet.com\/back05_01\/index.php?rest_route=\/wp\/v2\/types\/event"}],"wp:featuredmedia":[{"embeddable":true,"href":"https:\/\/nouveau.maisonmallet.com\/back05_01\/index.php?rest_route=\/wp\/v2\/media\/41229"}],"wp:attachment":[{"href":"https:\/\/nouveau.maisonmallet.com\/back05_01\/index.php?rest_route=%2Fwp%2Fv2%2Fmedia&parent=41187"}],"wp:term":[{"taxonomy":"event_cat","embeddable":true,"href":"https:\/\/nouveau.maisonmallet.com\/back05_01\/index.php?rest_route=%2Fwp%2Fv2%2Fevent_cat&post=41187"}],"curies":[{"name":"wp","href":"https:\/\/api.w.org\/{rel}","templated":true}]}}

<p>La Maison L.J.G. Mallet a le regret de vous annoncer le décès de</p>
<p>&nbsp;</p>
<p>Sylvestre Mallec</p>
<p>1953 – 2023</p>
<p>&nbsp;</p>
<p>À Havre-Saint-Pierre, le 24 juin 2023, est décédé l’âge de 76 ans, monsieur Sylvestre Mallec époux de madame Marguerite Mestenapéo et domicilié à La Romaine.</p>
<p>Les funérailles de monsieur Sylvestre Mallec auront lieu le mardi 27 juin 2023 à 10 h en l’église Marie-Reine-des-Indiens à La Romaine et de là au cimetière de l’endroit.</p>
<p>La famille reçoit parents et amis le dimanche 25 juin 2023 à compter de 15 h au 111, rue du Large à La Romaine.</p>
<p>Il laisse dans le deuil outre son épouse madame Marguerite Mestenapéo, ses fils : Raymond (Erianne Bellefleur), Gervais, Alexis (Marie-France Wapistan), Yan (Carole Bellefleur) et Siméon (Élise Bellefleur), sa fille Monique, ses dix-sept petits-enfants, ses six arrière-petits-enfants ainsi que ses frères, ses sœurs, ses beaux-frères, ses belles-sœurs, ses neveux, ses nièces, ses oncles, ses tantes, ses cousins, ses cousines et de nombreux ami(e)s.</p>
<p>La famille a confié les arrangements funéraires aux services professionnels de la Maison L.J.G. Mallet du 1429, rue du Canot à Havre-Saint-Pierre, maintenant reconnue Distinction et membre de la Corporation des Thanatologues du Québec.</p>
<p>Vous pouvez consulter cet avis de décès, sur le <a href="https://nouveau.maisonmallet.com">www.maisonmallet.com</a></p>
<p>Ceux et celles qui le désirent, peuvent y envoyer des messages de sympathie.</p>
<hr />
<p>Envoyer vos condoléances</p>
<p>[contact-form to= »okzann@gmail.com » subject= »Condoléances Sylvestre Mallec »][contact-field label= »Votre nom » type= »name » required= »1&Prime;][contact-field label= »Votre courriel » type= »email » required= »1&Prime;][contact-field label= »Condoléances » type= »textarea »][/contact-form]</p>
