{"id":41572,"date":"2023-07-08T19:01:22","date_gmt":"2023-07-08T23:01:22","guid":{"rendered":"https:\/\/nouveau.maisonmallet.com\/?post_type=event&#038;p=41572"},"modified":"2023-07-10T17:42:08","modified_gmt":"2023-07-10T21:42:08","slug":"beaudin-ernestine","status":"publish","type":"event","link":"https:\/\/nouveau.maisonmallet.com\/back05_01\/?event=beaudin-ernestine","title":{"rendered":"BEAUDIN, Ernestine"},"content":{"rendered":"<p>La Maison L.J.G. Mallet a le regret de vous annoncer le d\u00e9c\u00e8s de<\/p>\n<p>&nbsp;<\/p>\n<p>Ernestine Beaudin<\/p>\n<p>1942 &#8211; 2023<\/p>\n<p>&nbsp;<\/p>\n<p>\u00c0 Havre-Saint-Pierre, le 7 juillet 2023, est d\u00e9c\u00e9d\u00e9e \u00e0 l\u2019\u00e2ge de 80 ans, madame Ernestine Beaudin \u00e9pouse de monsieur Norbert Paris\u00e9e et domicili\u00e9e \u00e0 Rivi\u00e8re-Saint-Jean.<\/p>\n<p>Les fun\u00e9railles de madame Ernestine Beaudin auront lieu le samedi 15 juillet 2023 \u00e0 14 h en l\u2019\u00e9glise St-Jean Ap\u00f4tre de Rivi\u00e8re-Saint-Jean.<\/p>\n<p>Selon ses volont\u00e9s, elle a \u00e9t\u00e9 confi\u00e9e au cr\u00e9matorium de la maison L.J.G. Mallet pour cr\u00e9mation.<\/p>\n<p>La famille re\u00e7oit parents et amis le samedi 15 juillet 2023 jour des fun\u00e9railles \u00e0 compter de 13 h \u00e0 l\u2019\u00e9glise St-Jean Ap\u00f4tre de Rivi\u00e8re-Saint-Jean.<\/p>\n<p>Elle laisse dans le deuil outre son \u00e9poux monsieur Norbert Paris\u00e9e, ses fils : Robin, Eddie et Rino (Mireille Alain), sa fille Kathy (Normand Dufour), ses petites-filles : Isabelle (Francis) et Sarah (Maxime), ses petits-fils : Fr\u00e9d\u00e9ric, Bryan (\u00c9milie), Yoan (Julie) et \u00c9mile (\u00c9lizabeth), son arri\u00e8re-petit-fils Noah, son arri\u00e8re-petite-fille Hana\u00e9 ainsi que ses fr\u00e8res, ses s\u0153urs, ses beaux-fr\u00e8res, ses belles-s\u0153urs, ses neveux, ses ni\u00e8ces, ses cousins, ses cousines et de nombreux ami(e)s.<\/p>\n<p>Vos marques de sympathie peuvent se traduire par un don au Centre de Sant\u00e9 de la Minganie.<\/p>\n<p>La famille a confi\u00e9 les arrangements aux services professionnels de la Maison L.J.G. Mallet du 1429, rue du Canot \u00e0 Havre-St-Pierre, membre de la Corporation des thanatologues du Qu\u00e9bec.<\/p>\n<p>Vous pouvez consulter cet avis de d\u00e9c\u00e8s, sur le <a href=\"https:\/\/nouveau.maisonmallet.com\">www.maisonmallet.com<\/a><\/p>\n<p>Ceux et celles qui le d\u00e9sirent, peuvent y envoyer des messages de sympathie.<\/p>\n<hr \/>\n<p>Envoyer vos condol\u00e9ances<\/p>\n<p>[contact-form to=\u00a0\u00bbpariseepkathy@hotmail.com\u00a0\u00bb subject=\u00a0\u00bbCondol\u00e9ances Ernestine Beaudin\u00a0\u00bb][contact-field label=\u00a0\u00bbVotre nom\u00a0\u00bb type=\u00a0\u00bbname\u00a0\u00bb required=\u00a0\u00bb1&Prime;][contact-field label=\u00a0\u00bbVotre courriel\u00a0\u00bb type=\u00a0\u00bbemail\u00a0\u00bb required=\u00a0\u00bb1&Prime;][contact-field label=\u00a0\u00bbCondol\u00e9ances\u00a0\u00bb type=\u00a0\u00bbtextarea\u00a0\u00bb][\/contact-form]<\/p>\n","protected":false},"featured_media":41697,"template":"","event_cat":[7],"class_list":["post-41572","event","type-event","status-publish","has-post-thumbnail","hentry","event_cat-maison-l-j-g-mallet-inc"],"_links":{"self":[{"href":"https:\/\/nouveau.maisonmallet.com\/back05_01\/index.php?rest_route=\/wp\/v2\/event\/41572","targetHints":{"allow":["GET"]}}],"collection":[{"href":"https:\/\/nouveau.maisonmallet.com\/back05_01\/index.php?rest_route=\/wp\/v2\/event"}],"about":[{"href":"https:\/\/nouveau.maisonmallet.com\/back05_01\/index.php?rest_route=\/wp\/v2\/types\/event"}],"wp:featuredmedia":[{"embeddable":true,"href":"https:\/\/nouveau.maisonmallet.com\/back05_01\/index.php?rest_route=\/wp\/v2\/media\/41697"}],"wp:attachment":[{"href":"https:\/\/nouveau.maisonmallet.com\/back05_01\/index.php?rest_route=%2Fwp%2Fv2%2Fmedia&parent=41572"}],"wp:term":[{"taxonomy":"event_cat","embeddable":true,"href":"https:\/\/nouveau.maisonmallet.com\/back05_01\/index.php?rest_route=%2Fwp%2Fv2%2Fevent_cat&post=41572"}],"curies":[{"name":"wp","href":"https:\/\/api.w.org\/{rel}","templated":true}]}}

<p>La Maison L.J.G. Mallet a le regret de vous annoncer le décès de</p>
<p>&nbsp;</p>
<p>Ernestine Beaudin</p>
<p>1942 &#8211; 2023</p>
<p>&nbsp;</p>
<p>À Havre-Saint-Pierre, le 7 juillet 2023, est décédée à l’âge de 80 ans, madame Ernestine Beaudin épouse de monsieur Norbert Parisée et domiciliée à Rivière-Saint-Jean.</p>
<p>Les funérailles de madame Ernestine Beaudin auront lieu le samedi 15 juillet 2023 à 14 h en l’église St-Jean Apôtre de Rivière-Saint-Jean.</p>
<p>Selon ses volontés, elle a été confiée au crématorium de la maison L.J.G. Mallet pour crémation.</p>
<p>La famille reçoit parents et amis le samedi 15 juillet 2023 jour des funérailles à compter de 13 h à l’église St-Jean Apôtre de Rivière-Saint-Jean.</p>
<p>Elle laisse dans le deuil outre son époux monsieur Norbert Parisée, ses fils : Robin, Eddie et Rino (Mireille Alain), sa fille Kathy (Normand Dufour), ses petites-filles : Isabelle (Francis) et Sarah (Maxime), ses petits-fils : Frédéric, Bryan (Émilie), Yoan (Julie) et Émile (Élizabeth), son arrière-petit-fils Noah, son arrière-petite-fille Hanaé ainsi que ses frères, ses sœurs, ses beaux-frères, ses belles-sœurs, ses neveux, ses nièces, ses cousins, ses cousines et de nombreux ami(e)s.</p>
<p>Vos marques de sympathie peuvent se traduire par un don au Centre de Santé de la Minganie.</p>
<p>La famille a confié les arrangements aux services professionnels de la Maison L.J.G. Mallet du 1429, rue du Canot à Havre-St-Pierre, membre de la Corporation des thanatologues du Québec.</p>
<p>Vous pouvez consulter cet avis de décès, sur le <a href="https://nouveau.maisonmallet.com">www.maisonmallet.com</a></p>
<p>Ceux et celles qui le désirent, peuvent y envoyer des messages de sympathie.</p>
<hr />
<p>Envoyer vos condoléances</p>
<p>[contact-form to= »pariseepkathy@hotmail.com » subject= »Condoléances Ernestine Beaudin »][contact-field label= »Votre nom » type= »name » required= »1&Prime;][contact-field label= »Votre courriel » type= »email » required= »1&Prime;][contact-field label= »Condoléances » type= »textarea »][/contact-form]</p>
