{"id":41696,"date":"2023-07-07T19:28:40","date_gmt":"2023-07-07T23:28:40","guid":{"rendered":"https:\/\/nouveau.maisonmallet.com\/?post_type=event&#038;p=41696"},"modified":"2023-07-10T23:22:16","modified_gmt":"2023-07-11T03:22:16","slug":"lavoie-serge","status":"publish","type":"event","link":"https:\/\/nouveau.maisonmallet.com\/back05_01\/?event=lavoie-serge","title":{"rendered":"LAVOIE, Serge"},"content":{"rendered":"<p>Le Complexe Thanatologique Mallet &amp; fils a le regret de vous annoncer le d\u00e9c\u00e8s de<\/p>\n<p>&nbsp;<\/p>\n<p>Serge Lavoie<\/p>\n<p>1947 &#8211; 2023<\/p>\n<p><strong>\u00a0<\/strong><\/p>\n<p>\u00c0 l\u2019I.U.C.P.Q., le 6 juillet 2023, \u00e0 l\u2019\u00e2ge de 75 ans, est d\u00e9c\u00e9d\u00e9 monsieur Serge Lavoie, \u00e9poux de dame Francine Lefebvre, fils de feu monsieur Alfred Lavoie et de feu dame Marie-Ange Buist. M. Lavoie habitait maintenant \u00e0 Qu\u00e9bec, mais a v\u00e9cu de nombreuses ann\u00e9es \u00e0 Port-Cartier.<\/p>\n<p>Selon ses volont\u00e9s, il ne sera pas expos\u00e9. La mise en terre aura lieu dans l\u2019intimit\u00e9 \u00e0 une date ult\u00e9rieure.<\/p>\n<p>Il laisse dans le deuil, outre son \u00e9pouse Francine; ses filles\u00a0: Caroline (St\u00e9phane Poulin) et M\u00e9lanie (Alexandre Vall\u00e9e); ses petits-enfants\u00a0: Jacob, Rachel, Isaac, Joanie et Micha\u00eblle; sa s\u0153ur Lise (feu R\u00e9jean Froment); ses beaux-fr\u00e8res de la famille Lefebvre\u00a0: Richard (Monique Bergeron), Serge (Annette Huot) et Claude (C\u00e9cile Otis) ainsi que de nombreux neveux, ni\u00e8ces, cousins, cousines, autres parents et de nombreux ami(e)s dont certains de tr\u00e8s longue date.<\/p>\n<p>Il est all\u00e9 rejoindre ses 7 autres fr\u00e8res et s\u0153urs partis avant lui\u00a0: Lucien, Jeannine, Olivette, Marielle, Pauline, Ren\u00e9, Th\u00e9r\u00e8se et leurs conjoints(es).<\/p>\n<p>La famille tient \u00e0 remercier le personnel soignant de l\u2019unit\u00e9 des soins palliatifs de l\u2019I.U.C.P.Q. pour leur professionnalisme, leur humanit\u00e9, leur attitude bienveillante et les bons soins prodigu\u00e9s.<\/p>\n<p>Vos t\u00e9moignages de sympathie peuvent se traduire par un don \u00e0 la Fondation de l\u2019I.U.C.P.Q., 2725 Ch. Ste-Foy, Qu\u00e9bec (QC) G1V 4G5, t\u00e9l.\u00a0: 418-656-8711, web\u00a0: <a href=\"https:\/\/fondation-iucpq.org\/\">https:\/\/fondation-iucpq.org\/<\/a><\/p>\n<p>La famille a confi\u00e9 les arrangements fun\u00e9raires aux services professionnels de la maison ATHOS du 9255, boul. de l\u2019Ormi\u00e8re Qu\u00e9bec<strong>, <\/strong>membre de la Corporation des Thanatologues du Qu\u00e9bec.<\/p>\n<p>Pour renseignements : ATHOS T\u00e9l\u00e9phone : 418 529-3371 T\u00e9l\u00e9copieur : 418 682-6249 Courriel\u00a0: <a href=\"mailto:gsreception@athos.ca\">gsreception@athos.ca<\/a><\/p>\n<p>Pour envois de messages personnalis\u00e9s et \/ ou de fleurs ainsi que pour signer le Registre \u00e0 la m\u00e9moire de la personne d\u00e9c\u00e9d\u00e9e\u00a0: <strong><a href=\"http:\/\/www.lepinecloutier.com\">www.lepinecloutier.com<\/a><\/strong><\/p>\n<hr \/>\n<p>Envoyer vos condol\u00e9ances<\/p>\n<p>[contact-form to=\u00a0\u00bbleffrancine@hotmail.com\u00a0\u00bb subject=\u00a0\u00bbCondol\u00e9ances Serge Lavoie\u00a0\u00bb][contact-field label=\u00a0\u00bbVotre nom\u00a0\u00bb type=\u00a0\u00bbname\u00a0\u00bb required=\u00a0\u00bb1&Prime;][contact-field label=\u00a0\u00bbVotre courriel\u00a0\u00bb type=\u00a0\u00bbemail\u00a0\u00bb required=\u00a0\u00bb1&Prime;][contact-field label=\u00a0\u00bbCondol\u00e9ances\u00a0\u00bb type=\u00a0\u00bbtextarea\u00a0\u00bb][\/contact-form]<\/p>\n","protected":false},"featured_media":41699,"template":"","event_cat":[6],"class_list":["post-41696","event","type-event","status-publish","has-post-thumbnail","hentry","event_cat-maison-mallet-et-fils-inc"],"_links":{"self":[{"href":"https:\/\/nouveau.maisonmallet.com\/back05_01\/index.php?rest_route=\/wp\/v2\/event\/41696","targetHints":{"allow":["GET"]}}],"collection":[{"href":"https:\/\/nouveau.maisonmallet.com\/back05_01\/index.php?rest_route=\/wp\/v2\/event"}],"about":[{"href":"https:\/\/nouveau.maisonmallet.com\/back05_01\/index.php?rest_route=\/wp\/v2\/types\/event"}],"wp:featuredmedia":[{"embeddable":true,"href":"https:\/\/nouveau.maisonmallet.com\/back05_01\/index.php?rest_route=\/wp\/v2\/media\/41699"}],"wp:attachment":[{"href":"https:\/\/nouveau.maisonmallet.com\/back05_01\/index.php?rest_route=%2Fwp%2Fv2%2Fmedia&parent=41696"}],"wp:term":[{"taxonomy":"event_cat","embeddable":true,"href":"https:\/\/nouveau.maisonmallet.com\/back05_01\/index.php?rest_route=%2Fwp%2Fv2%2Fevent_cat&post=41696"}],"curies":[{"name":"wp","href":"https:\/\/api.w.org\/{rel}","templated":true}]}}

<p>Le Complexe Thanatologique Mallet &amp; fils a le regret de vous annoncer le décès de</p>
<p>&nbsp;</p>
<p>Serge Lavoie</p>
<p>1947 &#8211; 2023</p>
<p><strong> </strong></p>
<p>À l’I.U.C.P.Q., le 6 juillet 2023, à l’âge de 75 ans, est décédé monsieur Serge Lavoie, époux de dame Francine Lefebvre, fils de feu monsieur Alfred Lavoie et de feu dame Marie-Ange Buist. M. Lavoie habitait maintenant à Québec, mais a vécu de nombreuses années à Port-Cartier.</p>
<p>Selon ses volontés, il ne sera pas exposé. La mise en terre aura lieu dans l’intimité à une date ultérieure.</p>
<p>Il laisse dans le deuil, outre son épouse Francine; ses filles : Caroline (Stéphane Poulin) et Mélanie (Alexandre Vallée); ses petits-enfants : Jacob, Rachel, Isaac, Joanie et Michaëlle; sa sœur Lise (feu Réjean Froment); ses beaux-frères de la famille Lefebvre : Richard (Monique Bergeron), Serge (Annette Huot) et Claude (Cécile Otis) ainsi que de nombreux neveux, nièces, cousins, cousines, autres parents et de nombreux ami(e)s dont certains de très longue date.</p>
<p>Il est allé rejoindre ses 7 autres frères et sœurs partis avant lui : Lucien, Jeannine, Olivette, Marielle, Pauline, René, Thérèse et leurs conjoints(es).</p>
<p>La famille tient à remercier le personnel soignant de l’unité des soins palliatifs de l’I.U.C.P.Q. pour leur professionnalisme, leur humanité, leur attitude bienveillante et les bons soins prodigués.</p>
<p>Vos témoignages de sympathie peuvent se traduire par un don à la Fondation de l’I.U.C.P.Q., 2725 Ch. Ste-Foy, Québec (QC) G1V 4G5, tél. : 418-656-8711, web : <a href="https://fondation-iucpq.org/">https://fondation-iucpq.org/</a></p>
<p>La famille a confié les arrangements funéraires aux services professionnels de la maison ATHOS du 9255, boul. de l’Ormière Québec<strong>, </strong>membre de la Corporation des Thanatologues du Québec.</p>
<p>Pour renseignements : ATHOS Téléphone : 418 529-3371 Télécopieur : 418 682-6249 Courriel : <a href="mailto:gsreception@athos.ca">gsreception@athos.ca</a></p>
<p>Pour envois de messages personnalisés et / ou de fleurs ainsi que pour signer le Registre à la mémoire de la personne décédée : <strong><a href="http://www.lepinecloutier.com">www.lepinecloutier.com</a></strong></p>
<hr />
<p>Envoyer vos condoléances</p>
<p>[contact-form to= »leffrancine@hotmail.com » subject= »Condoléances Serge Lavoie »][contact-field label= »Votre nom » type= »name » required= »1&Prime;][contact-field label= »Votre courriel » type= »email » required= »1&Prime;][contact-field label= »Condoléances » type= »textarea »][/contact-form]</p>
