{"id":41698,"date":"2023-07-10T15:32:20","date_gmt":"2023-07-10T19:32:20","guid":{"rendered":"https:\/\/nouveau.maisonmallet.com\/?post_type=event&#038;p=41698"},"modified":"2023-07-11T16:06:11","modified_gmt":"2023-07-11T20:06:11","slug":"jean-paquerette","status":"publish","type":"event","link":"https:\/\/nouveau.maisonmallet.com\/back05_01\/?event=jean-paquerette","title":{"rendered":"JEAN, P\u00e2querette"},"content":{"rendered":"<p>Le Complexe Thanatologique Mallet &amp; fils a le regret de vous annoncer le d\u00e9c\u00e8s de<\/p>\n<p>&nbsp;<\/p>\n<p>P\u00e2querette Jean<\/p>\n<p>1944 \u2013 2023<\/p>\n<p>&nbsp;<\/p>\n<p>Au Centre d\u2019h\u00e9bergement Sainte-Monique, le 17 juin 2023, \u00e0 l\u2019\u00e2ge de 79 ans, est d\u00e9c\u00e9d\u00e9e dame P\u00e2querette Jean. Elle \u00e9tait l\u2019\u00e9pouse de monsieur Jean-Guy Levesque, fille de feu dame Lucienne Santerre et de feu monsieur Antonio Jean. Autrefois de Sept-\u00celes, elle demeurait \u00e0 Qu\u00e9bec.<\/p>\n<p>La famille vous accueillera au Complexe du Parc Comm\u00e9moratif La Souvenance au 301, rang Ste-Anne Qu\u00e9bec (Qc) G2G 0G9<\/p>\n<p>Le jeudi 13 juillet 2023 de 19 h \u00e0 21 h et le vendredi 14 juillet 2023 de 9\u00a0h \u00e0 11\u00a0h.<\/p>\n<p>Une liturgie de la Parole suivra le vendredi 14 juillet 2023 \u00e0 11 heures en la chapelle du Complexe du Parc Comm\u00e9moratif La Souvenance, 301, rang Ste-Anne, Qu\u00e9bec.<\/p>\n<p>Pour ceux qui ne pourront \u00eatre pr\u00e9sents, la famille vous invite \u00e0 vous joindre \u00e0 elle virtuellement, en direct ou en diff\u00e9r\u00e9, en appuyant sur l\u2019ic\u00f4ne \u00ab\u00a0C\u00e9r\u00e9monie\u00a0\u00bb situ\u00e9 sur l\u2019avis de d\u00e9c\u00e8s du site Web au <a href=\"http:\/\/www.lepinecloutier.com\">www.lepinecloutier.com<\/a>.<\/p>\n<p>Elle laisse dans le deuil, outre son \u00e9poux Jean-Guy; son fils Yves (H\u00e9l\u00e8ne Duchesne); ses petits-enfants\u00a0: Audrey (Philippe Lafreni\u00e8re) et Laurence (David Vachon); ses fr\u00e8res et s\u0153urs\u00a0: Gaston (Lucille Labrosse), R\u00e9al (Denise Lefran\u00e7ois), Francine (R\u00e9al Ringuette) et Diane; ses beaux-fr\u00e8res et belles-s\u0153urs de la famille Levesque\u00a0: Odette (Michel Gauthier), Monique, feu Claude et feu Gervais; ses neveux et ni\u00e8ces\u00a0: Richard, Guylaine, Pascale, Sonia, Jonathan, Mathieu, Ren\u00e9, Jo\u00ebl, Jean-Fran\u00e7ois, \u00c9ric, Marc-Andr\u00e9, Guillaume, S\u00e9bastien et Andr\u00e9; ainsi que de nombreux autres parents et ami(e)s.<\/p>\n<p>La famille tient \u00e0 remercier le personnel du Centre d\u2019h\u00e9bergement Sainte-Monique pour tous les bons soins prodigu\u00e9s.<\/p>\n<p>Vos t\u00e9moignages de sympathie peuvent se traduire par un don \u00e0 la Soci\u00e9t\u00e9 Alzheimer de Qu\u00e9bec, au 1040, avenue Belv\u00e9d\u00e8re, bureau 305, Qu\u00e9bec (Qc)\u00a0 G1S 3G3, t\u00e9l.: 418-527-4294, site Web\u00a0: <a href=\"http:\/\/www.societealzheimerdequebec.com\">www.societealzheimerdequebec.com<\/a><\/p>\n<p>Pour renseignements\u00a0: <strong>ATHOS<\/strong> T\u00e9l\u00e9phone\u00a0: 418 682-5225 T\u00e9l\u00e9copieur\u00a0: 418\u00a0682-6249 Courriel\u00a0: <a href=\"mailto:infowh@lepinecloutier.com\">infowh@lepinecloutier.com<\/a><\/p>\n<p>Pour envois de messages personnalis\u00e9s et \/ ou de fleurs ainsi que pour acc\u00e9der au Registre virtuel ou offrir vos condol\u00e9ances \u00e0 la m\u00e9moire de la personne\u00a0 \u00a0 \u00a0 \u00a0 \u00a0 \u00a0 \u00a0 \u00a0d\u00e9c\u00e9d\u00e9e : <strong>www.lepinecloutier.com<\/strong><\/p>\n<hr \/>\n<p>Envoyer vos condol\u00e9ances<\/p>\n<p>[contact-form to=\u00a0\u00bbjgl@cgocable.ca\u00a0\u00bb subject=\u00a0\u00bbCondol\u00e9ances P\u00e2querette Jean\u00a0\u00bb][contact-field label=\u00a0\u00bbVotre nom\u00a0\u00bb type=\u00a0\u00bbname\u00a0\u00bb required=\u00a0\u00bb1&Prime;][contact-field label=\u00a0\u00bbVotre courriel\u00a0\u00bb type=\u00a0\u00bbemail\u00a0\u00bb required=\u00a0\u00bb1&Prime;][contact-field label=\u00a0\u00bbCondol\u00e9ances\u00a0\u00bb type=\u00a0\u00bbtextarea\u00a0\u00bb][\/contact-form]<\/p>\n","protected":false},"featured_media":41779,"template":"","event_cat":[6],"class_list":["post-41698","event","type-event","status-publish","has-post-thumbnail","hentry","event_cat-maison-mallet-et-fils-inc"],"_links":{"self":[{"href":"https:\/\/nouveau.maisonmallet.com\/back05_01\/index.php?rest_route=\/wp\/v2\/event\/41698","targetHints":{"allow":["GET"]}}],"collection":[{"href":"https:\/\/nouveau.maisonmallet.com\/back05_01\/index.php?rest_route=\/wp\/v2\/event"}],"about":[{"href":"https:\/\/nouveau.maisonmallet.com\/back05_01\/index.php?rest_route=\/wp\/v2\/types\/event"}],"wp:featuredmedia":[{"embeddable":true,"href":"https:\/\/nouveau.maisonmallet.com\/back05_01\/index.php?rest_route=\/wp\/v2\/media\/41779"}],"wp:attachment":[{"href":"https:\/\/nouveau.maisonmallet.com\/back05_01\/index.php?rest_route=%2Fwp%2Fv2%2Fmedia&parent=41698"}],"wp:term":[{"taxonomy":"event_cat","embeddable":true,"href":"https:\/\/nouveau.maisonmallet.com\/back05_01\/index.php?rest_route=%2Fwp%2Fv2%2Fevent_cat&post=41698"}],"curies":[{"name":"wp","href":"https:\/\/api.w.org\/{rel}","templated":true}]}}

JEAN, Pâquerette

<p>Le Complexe Thanatologique Mallet &amp; fils a le regret de vous annoncer le décès de</p>
<p>&nbsp;</p>
<p>Pâquerette Jean</p>
<p>1944 – 2023</p>
<p>&nbsp;</p>
<p>Au Centre d’hébergement Sainte-Monique, le 17 juin 2023, à l’âge de 79 ans, est décédée dame Pâquerette Jean. Elle était l’épouse de monsieur Jean-Guy Levesque, fille de feu dame Lucienne Santerre et de feu monsieur Antonio Jean. Autrefois de Sept-Îles, elle demeurait à Québec.</p>
<p>La famille vous accueillera au Complexe du Parc Commémoratif La Souvenance au 301, rang Ste-Anne Québec (Qc) G2G 0G9</p>
<p>Le jeudi 13 juillet 2023 de 19 h à 21 h et le vendredi 14 juillet 2023 de 9 h à 11 h.</p>
<p>Une liturgie de la Parole suivra le vendredi 14 juillet 2023 à 11 heures en la chapelle du Complexe du Parc Commémoratif La Souvenance, 301, rang Ste-Anne, Québec.</p>
<p>Pour ceux qui ne pourront être présents, la famille vous invite à vous joindre à elle virtuellement, en direct ou en différé, en appuyant sur l’icône « Cérémonie » situé sur l’avis de décès du site Web au <a href="http://www.lepinecloutier.com">www.lepinecloutier.com</a>.</p>
<p>Elle laisse dans le deuil, outre son époux Jean-Guy; son fils Yves (Hélène Duchesne); ses petits-enfants : Audrey (Philippe Lafrenière) et Laurence (David Vachon); ses frères et sœurs : Gaston (Lucille Labrosse), Réal (Denise Lefrançois), Francine (Réal Ringuette) et Diane; ses beaux-frères et belles-sœurs de la famille Levesque : Odette (Michel Gauthier), Monique, feu Claude et feu Gervais; ses neveux et nièces : Richard, Guylaine, Pascale, Sonia, Jonathan, Mathieu, René, Joël, Jean-François, Éric, Marc-André, Guillaume, Sébastien et André; ainsi que de nombreux autres parents et ami(e)s.</p>
<p>La famille tient à remercier le personnel du Centre d’hébergement Sainte-Monique pour tous les bons soins prodigués.</p>
<p>Vos témoignages de sympathie peuvent se traduire par un don à la Société Alzheimer de Québec, au 1040, avenue Belvédère, bureau 305, Québec (Qc)  G1S 3G3, tél.: 418-527-4294, site Web : <a href="http://www.societealzheimerdequebec.com">www.societealzheimerdequebec.com</a></p>
<p>Pour renseignements : <strong>ATHOS</strong> Téléphone : 418 682-5225 Télécopieur : 418 682-6249 Courriel : <a href="mailto:infowh@lepinecloutier.com">infowh@lepinecloutier.com</a></p>
<p>Pour envois de messages personnalisés et / ou de fleurs ainsi que pour accéder au Registre virtuel ou offrir vos condoléances à la mémoire de la personne               décédée : <strong>www.lepinecloutier.com</strong></p>
<hr />
<p>Envoyer vos condoléances</p>
<p>[contact-form to= »jgl@cgocable.ca » subject= »Condoléances Pâquerette Jean »][contact-field label= »Votre nom » type= »name » required= »1&Prime;][contact-field label= »Votre courriel » type= »email » required= »1&Prime;][contact-field label= »Condoléances » type= »textarea »][/contact-form]</p>
