{"id":41882,"date":"2023-07-17T16:37:43","date_gmt":"2023-07-17T20:37:43","guid":{"rendered":"https:\/\/nouveau.maisonmallet.com\/?post_type=event&#038;p=41882"},"modified":"2023-07-18T16:44:35","modified_gmt":"2023-07-18T20:44:35","slug":"boudreau-georgette","status":"publish","type":"event","link":"https:\/\/nouveau.maisonmallet.com\/back05_01\/?event=boudreau-georgette","title":{"rendered":"BOUDREAU, Georgette"},"content":{"rendered":"<p>Le Complexe Thanatologique Mallet &amp; fils a le regret de vous annoncer le d\u00e9c\u00e8s de :<\/p>\n<p>&nbsp;<\/p>\n<p>Georgette Boudreau<\/p>\n<p>1928 \u2013 2023<\/p>\n<p>&nbsp;<\/p>\n<p>&nbsp;<\/p>\n<p>\u00c0 l&rsquo;h\u00f4pital de Sept-\u00celes, le 09 juillet 2023, \u00e0 l&rsquo;\u00e2ge de 94 ans, est d\u00e9c\u00e9d\u00e9e paisiblement Madame Georgette Boudreau, \u00e9pouse de feu Monsieur Jean-Marie Beaulieu. Elle \u00e9tait la m\u00e8re de feu Paul. Elle demeurait \u00e0 Sept-\u00celes.<\/p>\n<p>Les fun\u00e9railles de Madame Georgette Boudreau auront lieu le samedi 22 juillet 2023 \u00e0 10 h 30 en l\u2019\u00e9glise St-Joseph situ\u00e9e au 535, ave. Brochu \u00e0 Sept-\u00celes et de l\u00e0 au cimeti\u00e8re Catholique de Sept-\u00celes.<\/p>\n<p>La famille re\u00e7oit parents et amis le vendredi 21 juillet 2023 de 19 h \u00e0 22 h et samedi le 22 juillet 2023, jour des fun\u00e9railles \u00e0 compter de 9 h au Complexe Thanatologique Mallet &amp; fils du 585 Boul. Laure \u00e0 Sept-\u00celes.<\/p>\n<p>Elle laisse dans le deuil son fils Denis ; ses s\u0153urs : Marguerite (feu Aur\u00e8le Cyr), Denise,\u00a0 Dorina (feu Andr\u00e9 Desrosiers) et Janick (feu Euclide Poirier); son fr\u00e8re Marcel (Mireille Leblanc); ses neveux et ni\u00e8ces : Suzanne (Pierre Labrecque et leurs enfants Eve-Sophie et Louis-Philippe), Jean-Fran\u00e7ois (Karine Cadoret et leurs enfants Camille et Zachary), Jean-Philippe,\u00a0 Am\u00e9lie (Keven Geddes) et \u00a0St\u00e9phane (Marie-H\u00e9l\u00e8ne Harvey et leurs enfants Christian et \u00c9milie) ; ainsi que plusieurs autres parents et amis dont Denise Chantal, sa grande amie depuis plus de 80 ans.<\/p>\n<p>La famille d\u00e9sire remercier chaleureusement le personnel de l&rsquo;h\u00f4pital de Sept-\u00celes pour tous les bons soins prodigu\u00e9s.<\/p>\n<p>Vos marques de sympathie peuvent se traduire par un don \u00e0 la soci\u00e9t\u00e9 Alzheimer C\u00f4te Nord <a href=\"http:\/\/www.societealzheimercotenord.com\">www.societealzheimercotenord.com<\/a><\/p>\n<p>La famille a confi\u00e9 la direction des fun\u00e9railles aux services professionnels de la Maison Mallet &amp; fils du 585 Boul. Laure \u00e0 Sept-\u00celes, maintenant reconnue Distinction et membre de la Corporation des Thanatologues du Qu\u00e9bec.<\/p>\n<p>Vous pouvez consulter cet avis de d\u00e9c\u00e8s sur le\u00a0: <a href=\"https:\/\/nouveau.maisonmallet.com\">www.maisonmallet.com<\/a><\/p>\n<p>Ceux et celles qui le d\u00e9sirent, peuvent y envoyer des messages de sympathie.<\/p>\n<p>&nbsp;<\/p>\n<p>&nbsp;<\/p>\n<hr \/>\n<p>Envoyer vos condol\u00e9ances<\/p>\n<p>[contact-form to=\u00a0\u00bbbeaulieu.denis@gmail.com\u00a0\u00bb subject=\u00a0\u00bbCondol\u00e9ances Georgette Boudreau\u00a0\u00bb][contact-field label=\u00a0\u00bbVotre nom\u00a0\u00bb type=\u00a0\u00bbname\u00a0\u00bb required=\u00a0\u00bb1&Prime;][contact-field label=\u00a0\u00bbVotre courriel\u00a0\u00bb type=\u00a0\u00bbemail\u00a0\u00bb required=\u00a0\u00bb1&Prime;][contact-field label=\u00a0\u00bbCondol\u00e9ances\u00a0\u00bb type=\u00a0\u00bbtextarea\u00a0\u00bb][\/contact-form]<\/p>\n","protected":false},"featured_media":41886,"template":"","event_cat":[6],"class_list":["post-41882","event","type-event","status-publish","has-post-thumbnail","hentry","event_cat-maison-mallet-et-fils-inc"],"_links":{"self":[{"href":"https:\/\/nouveau.maisonmallet.com\/back05_01\/index.php?rest_route=\/wp\/v2\/event\/41882","targetHints":{"allow":["GET"]}}],"collection":[{"href":"https:\/\/nouveau.maisonmallet.com\/back05_01\/index.php?rest_route=\/wp\/v2\/event"}],"about":[{"href":"https:\/\/nouveau.maisonmallet.com\/back05_01\/index.php?rest_route=\/wp\/v2\/types\/event"}],"wp:featuredmedia":[{"embeddable":true,"href":"https:\/\/nouveau.maisonmallet.com\/back05_01\/index.php?rest_route=\/wp\/v2\/media\/41886"}],"wp:attachment":[{"href":"https:\/\/nouveau.maisonmallet.com\/back05_01\/index.php?rest_route=%2Fwp%2Fv2%2Fmedia&parent=41882"}],"wp:term":[{"taxonomy":"event_cat","embeddable":true,"href":"https:\/\/nouveau.maisonmallet.com\/back05_01\/index.php?rest_route=%2Fwp%2Fv2%2Fevent_cat&post=41882"}],"curies":[{"name":"wp","href":"https:\/\/api.w.org\/{rel}","templated":true}]}}

<p>Le Complexe Thanatologique Mallet &amp; fils a le regret de vous annoncer le décès de :</p>
<p>&nbsp;</p>
<p>Georgette Boudreau</p>
<p>1928 – 2023</p>
<p>&nbsp;</p>
<p>&nbsp;</p>
<p>À l&rsquo;hôpital de Sept-Îles, le 09 juillet 2023, à l&rsquo;âge de 94 ans, est décédée paisiblement Madame Georgette Boudreau, épouse de feu Monsieur Jean-Marie Beaulieu. Elle était la mère de feu Paul. Elle demeurait à Sept-Îles.</p>
<p>Les funérailles de Madame Georgette Boudreau auront lieu le samedi 22 juillet 2023 à 10 h 30 en l’église St-Joseph située au 535, ave. Brochu à Sept-Îles et de là au cimetière Catholique de Sept-Îles.</p>
<p>La famille reçoit parents et amis le vendredi 21 juillet 2023 de 19 h à 22 h et samedi le 22 juillet 2023, jour des funérailles à compter de 9 h au Complexe Thanatologique Mallet &amp; fils du 585 Boul. Laure à Sept-Îles.</p>
<p>Elle laisse dans le deuil son fils Denis ; ses sœurs : Marguerite (feu Aurèle Cyr), Denise,  Dorina (feu André Desrosiers) et Janick (feu Euclide Poirier); son frère Marcel (Mireille Leblanc); ses neveux et nièces : Suzanne (Pierre Labrecque et leurs enfants Eve-Sophie et Louis-Philippe), Jean-François (Karine Cadoret et leurs enfants Camille et Zachary), Jean-Philippe,  Amélie (Keven Geddes) et  Stéphane (Marie-Hélène Harvey et leurs enfants Christian et Émilie) ; ainsi que plusieurs autres parents et amis dont Denise Chantal, sa grande amie depuis plus de 80 ans.</p>
<p>La famille désire remercier chaleureusement le personnel de l&rsquo;hôpital de Sept-Îles pour tous les bons soins prodigués.</p>
<p>Vos marques de sympathie peuvent se traduire par un don à la société Alzheimer Côte Nord <a href="http://www.societealzheimercotenord.com">www.societealzheimercotenord.com</a></p>
<p>La famille a confié la direction des funérailles aux services professionnels de la Maison Mallet &amp; fils du 585 Boul. Laure à Sept-Îles, maintenant reconnue Distinction et membre de la Corporation des Thanatologues du Québec.</p>
<p>Vous pouvez consulter cet avis de décès sur le : <a href="https://nouveau.maisonmallet.com">www.maisonmallet.com</a></p>
<p>Ceux et celles qui le désirent, peuvent y envoyer des messages de sympathie.</p>
<p>&nbsp;</p>
<p>&nbsp;</p>
<hr />
<p>Envoyer vos condoléances</p>
<p>[contact-form to= »beaulieu.denis@gmail.com » subject= »Condoléances Georgette Boudreau »][contact-field label= »Votre nom » type= »name » required= »1&Prime;][contact-field label= »Votre courriel » type= »email » required= »1&Prime;][contact-field label= »Condoléances » type= »textarea »][/contact-form]</p>
