{"id":4207,"date":"2019-08-04T17:21:39","date_gmt":"2019-08-04T21:21:39","guid":{"rendered":"https:\/\/nouveau.maisonmallet.com\/?post_type=event&#038;p=4207"},"modified":"2019-08-07T16:00:31","modified_gmt":"2019-08-07T20:00:31","slug":"fontaine-napessis28122017","status":"publish","type":"event","link":"https:\/\/nouveau.maisonmallet.com\/back05_01\/?event=fontaine-napessis28122017","title":{"rendered":"FONTAINE, Napessis"},"content":{"rendered":"<p>2017 &#8211; 2019<\/p>\n<p>FONTAINE, Napessis<\/p>\n<p>&nbsp;<\/p>\n<p>\u00c0 Qu\u00e9bec, le 4 ao\u00fbt 2019, est d\u00e9c\u00e9d\u00e9 \u00e0 l\u2019\u00e2ge de 19 mois Napessis Fontaine fils de monsieur Marc-Andr\u00e9 Beaulieu et de madame Sabrina Fontaine et domicili\u00e9 \u00e0 Uashat.<\/p>\n<p>Les fun\u00e9railles de Napessis Fontaine auront lieu le samedi 10 ao\u00fbt 2019 \u00e0 10 h en l\u2019\u00e9glise Kateri Tekakwitha, situ\u00e9e au 1035, rue Dequen \u00e0 Uashat et de l\u00e0 au Cimeti\u00e8re de Uashat.<\/p>\n<p>La famille re\u00e7oit parents et amis le jeudi 8 ao\u00fbt 2019 de 19 h \u00e0 22 h. Le vendredi 9 ao\u00fbt 2019 de 13 h \u00e0 16 h et de 19 h \u00e0 22 h. Le samedi 10 ao\u00fbt 2019 jour des fun\u00e9railles \u00e0 compter de 8 h 30 au Complexe Thanatologique Mallet &amp; fils du 585, boul. Laure \u00e0 Sept-\u00celes.<\/p>\n<p>Il laisse dans le deuil son p\u00e8re monsieur Marc-Andr\u00e9 Beaulieu, sa m\u00e8re madame Sabrina Fontaine, ses fr\u00e8res\u00a0: Kanutiss et Atnukhen, sa s\u0153ur Alicya, ses grands-parents ainsi que ses oncles, ses tantes, ses cousins, ses cousines et ami(e)s.<\/p>\n<p>La famille a confi\u00e9 la direction des fun\u00e9railles aux services professionnels de la Maison Mallet &amp; fils du 585, boul. Laure \u00e0 Sept-\u00celes, maintenant reconnue Distinction et membre de la Corporation des Thanatologues du Qu\u00e9bec.<\/p>\n<p>Vous pouvez consulter cet avis de d\u00e9c\u00e8s, sur le <a href=\"https:\/\/nouveau.maisonmallet.com\/back05_01\/\">www.maisonmallet.com<\/a><\/p>\n<p>Ceux et celles qui le d\u00e9sirent, peuvent y envoyer des messages de sympathie.<\/p>\n<p>&nbsp;<\/p>\n<hr \/>\n<p>Envoyer vos condol\u00e9ances<\/p>\n<p>[contact-form to=\u00a0\u00bbnapessis.69@gmail.com\u00a0\u00bb subject=\u00a0\u00bbCondol\u00e9ances Napessis Fontaine\u00a0\u00bb][contact-field label=\u00a0\u00bbVotre nom\u00a0\u00bb type=\u00a0\u00bbname\u00a0\u00bb required=\u00a0\u00bb1&Prime;][contact-field label=\u00a0\u00bbVotre courriel\u00a0\u00bb type=\u00a0\u00bbemail\u00a0\u00bb required=\u00a0\u00bb1&Prime;][contact-field label=\u00a0\u00bbCondol\u00e9ances\u00a0\u00bb type=\u00a0\u00bbtextarea\u00a0\u00bb][\/contact-form]<\/p>\n","protected":false},"featured_media":4265,"template":"","event_cat":[6],"class_list":["post-4207","event","type-event","status-publish","has-post-thumbnail","hentry","event_cat-maison-mallet-et-fils-inc"],"_links":{"self":[{"href":"https:\/\/nouveau.maisonmallet.com\/back05_01\/index.php?rest_route=\/wp\/v2\/event\/4207","targetHints":{"allow":["GET"]}}],"collection":[{"href":"https:\/\/nouveau.maisonmallet.com\/back05_01\/index.php?rest_route=\/wp\/v2\/event"}],"about":[{"href":"https:\/\/nouveau.maisonmallet.com\/back05_01\/index.php?rest_route=\/wp\/v2\/types\/event"}],"wp:featuredmedia":[{"embeddable":true,"href":"https:\/\/nouveau.maisonmallet.com\/back05_01\/index.php?rest_route=\/wp\/v2\/media\/4265"}],"wp:attachment":[{"href":"https:\/\/nouveau.maisonmallet.com\/back05_01\/index.php?rest_route=%2Fwp%2Fv2%2Fmedia&parent=4207"}],"wp:term":[{"taxonomy":"event_cat","embeddable":true,"href":"https:\/\/nouveau.maisonmallet.com\/back05_01\/index.php?rest_route=%2Fwp%2Fv2%2Fevent_cat&post=4207"}],"curies":[{"name":"wp","href":"https:\/\/api.w.org\/{rel}","templated":true}]}}

<p>2017 &#8211; 2019</p>
<p>FONTAINE, Napessis</p>
<p>&nbsp;</p>
<p>À Québec, le 4 août 2019, est décédé à l’âge de 19 mois Napessis Fontaine fils de monsieur Marc-André Beaulieu et de madame Sabrina Fontaine et domicilié à Uashat.</p>
<p>Les funérailles de Napessis Fontaine auront lieu le samedi 10 août 2019 à 10 h en l’église Kateri Tekakwitha, située au 1035, rue Dequen à Uashat et de là au Cimetière de Uashat.</p>
<p>La famille reçoit parents et amis le jeudi 8 août 2019 de 19 h à 22 h. Le vendredi 9 août 2019 de 13 h à 16 h et de 19 h à 22 h. Le samedi 10 août 2019 jour des funérailles à compter de 8 h 30 au Complexe Thanatologique Mallet &amp; fils du 585, boul. Laure à Sept-Îles.</p>
<p>Il laisse dans le deuil son père monsieur Marc-André Beaulieu, sa mère madame Sabrina Fontaine, ses frères : Kanutiss et Atnukhen, sa sœur Alicya, ses grands-parents ainsi que ses oncles, ses tantes, ses cousins, ses cousines et ami(e)s.</p>
<p>La famille a confié la direction des funérailles aux services professionnels de la Maison Mallet &amp; fils du 585, boul. Laure à Sept-Îles, maintenant reconnue Distinction et membre de la Corporation des Thanatologues du Québec.</p>
<p>Vous pouvez consulter cet avis de décès, sur le <a href="https://nouveau.maisonmallet.com/back05_01/">www.maisonmallet.com</a></p>
<p>Ceux et celles qui le désirent, peuvent y envoyer des messages de sympathie.</p>
<p>&nbsp;</p>
<hr />
<p>Envoyer vos condoléances</p>
<p>[contact-form to= »napessis.69@gmail.com » subject= »Condoléances Napessis Fontaine »][contact-field label= »Votre nom » type= »name » required= »1&Prime;][contact-field label= »Votre courriel » type= »email » required= »1&Prime;][contact-field label= »Condoléances » type= »textarea »][/contact-form]</p>
