{"id":42122,"date":"2023-07-23T08:34:57","date_gmt":"2023-07-23T12:34:57","guid":{"rendered":"https:\/\/nouveau.maisonmallet.com\/?post_type=event&#038;p=42122"},"modified":"2024-01-17T21:41:44","modified_gmt":"2024-01-18T02:41:44","slug":"lalo-mali-josette","status":"publish","type":"event","link":"https:\/\/nouveau.maisonmallet.com\/back05_01\/?event=lalo-mali-josette","title":{"rendered":"LALO, Mali Josette"},"content":{"rendered":"<p>Le Complexe Thanatologique Mallet &amp; fils a le regret de vous annoncer le d\u00e9c\u00e8s de<\/p>\n<p>&nbsp;<\/p>\n<p>Mali Josette Lalo<\/p>\n<p>1942 \u2013 2023<\/p>\n<p>&nbsp;<\/p>\n<p>&nbsp;<\/p>\n<p>\u00c0 Qu\u00e9bec, le 23 juillet 2023, est d\u00e9c\u00e9d\u00e9e l\u2019\u00e2ge de 81 ans, madame Mali Josette Lalo \u00e9pouse de feu Louis-No\u00ebl Bellefleur et domicili\u00e9e \u00e0 La Romaine.<\/p>\n<p>Les fun\u00e9railles de madame Mali Josette Lalo auront lieu le lundi 31 juillet 2023 \u00e0 10 h en l\u2019\u00e9glise Marie-Reine-des-Indiens \u00e0 La Romaine et de l\u00e0 au cimeti\u00e8re de l\u2019endroit.<\/p>\n<p>La famille re\u00e7oit parents et amis le vendredi 28 juillet 2023 \u00e0 compter de 15 h au 2, rue Teueikan \u00e0 La Romaine.<\/p>\n<p>Elle laisse dans le deuil ses enfants\u00a0: Colette, Justine (Napol\u00e9on), Jean-Pierre (Claudette), Marcelline (Edouard), Johanne (L\u00e9opold), Marie-Charlotte, Jean-Ren\u00e9 (Lucette), David (M\u00e9lanie), Louisette et Miguel, ses petits-enfants, ses arri\u00e8re-petits-enfants, ses arri\u00e8re-arri\u00e8re-petits-enfants ainsi que ses fr\u00e8res, ses s\u0153urs, ses beaux-fr\u00e8res, ses belles-s\u0153urs, ses neveux, ses ni\u00e8ces, ses cousins, ses cousines et de nombreux ami(e)s.<\/p>\n<p>La famille a confi\u00e9 les arrangements aux services professionnels de la Maison Mallet &amp; fils du 585, boul. Laure \u00e0 Sept-\u00celes, maintenant reconnue Distinction et membre de la Corporation des Thanatologues du Qu\u00e9bec.<\/p>\n<p>Vous pouvez consulter cet avis de d\u00e9c\u00e8s, sur le <a href=\"https:\/\/nouveau.maisonmallet.com\">www.maisonmallet.com<\/a><\/p>\n<p>Ceux et celles qui le d\u00e9sirent, peuvent y envoyer des messages de sympathie.<\/p>\n<p>&nbsp;<\/p>\n<hr \/>\n<p>Envoyer vos condol\u00e9ances<\/p>\n<p>[contact-form to=\u00a0\u00bblouisette.mukutan@gmail.com\u00a0\u00bb subject=\u00a0\u00bbCondol\u00e9ances Mali Josette Lalo\u00a0\u00bb][contact-field label=\u00a0\u00bbVotre nom\u00a0\u00bb type=\u00a0\u00bbname\u00a0\u00bb required=\u00a0\u00bb1&Prime;][contact-field label=\u00a0\u00bbVotre courriel\u00a0\u00bb type=\u00a0\u00bbemail\u00a0\u00bb required=\u00a0\u00bb1&Prime;][contact-field label=\u00a0\u00bbCondol\u00e9ances\u00a0\u00bb type=\u00a0\u00bbtextarea\u00a0\u00bb][\/contact-form]<\/p>\n","protected":false},"featured_media":42124,"template":"","event_cat":[6],"class_list":["post-42122","event","type-event","status-publish","has-post-thumbnail","hentry","event_cat-maison-mallet-et-fils-inc"],"_links":{"self":[{"href":"https:\/\/nouveau.maisonmallet.com\/back05_01\/index.php?rest_route=\/wp\/v2\/event\/42122","targetHints":{"allow":["GET"]}}],"collection":[{"href":"https:\/\/nouveau.maisonmallet.com\/back05_01\/index.php?rest_route=\/wp\/v2\/event"}],"about":[{"href":"https:\/\/nouveau.maisonmallet.com\/back05_01\/index.php?rest_route=\/wp\/v2\/types\/event"}],"wp:featuredmedia":[{"embeddable":true,"href":"https:\/\/nouveau.maisonmallet.com\/back05_01\/index.php?rest_route=\/wp\/v2\/media\/42124"}],"wp:attachment":[{"href":"https:\/\/nouveau.maisonmallet.com\/back05_01\/index.php?rest_route=%2Fwp%2Fv2%2Fmedia&parent=42122"}],"wp:term":[{"taxonomy":"event_cat","embeddable":true,"href":"https:\/\/nouveau.maisonmallet.com\/back05_01\/index.php?rest_route=%2Fwp%2Fv2%2Fevent_cat&post=42122"}],"curies":[{"name":"wp","href":"https:\/\/api.w.org\/{rel}","templated":true}]}}

<p>Le Complexe Thanatologique Mallet &amp; fils a le regret de vous annoncer le décès de</p>
<p>&nbsp;</p>
<p>Mali Josette Lalo</p>
<p>1942 – 2023</p>
<p>&nbsp;</p>
<p>&nbsp;</p>
<p>À Québec, le 23 juillet 2023, est décédée l’âge de 81 ans, madame Mali Josette Lalo épouse de feu Louis-Noël Bellefleur et domiciliée à La Romaine.</p>
<p>Les funérailles de madame Mali Josette Lalo auront lieu le lundi 31 juillet 2023 à 10 h en l’église Marie-Reine-des-Indiens à La Romaine et de là au cimetière de l’endroit.</p>
<p>La famille reçoit parents et amis le vendredi 28 juillet 2023 à compter de 15 h au 2, rue Teueikan à La Romaine.</p>
<p>Elle laisse dans le deuil ses enfants : Colette, Justine (Napoléon), Jean-Pierre (Claudette), Marcelline (Edouard), Johanne (Léopold), Marie-Charlotte, Jean-René (Lucette), David (Mélanie), Louisette et Miguel, ses petits-enfants, ses arrière-petits-enfants, ses arrière-arrière-petits-enfants ainsi que ses frères, ses sœurs, ses beaux-frères, ses belles-sœurs, ses neveux, ses nièces, ses cousins, ses cousines et de nombreux ami(e)s.</p>
<p>La famille a confié les arrangements aux services professionnels de la Maison Mallet &amp; fils du 585, boul. Laure à Sept-Îles, maintenant reconnue Distinction et membre de la Corporation des Thanatologues du Québec.</p>
<p>Vous pouvez consulter cet avis de décès, sur le <a href="https://nouveau.maisonmallet.com">www.maisonmallet.com</a></p>
<p>Ceux et celles qui le désirent, peuvent y envoyer des messages de sympathie.</p>
<p>&nbsp;</p>
<hr />
<p>Envoyer vos condoléances</p>
<p>[contact-form to= »louisette.mukutan@gmail.com » subject= »Condoléances Mali Josette Lalo »][contact-field label= »Votre nom » type= »name » required= »1&Prime;][contact-field label= »Votre courriel » type= »email » required= »1&Prime;][contact-field label= »Condoléances » type= »textarea »][/contact-form]</p>
